-- https://www.phpmyadmin.net/
--
-- Hôte : 127.0.0.1
-- Généré le : dim. 23 mars 2025 à 18:58
-- Version du serveur : 10.4.32-MariaDB
-- Version de PHP : 8.2.12

START TRANSACTION;



--
-- Base de données : `st_augustin`
--

-- --------------------------------------------------------

--
-- Structure de la table `analyses`
--

CREATE TABLE `analyses` (
  `id` bigint(20) UNSIGNED NOT NULL,
  `name` varchar(255) NOT NULL,
  `amount` double(8,2) NOT NULL,
  `created_at` timestamp NULL DEFAULT NULL,
  `updated_at` timestamp NULL DEFAULT NULL,
  `company_id` int(11) DEFAULT NULL,
  `custom_id` varchar(11) DEFAULT NULL
) ENGINE=InnoDB DEFAULT CHARSET=utf8mb4 COLLATE=utf8mb4_unicode_ci;

--
-- Déchargement des données de la table `analyses`
--

INSERT INTO `analyses` (`id`, `name`, `amount`, `created_at`, `updated_at`, `company_id`, `custom_id`) VALUES
(1, 'Test', 3000.00, '2025-03-21 15:38:20', '2025-03-21 15:38:39', 66, 'RP1bl'),
(2, 'Hémogramme', 50.00, NULL, NULL, NULL, 'vDrit'),
(3, 'Taux d\'hémoglobine', 30.00, NULL, NULL, NULL, 'qhY86'),
(4, 'Hématocrite', 25.00, NULL, NULL, NULL, '1P8ak'),
(5, 'Vitesse de sédimentation (VS)', 20.00, NULL, NULL, NULL, 'EiKIA'),
(6, 'Temps de saignement (TS)', 15.00, NULL, NULL, NULL, 'SMeLe'),
(7, 'Temps de coagulation (TC)', 15.00, NULL, NULL, NULL, 'Y5YQX'),
(8, 'Temps de Quick (TP)', 35.00, NULL, NULL, NULL, '4BNKn'),
(9, 'INR', 40.00, NULL, NULL, NULL, 'LDuGP'),
(10, 'Glycémie', 30.00, NULL, NULL, NULL, 'm7RWP'),
(11, 'Cholestérol total', 40.00, NULL, NULL, NULL, 'Vtj7r'),
(12, 'LDL', 35.00, NULL, NULL, NULL, 'Il2Je'),
(13, 'HDL', 35.00, NULL, NULL, NULL, 'Yq6VM'),
(14, 'Triglycérides', 30.00, NULL, NULL, NULL, 'GSMQH'),
(15, 'Bilan rénal (urée, créatinine)', 80.00, NULL, NULL, NULL, '0UEl3'),
(16, 'Bilan hépatique', 90.00, NULL, NULL, NULL, 'CIJdb'),
(17, 'TSH', 50.00, NULL, NULL, NULL, '71Swm'),
(18, 'T3 libre', 45.00, NULL, NULL, NULL, 'gpLtz'),
(19, 'T4 libre', 45.00, NULL, NULL, NULL, 'fxAtb'),
(20, 'Hémoglobine glyquée (HbA1c)', 50.00, NULL, NULL, NULL, 'g8AdP'),
(21, 'CRP', 40.00, NULL, NULL, NULL, 'Vh74B'),
(22, 'Facteur rhumatoïde', 50.00, NULL, NULL, NULL, 'hqpgN'),
(23, 'HIV', 70.00, NULL, NULL, NULL, 'edhYQ'),
(24, 'Hépatite B', 60.00, NULL, NULL, NULL, 'C3Uhg'),
(25, 'Hépatite C', 60.00, NULL, NULL, NULL, 'zwi7h'),
(26, 'Syphilis', 55.00, NULL, NULL, NULL, '3tZk3'),
(27, 'Hémoculture', 80.00, NULL, NULL, NULL, 'bh5d6'),
(28, 'Coproculture', 50.00, NULL, NULL, NULL, 'MNRfv'),
(29, 'ECBU', 50.00, NULL, NULL, NULL, 'AQXz0'),
(30, 'PCR Covid-19', 60.00, NULL, NULL, NULL, 'VCNLZ'),
(31, 'PCR grippe A/B', 55.00, NULL, NULL, NULL, 'hjmsQ'),
(32, 'PSA', 70.00, NULL, NULL, NULL, 'Qaf8U'),
(33, 'AFP', 75.00, NULL, NULL, NULL, 'nN02Z'),
(34, 'CA 19-9', 80.00, NULL, NULL, NULL, 'tkQLv'),
(35, 'CA 125', 80.00, NULL, NULL, NULL, 'hjv9p');

-- --------------------------------------------------------

--
-- Structure de la table `cares`
--

CREATE TABLE `cares` (
  `id` bigint(20) UNSIGNED NOT NULL,
  `name` varchar(255) NOT NULL,
  `amount` double DEFAULT NULL,
  `created_at` timestamp NULL DEFAULT NULL,
  `updated_at` timestamp NULL DEFAULT NULL,
  `company_id` bigint(20) UNSIGNED DEFAULT NULL,
  `custom_id` varchar(255) DEFAULT NULL
) ENGINE=InnoDB DEFAULT CHARSET=utf8mb4 COLLATE=utf8mb4_unicode_ci;

--
-- Déchargement des données de la table `cares`
--

INSERT INTO `cares` (`id`, `name`, `amount`, `created_at`, `updated_at`, `company_id`, `custom_id`) VALUES
(1, 'Soins intensifs', 8500, '2023-11-04 20:24:41', '2023-11-04 20:24:41', NULL, '6qZiZ'),
(2, 'Soins supplémentaire', 10000, '2023-11-04 20:38:07', '2023-11-04 20:38:07', NULL, 'NRIsM'),
(3, 'Soins basique', 1000, '2023-11-04 20:48:23', '2023-11-04 20:48:23', NULL, 'ySoj6'),
(4, 'Soins simple', 1000, '2023-11-04 20:54:15', '2023-11-04 20:54:15', 11, 'dVJLN'),
(5, 'Soins', 3000, '2023-11-04 21:11:34', '2023-11-04 21:11:34', 11, 'aKRWs'),
(6, 'Soins 3', 4500, '2023-11-04 21:16:12', '2023-11-04 21:16:12', 11, '0zrj8'),
(7, 'Soins 3', 4500, '2023-11-04 21:24:26', '2023-11-04 21:24:26', 11, 'SIhf3'),
(8, 'Soins 4', 4000, '2023-11-04 21:37:56', '2023-11-04 21:37:56', 11, '3uXPi'),
(9, 'Soins 5', 5000, '2023-11-04 21:42:18', '2023-11-04 21:42:18', 11, 'ljDoZ'),
(10, 'Soins 6', 6000, '2023-11-04 22:11:32', '2023-11-04 22:11:32', 11, 'UayLf'),
(11, 'Soins 7', 7000, '2023-11-04 22:13:22', '2023-11-04 22:13:22', 11, 'b3ktx'),
(12, 'Soins 8', 8000, '2023-11-04 22:13:57', '2023-11-04 22:13:57', 11, 'GvlDm'),
(13, 'soins 9', 9000, '2023-11-04 22:56:06', '2023-11-04 22:56:06', 11, 'nMcI9'),
(14, 'Frais basique', NULL, '2023-11-06 12:24:06', '2023-11-06 12:24:06', 12, 'JsqDb'),
(15, 'Soins d\'urgence', NULL, '2023-11-06 12:24:06', '2023-11-06 12:24:06', 12, '3DsN4'),
(16, 'Analyse de laboratoire', NULL, '2023-11-06 12:24:06', '2023-11-06 12:24:06', 12, 'YuENA'),
(17, 'Radiographie', NULL, '2023-11-06 12:24:06', '2023-11-06 12:24:06', 12, 'V0iei'),
(18, 'Echographie', NULL, '2023-11-06 12:24:06', '2023-11-06 12:24:06', 12, 'qMDD7'),
(19, 'Chirurgie', NULL, '2023-11-06 12:24:06', '2023-11-06 12:24:06', 12, 'mppK0'),
(20, 'Anesthésie', NULL, '2023-11-06 12:24:06', '2023-11-06 12:24:06', 12, 'DGbzF'),
(21, 'Soins intensifs', NULL, '2023-11-06 12:24:06', '2023-11-06 12:24:06', 12, 'JEcEk'),
(22, 'Oncologie', NULL, '2023-11-06 12:24:06', '2023-11-06 12:24:06', 12, 'Uzt92'),
(23, 'Soins infirmiers', NULL, '2023-11-06 12:24:06', '2023-11-06 12:24:06', 12, 'fr9RT'),
(24, 'Examens médicaux', NULL, '2023-11-06 12:24:06', '2023-11-06 12:24:06', 12, 'Y88BV'),
(25, 'Pédiatrie', NULL, '2023-11-06 12:24:06', '2023-11-06 12:24:06', 12, 'x1WMz'),
(26, 'Gastro-entérologie', NULL, '2023-11-06 12:24:06', '2023-11-06 12:24:06', 12, 'o3OR5'),
(27, 'Néphrologie', NULL, '2023-11-06 12:24:06', '2023-11-06 12:24:06', 12, 'fI01n'),
(28, 'Pneumologie', NULL, '2023-11-06 12:24:06', '2023-11-06 12:24:06', 12, 'VRKFo'),
(29, 'Neurologie', NULL, '2023-11-06 12:24:06', '2023-11-06 12:24:06', 12, 'r1JcN'),
(30, 'Endocrinologie', NULL, '2023-11-06 12:24:06', '2023-11-06 12:24:06', 12, '0NVRq'),
(31, 'Dermatologie', NULL, '2023-11-06 12:24:06', '2023-11-06 12:24:06', 12, '1NYni'),
(32, 'Physiothérapie/rééducation', NULL, '2023-11-06 12:24:06', '2023-11-06 12:24:06', 12, 'YyABS'),
(33, 'Imagerie médicale', 5000, '2023-11-06 12:24:06', '2023-11-06 18:02:00', 12, 's0rkK'),
(34, 'Frais basique', NULL, '2023-11-06 12:36:05', '2023-11-06 12:36:05', 13, 'u2Yto'),
(35, 'Soins d\'urgence', NULL, '2023-11-06 12:36:05', '2023-11-06 12:36:05', 13, 'i53OT'),
(36, 'Analyse de laboratoire', NULL, '2023-11-06 12:36:05', '2023-11-06 12:36:05', 13, 'BdPbt'),
(37, 'Radiographie', NULL, '2023-11-06 12:36:05', '2023-11-06 12:36:05', 13, 'fBZgA'),
(38, 'Echographie', NULL, '2023-11-06 12:36:05', '2023-11-06 12:36:05', 13, 'CNwPQ'),
(39, 'Chirurgie', NULL, '2023-11-06 12:36:05', '2023-11-06 12:36:05', 13, 'zxsEX'),
(40, 'Anesthésie', NULL, '2023-11-06 12:36:05', '2023-11-06 12:36:05', 13, 'jhFUg'),
(41, 'Soins intensifs', NULL, '2023-11-06 12:36:05', '2023-11-06 12:36:05', 13, 'YYTqR'),
(42, 'Oncologie', NULL, '2023-11-06 12:36:05', '2023-11-06 12:36:05', 13, '1mkhN'),
(43, 'Soins infirmiers', NULL, '2023-11-06 12:36:05', '2023-11-06 12:36:05', 13, 'oCRNU'),
(44, 'Examens médicaux', NULL, '2023-11-06 12:36:05', '2023-11-06 12:36:05', 13, 'aJpoe'),
(45, 'Pédiatrie', NULL, '2023-11-06 12:36:05', '2023-11-06 12:36:05', 13, 'E7l24'),
(46, 'Gastro-entérologie', NULL, '2023-11-06 12:36:05', '2023-11-06 12:36:05', 13, '6pP2k'),
(47, 'Néphrologie', NULL, '2023-11-06 12:36:05', '2023-11-06 12:36:05', 13, 'Fw4Xv'),
(48, 'Pneumologie', NULL, '2023-11-06 12:36:05', '2023-11-06 12:36:05', 13, '5X6rR'),
(49, 'Neurologie', NULL, '2023-11-06 12:36:05', '2023-11-06 12:36:05', 13, 'HgUIB'),
(50, 'Endocrinologie', NULL, '2023-11-06 12:36:05', '2023-11-06 12:36:05', 13, 'psqUb'),
(51, 'Dermatologie', NULL, '2023-11-06 12:36:05', '2023-11-06 12:36:05', 13, '4UTW1'),
(52, 'Physiothérapie/rééducation', NULL, '2023-11-06 12:36:05', '2023-11-06 12:36:05', 13, 'C169G'),
(53, 'Imagerie médicale', NULL, '2023-11-06 12:36:05', '2023-11-06 12:36:05', 13, 'vSrM6'),
(54, 'Frais basique', NULL, '2023-11-06 13:24:35', '2023-11-06 13:24:35', 14, '4eESe'),
(55, 'Soins d\'urgence', NULL, '2023-11-06 13:24:35', '2023-11-06 13:24:35', 14, 'CkYKf'),
(56, 'Analyse de laboratoire', NULL, '2023-11-06 13:24:35', '2023-11-06 13:24:35', 14, 'szpJ2'),
(57, 'Radiographie', NULL, '2023-11-06 13:24:35', '2023-11-06 13:24:35', 14, 'gS64N'),
(58, 'Echographie', NULL, '2023-11-06 13:24:35', '2023-11-06 13:24:35', 14, 'UOPT2'),
(59, 'Chirurgie', NULL, '2023-11-06 13:24:35', '2023-11-06 13:24:35', 14, 'VKp9V'),
(60, 'Anesthésie', NULL, '2023-11-06 13:24:35', '2023-11-06 13:24:35', 14, 'UDQn4'),
(61, 'Soins intensifs', NULL, '2023-11-06 13:24:35', '2023-11-06 13:24:35', 14, 'BBycR'),
(62, 'Oncologie', NULL, '2023-11-06 13:24:35', '2023-11-06 13:24:35', 14, 'gWmvZ'),
(63, 'Soins infirmiers', NULL, '2023-11-06 13:24:35', '2023-11-06 13:24:35', 14, 'Ol4r7'),
(64, 'Examens médicaux', NULL, '2023-11-06 13:24:35', '2023-11-06 13:24:35', 14, 'U4QMR'),
(65, 'Pédiatrie', NULL, '2023-11-06 13:24:35', '2023-11-06 13:24:35', 14, 'gVsOo'),
(66, 'Gastro-entérologie', NULL, '2023-11-06 13:24:35', '2023-11-06 13:24:35', 14, '8zDMK'),
(67, 'Néphrologie', NULL, '2023-11-06 13:24:35', '2023-11-06 13:24:35', 14, '5imp2'),
(68, 'Pneumologie', NULL, '2023-11-06 13:24:35', '2023-11-06 13:24:35', 14, '0X9Sz'),
(69, 'Neurologie', NULL, '2023-11-06 13:24:35', '2023-11-06 13:24:35', 14, 'UtgR9'),
(70, 'Endocrinologie', NULL, '2023-11-06 13:24:35', '2023-11-06 13:24:35', 14, 'H9BI6'),
(71, 'Dermatologie', NULL, '2023-11-06 13:24:35', '2023-11-06 13:24:35', 14, '9Zy5W'),
(72, 'Physiothérapie/rééducation', NULL, '2023-11-06 13:24:35', '2023-11-06 13:24:35', 14, 'dEiNh'),
(73, 'Imagerie médicale', 5000, '2023-11-06 13:24:35', '2023-11-06 13:34:17', 14, 'adWzm'),
(74, 'Frais basique', 0, '2023-11-08 13:16:06', '2023-11-08 13:16:06', 15, 'FPb3i'),
(75, 'Soins d\'urgence', 0, '2023-11-08 13:16:06', '2023-11-08 13:16:06', 15, 'mD71t'),
(76, 'Analyse de laboratoire', 0, '2023-11-08 13:16:06', '2023-11-08 13:16:06', 15, 'JggMG'),
(77, 'Radiographie', 0, '2023-11-08 13:16:06', '2023-11-08 13:16:06', 15, 'onI8R'),
(78, 'Echographie', 0, '2023-11-08 13:16:06', '2023-11-08 13:16:06', 15, 't9QGT'),
(79, 'Chirurgie', 0, '2023-11-08 13:16:06', '2023-11-08 13:16:06', 15, 'uNtFt'),
(80, 'Anesthésie', 0, '2023-11-08 13:16:06', '2023-11-08 13:16:06', 15, 'd06YW'),
(81, 'Soins intensifs', 0, '2023-11-08 13:16:06', '2023-11-08 13:16:06', 15, 'swhma'),
(82, 'Oncologie', 0, '2023-11-08 13:16:06', '2023-11-08 13:16:06', 15, 'yiwYE'),
(83, 'Soins infirmiers', 0, '2023-11-08 13:16:06', '2023-11-08 13:16:06', 15, 'su1Q7'),
(84, 'Examens médicaux', 0, '2023-11-08 13:16:06', '2023-11-08 13:16:06', 15, 'UwI48'),
(85, 'Pédiatrie', 0, '2023-11-08 13:16:06', '2023-11-08 13:16:06', 15, '4Jgn2'),
(86, 'Gastro-entérologie', 0, '2023-11-08 13:16:06', '2023-11-08 13:16:06', 15, 'MScNX'),
(87, 'Néphrologie', 0, '2023-11-08 13:16:06', '2023-11-08 13:16:06', 15, 'Hpe6c'),
(88, 'Pneumologie', 0, '2023-11-08 13:16:06', '2023-11-08 13:16:06', 15, 'ooKuK'),
(89, 'Neurologie', 0, '2023-11-08 13:16:06', '2023-11-08 13:16:06', 15, 'Owesa'),
(90, 'Endocrinologie', 0, '2023-11-08 13:16:06', '2023-11-08 13:16:06', 15, '1EjV2'),
(91, 'Dermatologie', 0, '2023-11-08 13:16:06', '2023-11-08 13:16:06', 15, '5FkkD'),
(92, 'Physiothérapie/rééducation', 0, '2023-11-08 13:16:06', '2023-11-08 13:16:06', 15, 'ovwqq'),
(93, 'Imagerie médicale', 0, '2023-11-08 13:16:06', '2023-11-08 13:16:06', 15, 'GN0Z2'),
(94, 'Piqure', 1200, '2023-11-08 13:44:34', '2023-11-08 13:44:34', 15, 'HjNz1'),
(95, 'Frais basique', 1000, '2023-11-09 12:56:31', '2023-11-09 14:36:10', 16, '2xgbj'),
(96, 'Soins d\'urgence', 4500, '2023-11-09 12:56:31', '2023-11-16 17:26:16', 16, 'JDSyD'),
(97, 'Analyse de laboratoire', 7500, '2023-11-09 12:56:31', '2023-11-16 17:19:02', 16, 'V9GjN'),
(98, 'Radiographie', 7500, '2023-11-09 12:56:31', '2023-11-16 17:25:47', 16, 'd7etM'),
(99, 'Echographie', 5000, '2023-11-09 12:56:31', '2023-11-16 17:24:32', 16, 'ucANn'),
(100, 'Chirurgie', 85000, '2023-11-09 12:56:31', '2023-11-16 17:21:54', 16, 'YBx1B'),
(101, 'Anesthésie', 8000, '2023-11-09 12:56:31', '2023-11-16 17:21:30', 16, 'FGQ6I'),
(102, 'Soins intensifs', 9500, '2023-11-09 12:56:31', '2023-11-16 17:30:03', 16, 'ktVQk'),
(103, 'Oncologie', 4550, '2023-11-09 12:56:31', '2023-11-16 17:05:39', 16, 'DQifL'),
(104, 'Soins infirmiers', 1500, '2023-11-09 12:56:31', '2023-11-16 17:04:04', 16, 'oPBg9'),
(105, 'Examens médicaux', 19500, '2023-11-09 12:56:31', '2023-11-16 17:01:23', 16, 'Xa7S8'),
(106, 'Pédiatrie', 10500, '2023-11-09 12:56:31', '2023-11-16 17:01:02', 16, 'bW1vt'),
(107, 'Gastro-entérologie', 4500, '2023-11-09 12:56:31', '2023-11-16 17:00:44', 16, 'RScbi'),
(108, 'Néphrologie', 8500, '2023-11-09 12:56:31', '2023-11-16 17:00:27', 16, 'jzjy0'),
(109, 'Pneumologie', 14000, '2023-11-09 12:56:31', '2023-11-16 16:59:29', 16, 'tkjo1'),
(110, 'Neurologie', 15500, '2023-11-09 12:56:31', '2023-11-16 16:54:03', 16, 'Pp1uq'),
(111, 'Endocrinologie', 9750, '2023-11-09 12:56:31', '2023-11-16 16:53:46', 16, '18BkP'),
(112, 'Dermatologie', 12250, '2023-11-09 12:56:31', '2023-11-16 16:53:29', 16, 'kWBFp'),
(113, 'Physiothérapie/rééducation', 8500, '2023-11-09 12:56:31', '2023-11-16 16:53:12', 16, 'kBkfu'),
(114, 'Imagerie médicale', 7500, '2023-11-09 12:56:31', '2023-11-16 16:52:35', 16, '2z7IS'),
(115, 'Frais basique', 0, '2023-11-15 00:56:12', '2023-11-15 00:56:12', 17, 'ztNoC'),
(116, 'Soins d\'urgence', 0, '2023-11-15 00:56:12', '2023-11-15 00:56:12', 17, 'FSLTX'),
(117, 'Analyse de laboratoire', 0, '2023-11-15 00:56:12', '2023-11-15 00:56:12', 17, '2xc2u'),
(118, 'Radiographie', 0, '2023-11-15 00:56:12', '2023-11-15 00:56:12', 17, 'NnTpJ'),
(119, 'Echographie', 0, '2023-11-15 00:56:12', '2023-11-15 00:56:12', 17, 'TCAl6'),
(120, 'Chirurgie', 0, '2023-11-15 00:56:12', '2023-11-15 00:56:12', 17, 'CaeR1'),
(121, 'Anesthésie', 0, '2023-11-15 00:56:12', '2023-11-15 00:56:12', 17, 'sH6xc'),
(122, 'Soins intensifs', 0, '2023-11-15 00:56:13', '2023-11-15 00:56:13', 17, 'OxVwN'),
(123, 'Oncologie', 0, '2023-11-15 00:56:13', '2023-11-15 00:56:13', 17, 'uGVnT'),
(124, 'Soins infirmiers', 0, '2023-11-15 00:56:13', '2023-11-15 00:56:13', 17, 'kDFV0'),
(125, 'Examens médicaux', 0, '2023-11-15 00:56:13', '2023-11-15 00:56:13', 17, 'zZ6Yn'),
(126, 'Pédiatrie', 0, '2023-11-15 00:56:13', '2023-11-15 00:56:13', 17, 'Uryt2'),
(127, 'Gastro-entérologie', 0, '2023-11-15 00:56:13', '2023-11-15 00:56:13', 17, 'EltuM'),
(128, 'Néphrologie', 0, '2023-11-15 00:56:13', '2023-11-15 00:56:13', 17, 'WCyMT'),
(129, 'Pneumologie', 0, '2023-11-15 00:56:13', '2023-11-15 00:56:13', 17, 'fiOSk'),
(130, 'Neurologie', 0, '2023-11-15 00:56:13', '2023-11-15 00:56:13', 17, 'XguQf'),
(131, 'Endocrinologie', 0, '2023-11-15 00:56:13', '2023-11-15 00:56:13', 17, 'upTv2'),
(132, 'Dermatologie', 0, '2023-11-15 00:56:13', '2023-11-15 00:56:13', 17, 'xEn8e'),
(133, 'Physiothérapie/rééducation', 0, '2023-11-15 00:56:13', '2023-11-15 00:56:13', 17, '1XKcX'),
(134, 'Imagerie médicale', 0, '2023-11-15 00:56:13', '2023-11-15 00:56:13', 17, '2P7W1'),
(135, 'Soins SAMU', 25000, '2023-11-17 16:06:39', '2023-11-17 16:06:57', 16, 'hJDTE'),
(136, 'Frais supplémentaires', 2500, '2023-11-18 15:41:59', '2023-11-18 15:41:59', 16, 'QQFVi'),
(137, 'Frais basique', 0, '2023-12-05 14:52:22', '2023-12-05 14:52:22', 18, 'Fz7Sv'),
(138, 'Soins d\'urgence', 0, '2023-12-05 14:52:22', '2023-12-05 14:52:22', 18, 'P170t'),
(139, 'Analyse de laboratoire', 0, '2023-12-05 14:52:22', '2023-12-05 14:52:22', 18, 'Wog7e'),
(140, 'Radiographie', 0, '2023-12-05 14:52:22', '2023-12-05 14:52:22', 18, 'whVjD'),
(141, 'Echographie', 0, '2023-12-05 14:52:22', '2023-12-05 14:52:22', 18, 'xKRpn'),
(142, 'Chirurgie', 0, '2023-12-05 14:52:22', '2023-12-05 14:52:22', 18, 'P3OxD'),
(143, 'Anesthésie', 0, '2023-12-05 14:52:22', '2023-12-05 14:52:22', 18, 'pLUTs'),
(144, 'Soins intensifs', 0, '2023-12-05 14:52:22', '2023-12-05 14:52:22', 18, 'lf5IC'),
(145, 'Oncologie', 0, '2023-12-05 14:52:22', '2023-12-05 14:52:22', 18, 'xAFK3'),
(146, 'Soins infirmiers', 0, '2023-12-05 14:52:22', '2023-12-05 14:52:22', 18, 'awjrO'),
(147, 'Examens médicaux', 0, '2023-12-05 14:52:22', '2023-12-05 14:52:22', 18, 'Btt6u'),
(148, 'Pédiatrie', 0, '2023-12-05 14:52:22', '2023-12-05 14:52:22', 18, '5AEyp'),
(149, 'Gastro-entérologie', 0, '2023-12-05 14:52:22', '2023-12-05 14:52:22', 18, 'ffRQY'),
(150, 'Néphrologie', 0, '2023-12-05 14:52:22', '2023-12-05 14:52:22', 18, '0QgeA'),
(151, 'Pneumologie', 0, '2023-12-05 14:52:22', '2023-12-05 14:52:22', 18, 'MUdp5'),
(152, 'Neurologie', 0, '2023-12-05 14:52:22', '2023-12-05 14:52:22', 18, 'BG9mG'),
(153, 'Endocrinologie', 0, '2023-12-05 14:52:22', '2023-12-05 14:52:22', 18, 'ZYG1u'),
(154, 'Dermatologie', 0, '2023-12-05 14:52:22', '2023-12-05 14:52:22', 18, 'Nwk6g'),
(155, 'Physiothérapie/rééducation', 0, '2023-12-05 14:52:22', '2023-12-05 14:52:22', 18, 'frp9L'),
(156, 'Imagerie médicale', 0, '2023-12-05 14:52:22', '2023-12-05 14:52:22', 18, '5aWSW'),
(157, 'Frais basique', 0, '2024-03-08 14:19:34', '2024-03-08 14:19:34', 19, 'JykyO'),
(158, 'Soins d\'urgence', 0, '2024-03-08 14:19:34', '2024-03-08 14:19:34', 19, 'tnFF1'),
(159, 'Analyse de laboratoire', 0, '2024-03-08 14:19:34', '2024-03-08 14:19:34', 19, 'Hzkcj'),
(160, 'Radiographie', 0, '2024-03-08 14:19:34', '2024-03-08 14:19:34', 19, 'RzydX'),
(161, 'Echographie', 0, '2024-03-08 14:19:34', '2024-03-08 14:19:34', 19, 'k52VQ'),
(162, 'Chirurgie', 0, '2024-03-08 14:19:34', '2024-03-08 14:19:34', 19, '4xeX8'),
(163, 'Anesthésie', 0, '2024-03-08 14:19:34', '2024-03-08 14:19:34', 19, 'j7KWA'),
(164, 'Soins intensifs', 0, '2024-03-08 14:19:34', '2024-03-08 14:19:34', 19, 'D21Cn'),
(165, 'Oncologie', 0, '2024-03-08 14:19:34', '2024-03-08 14:19:34', 19, 'lOfS1'),
(166, 'Soins infirmiers', 0, '2024-03-08 14:19:34', '2024-03-08 14:19:34', 19, 'vK2X9'),
(167, 'Examens médicaux', 0, '2024-03-08 14:19:34', '2024-03-08 14:19:34', 19, 'tCAMN'),
(168, 'Pédiatrie', 0, '2024-03-08 14:19:34', '2024-03-08 14:19:34', 19, 'S6anR'),
(169, 'Gastro-entérologie', 0, '2024-03-08 14:19:34', '2024-03-08 14:19:34', 19, 'stupj'),
(170, 'Néphrologie', 0, '2024-03-08 14:19:34', '2024-03-08 14:19:34', 19, 'ifPcE'),
(171, 'Pneumologie', 0, '2024-03-08 14:19:34', '2024-03-08 14:19:34', 19, 'KoIca'),
(172, 'Neurologie', 0, '2024-03-08 14:19:34', '2024-03-08 14:19:34', 19, 'JWyTK'),
(173, 'Endocrinologie', 0, '2024-03-08 14:19:34', '2024-03-08 14:19:34', 19, 'knYtd'),
(174, 'Dermatologie', 0, '2024-03-08 14:19:34', '2024-03-08 14:19:34', 19, 'QSC0L'),
(175, 'Physiothérapie/rééducation', 0, '2024-03-08 14:19:34', '2024-03-08 14:19:34', 19, 'thjkk'),
(176, 'Imagerie médicale', 0, '2024-03-08 14:19:34', '2024-03-08 14:19:34', 19, 'uLIBO'),
(177, 'Frais basique', 0, '2024-03-29 16:38:20', '2024-03-29 16:38:20', 20, 'OGKO9'),
(178, 'Soins d\'urgence', 0, '2024-03-29 16:38:20', '2024-03-29 16:38:20', 20, '6LssP'),
(179, 'Analyse de laboratoire', 0, '2024-03-29 16:38:20', '2024-03-29 16:38:20', 20, 'd6Ts3'),
(180, 'Radiographie', 0, '2024-03-29 16:38:20', '2024-03-29 16:38:20', 20, 'gT44v'),
(181, 'Echographie', 0, '2024-03-29 16:38:20', '2024-03-29 16:38:20', 20, 'f0C7Q'),
(182, 'Chirurgie', 0, '2024-03-29 16:38:20', '2024-03-29 16:38:20', 20, 'L1odO'),
(183, 'Anesthésie', 0, '2024-03-29 16:38:20', '2024-03-29 16:38:20', 20, 'U4H6d'),
(184, 'Soins intensifs', 0, '2024-03-29 16:38:20', '2024-03-29 16:38:20', 20, 'CqD2Q'),
(185, 'Oncologie', 0, '2024-03-29 16:38:20', '2024-03-29 16:38:20', 20, 'PFXxt'),
(186, 'Soins infirmiers', 0, '2024-03-29 16:38:20', '2024-03-29 16:38:20', 20, 'JXHqC'),
(187, 'Examens médicaux', 0, '2024-03-29 16:38:20', '2024-03-29 16:38:20', 20, 'fAuDR'),
(188, 'Pédiatrie', 0, '2024-03-29 16:38:20', '2024-03-29 16:38:20', 20, 'Aiyc2'),
(189, 'Gastro-entérologie', 0, '2024-03-29 16:38:20', '2024-03-29 16:38:20', 20, '6SkU7'),
(190, 'Néphrologie', 0, '2024-03-29 16:38:20', '2024-03-29 16:38:20', 20, 'aLHXv'),
(191, 'Pneumologie', 0, '2024-03-29 16:38:20', '2024-03-29 16:38:20', 20, 'Pfdpv'),
(192, 'Neurologie', 0, '2024-03-29 16:38:20', '2024-03-29 16:38:20', 20, '7yhoU'),
(193, 'Endocrinologie', 0, '2024-03-29 16:38:20', '2024-03-29 16:38:20', 20, 'XdUYH'),
(194, 'Dermatologie', 0, '2024-03-29 16:38:20', '2024-03-29 16:38:20', 20, 'JIEas'),
(195, 'Physiothérapie/rééducation', 0, '2024-03-29 16:38:20', '2024-03-29 16:38:20', 20, 'xQCzp'),
(196, 'Imagerie médicale', 0, '2024-03-29 16:38:20', '2024-03-29 16:38:20', 20, '6Hbaq'),
(197, 'Frais basique', 0, '2024-04-03 10:55:12', '2024-04-03 10:55:12', 21, '74IzT'),
(198, 'Soins d\'urgence', 0, '2024-04-03 10:55:12', '2024-04-03 10:55:12', 21, 'Q3J1w'),
(199, 'Analyse de laboratoire', 0, '2024-04-03 10:55:12', '2024-04-03 10:55:12', 21, 'J7sfL'),
(200, 'Radiographie', 0, '2024-04-03 10:55:12', '2024-04-03 10:55:12', 21, 'XVbmO'),
(201, 'Echographie', 0, '2024-04-03 10:55:12', '2024-04-03 10:55:12', 21, 'LfJb8'),
(202, 'Chirurgie', 0, '2024-04-03 10:55:12', '2024-04-03 10:55:12', 21, 'SNcgi'),
(203, 'Anesthésie', 0, '2024-04-03 10:55:12', '2024-04-03 10:55:12', 21, 'cLWO2'),
(204, 'Soins intensifs', 0, '2024-04-03 10:55:12', '2024-04-03 10:55:12', 21, 'ZXLcd'),
(205, 'Oncologie', 0, '2024-04-03 10:55:12', '2024-04-03 10:55:12', 21, 'dbM3S'),
(206, 'Soins infirmiers', 0, '2024-04-03 10:55:12', '2024-04-03 10:55:12', 21, 'fxbaJ'),
(207, 'Examens médicaux', 0, '2024-04-03 10:55:12', '2024-04-03 10:55:12', 21, 'i5j5u'),
(208, 'Pédiatrie', 0, '2024-04-03 10:55:12', '2024-04-03 10:55:12', 21, '99lTm'),
(209, 'Gastro-entérologie', 0, '2024-04-03 10:55:12', '2024-04-03 10:55:12', 21, 'pQjRF'),
(210, 'Néphrologie', 0, '2024-04-03 10:55:12', '2024-04-03 10:55:12', 21, 'PJlsh'),
(211, 'Pneumologie', 0, '2024-04-03 10:55:12', '2024-04-03 10:55:12', 21, 'Yjtv2'),
(212, 'Neurologie', 0, '2024-04-03 10:55:12', '2024-04-03 10:55:12', 21, 'gFIqX'),
(213, 'Endocrinologie', 0, '2024-04-03 10:55:12', '2024-04-03 10:55:12', 21, 'JeV6C'),
(214, 'Dermatologie', 0, '2024-04-03 10:55:12', '2024-04-03 10:55:12', 21, 'ISzzS'),
(215, 'Physiothérapie/rééducation', 0, '2024-04-03 10:55:12', '2024-04-03 10:55:12', 21, '3Eox8'),
(216, 'Imagerie médicale', 0, '2024-04-03 10:55:12', '2024-04-03 10:55:12', 21, '7LAPR'),
(217, 'Frais basique', 0, '2024-05-02 09:11:18', '2024-05-02 09:11:18', 22, 'nFD9o'),
(218, 'Soins d\'urgence', 0, '2024-05-02 09:11:18', '2024-05-02 09:11:18', 22, 'PHe6p'),
(219, 'Analyse de laboratoire', 0, '2024-05-02 09:11:18', '2024-05-02 09:11:18', 22, 'wHzTf'),
(220, 'Radiographie', 0, '2024-05-02 09:11:18', '2024-05-02 09:11:18', 22, '21omP'),
(221, 'Echographie', 0, '2024-05-02 09:11:18', '2024-05-02 09:11:18', 22, 'BGica'),
(222, 'Chirurgie', 0, '2024-05-02 09:11:18', '2024-05-02 09:11:18', 22, 'PkagQ'),
(223, 'Anesthésie', 0, '2024-05-02 09:11:18', '2024-05-02 09:11:18', 22, '7jI7O'),
(224, 'Soins intensifs', 0, '2024-05-02 09:11:18', '2024-05-02 09:11:18', 22, 'ulayt'),
(225, 'Oncologie', 0, '2024-05-02 09:11:18', '2024-05-02 09:11:18', 22, 'ymKqM'),
(226, 'Soins infirmiers', 0, '2024-05-02 09:11:18', '2024-05-02 09:11:18', 22, 'slC4C'),
(227, 'Examens médicaux', 0, '2024-05-02 09:11:18', '2024-05-02 09:11:18', 22, '9M5gK'),
(228, 'Pédiatrie', 0, '2024-05-02 09:11:18', '2024-05-02 09:11:18', 22, 's3My0'),
(229, 'Gastro-entérologie', 0, '2024-05-02 09:11:18', '2024-05-02 09:11:18', 22, 'umb2k'),
(230, 'Néphrologie', 0, '2024-05-02 09:11:18', '2024-05-02 09:11:18', 22, 'wUgmA'),
(231, 'Pneumologie', 0, '2024-05-02 09:11:18', '2024-05-02 09:11:18', 22, '52pWj'),
(232, 'Neurologie', 0, '2024-05-02 09:11:18', '2024-05-02 09:11:18', 22, '2tU2u'),
(233, 'Endocrinologie', 0, '2024-05-02 09:11:18', '2024-05-02 09:11:18', 22, 'SjXJu'),
(234, 'Dermatologie', 0, '2024-05-02 09:11:18', '2024-05-02 09:11:18', 22, '1ttxB'),
(235, 'Physiothérapie/rééducation', 0, '2024-05-02 09:11:18', '2024-05-02 09:11:18', 22, 'MB4uk'),
(236, 'Imagerie médicale', 0, '2024-05-02 09:11:18', '2024-05-02 09:11:18', 22, 'hXHRN'),
(237, 'Frais basique', 0, '2024-05-02 11:00:57', '2024-05-02 11:00:57', 23, 'QZChY'),
(238, 'Soins d\'urgence', 0, '2024-05-02 11:00:57', '2024-05-02 11:00:57', 23, 'kRVZd'),
(239, 'Analyse de laboratoire', 0, '2024-05-02 11:00:57', '2024-05-02 11:00:57', 23, 'UYLwI'),
(240, 'Radiographie', 0, '2024-05-02 11:00:57', '2024-05-02 11:00:57', 23, 's9nRA'),
(241, 'Echographie', 0, '2024-05-02 11:00:57', '2024-05-02 11:00:57', 23, 'UqGNd'),
(242, 'Chirurgie', 0, '2024-05-02 11:00:57', '2024-05-02 11:00:57', 23, 'SNay3'),
(243, 'Anesthésie', 0, '2024-05-02 11:00:57', '2024-05-02 11:00:57', 23, 'cAQlm'),
(244, 'Soins intensifs', 0, '2024-05-02 11:00:57', '2024-05-02 11:00:57', 23, 'z1IAk'),
(245, 'Oncologie', 0, '2024-05-02 11:00:57', '2024-05-02 11:00:57', 23, 'cagxB'),
(246, 'Soins infirmiers', 0, '2024-05-02 11:00:57', '2024-05-02 11:00:57', 23, 'JAe9G'),
(247, 'Examens médicaux', 0, '2024-05-02 11:00:57', '2024-05-02 11:00:57', 23, '7XRMC'),
(248, 'Pédiatrie', 0, '2024-05-02 11:00:57', '2024-05-02 11:00:57', 23, 'PxSyd'),
(249, 'Gastro-entérologie', 0, '2024-05-02 11:00:57', '2024-05-02 11:00:57', 23, 'aXnMw'),
(250, 'Néphrologie', 0, '2024-05-02 11:00:57', '2024-05-02 11:00:57', 23, 'H1cld'),
(251, 'Pneumologie', 0, '2024-05-02 11:00:57', '2024-05-02 11:00:57', 23, 'IaJ8J'),
(252, 'Neurologie', 0, '2024-05-02 11:00:57', '2024-05-02 11:00:57', 23, 'fqyuH'),
(253, 'Endocrinologie', 0, '2024-05-02 11:00:57', '2024-05-02 11:00:57', 23, 'nlgMa'),
(254, 'Dermatologie', 0, '2024-05-02 11:00:57', '2024-05-02 11:00:57', 23, 'VDvO7'),
(255, 'Physiothérapie/rééducation', 0, '2024-05-02 11:00:57', '2024-05-02 11:00:57', 23, '8FNUN'),
(256, 'Imagerie médicale', 0, '2024-05-02 11:00:57', '2024-05-02 11:00:57', 23, '38ouD'),
(257, 'Frais basique', 0, '2024-07-02 06:49:13', '2024-07-02 06:49:13', 24, 'fWrdh'),
(258, 'Soins d\'urgence', 0, '2024-07-02 06:49:13', '2024-07-02 06:49:13', 24, 'FsFIZ'),
(259, 'Analyse de laboratoire', 0, '2024-07-02 06:49:13', '2024-07-02 06:49:13', 24, 'l7rvc'),
(260, 'Radiographie', 0, '2024-07-02 06:49:13', '2024-07-02 06:49:13', 24, 'Uxohj'),
(261, 'Echographie', 0, '2024-07-02 06:49:13', '2024-07-02 06:49:13', 24, 'tPAgU'),
(262, 'Chirurgie', 0, '2024-07-02 06:49:13', '2024-07-02 06:49:13', 24, 'ASTs6'),
(263, 'Anesthésie', 0, '2024-07-02 06:49:13', '2024-07-02 06:49:13', 24, 'D1eRD'),
(264, 'Soins intensifs', 0, '2024-07-02 06:49:13', '2024-07-02 06:49:13', 24, 'g8Gxz'),
(265, 'Oncologie', 0, '2024-07-02 06:49:13', '2024-07-02 06:49:13', 24, '1mjOQ'),
(266, 'Soins infirmiers', 0, '2024-07-02 06:49:13', '2024-07-02 06:49:13', 24, 'sqBp6'),
(267, 'Examens médicaux', 0, '2024-07-02 06:49:13', '2024-07-02 06:49:13', 24, '5jpI0'),
(268, 'Pédiatrie', 0, '2024-07-02 06:49:13', '2024-07-02 06:49:13', 24, 'nGkyy'),
(269, 'Gastro-entérologie', 0, '2024-07-02 06:49:13', '2024-07-02 06:49:13', 24, '7jtRQ'),
(270, 'Néphrologie', 0, '2024-07-02 06:49:13', '2024-07-02 06:49:13', 24, 'ZnrkY'),
(271, 'Pneumologie', 0, '2024-07-02 06:49:13', '2024-07-02 06:49:13', 24, 'oDERp'),
(272, 'Neurologie', 0, '2024-07-02 06:49:13', '2024-07-02 06:49:13', 24, 's2uC9'),
(273, 'Endocrinologie', 0, '2024-07-02 06:49:13', '2024-07-02 06:49:13', 24, '2tNmM'),
(274, 'Dermatologie', 0, '2024-07-02 06:49:13', '2024-07-02 06:49:13', 24, 'dityQ'),
(275, 'Physiothérapie/rééducation', 0, '2024-07-02 06:49:13', '2024-07-02 06:49:13', 24, 'ODLne'),
(276, 'Imagerie médicale', 0, '2024-07-02 06:49:13', '2024-07-02 06:49:13', 24, 'yxwuI'),
(277, 'Frais basique', 0, '2024-07-02 15:03:10', '2024-07-02 15:03:10', 25, 'Fii56'),
(278, 'Soins d\'urgence', 0, '2024-07-02 15:03:10', '2024-07-02 15:03:10', 25, '55YrE'),
(279, 'Analyse de laboratoire', 0, '2024-07-02 15:03:10', '2024-07-02 15:03:10', 25, 'IfqI2'),
(280, 'Radiographie', 0, '2024-07-02 15:03:10', '2024-07-02 15:03:10', 25, 'LXIpr'),
(281, 'Echographie', 0, '2024-07-02 15:03:10', '2024-07-02 15:03:10', 25, 'UnUza'),
(282, 'Chirurgie', 0, '2024-07-02 15:03:10', '2024-07-02 15:03:10', 25, 'ztSD2'),
(283, 'Anesthésie', 0, '2024-07-02 15:03:10', '2024-07-02 15:03:10', 25, 'aYlEJ'),
(284, 'Soins intensifs', 0, '2024-07-02 15:03:10', '2024-07-02 15:03:10', 25, 'FDpCn'),
(285, 'Oncologie', 0, '2024-07-02 15:03:10', '2024-07-02 15:03:10', 25, 'Nyhxz'),
(286, 'Soins infirmiers', 0, '2024-07-02 15:03:10', '2024-07-02 15:03:10', 25, 'DhNpV'),
(287, 'Examens médicaux', 0, '2024-07-02 15:03:10', '2024-07-02 15:03:10', 25, 'euxlm'),
(288, 'Pédiatrie', 0, '2024-07-02 15:03:10', '2024-07-02 15:03:10', 25, '3CMDk'),
(289, 'Gastro-entérologie', 0, '2024-07-02 15:03:10', '2024-07-02 15:03:10', 25, 'EpRdL'),
(290, 'Néphrologie', 0, '2024-07-02 15:03:10', '2024-07-02 15:03:10', 25, '0lLkJ'),
(291, 'Pneumologie', 0, '2024-07-02 15:03:10', '2024-07-02 15:03:10', 25, '01C9Y'),
(292, 'Neurologie', 0, '2024-07-02 15:03:10', '2024-07-02 15:03:10', 25, '1EGB1'),
(293, 'Endocrinologie', 0, '2024-07-02 15:03:10', '2024-07-02 15:03:10', 25, '9qfce'),
(294, 'Dermatologie', 0, '2024-07-02 15:03:10', '2024-07-02 15:03:10', 25, 'pvcQW'),
(295, 'Physiothérapie/rééducation', 0, '2024-07-02 15:03:10', '2024-07-02 15:03:10', 25, 'fg9i3'),
(296, 'Imagerie médicale', 0, '2024-07-02 15:03:10', '2024-07-02 15:03:10', 25, 'cBn9d'),
(297, 'Frais basique', 0, '2024-07-03 13:19:14', '2024-07-03 13:19:14', 26, 'tf4uX'),
(298, 'Soins d\'urgence', 0, '2024-07-03 13:19:14', '2024-07-03 13:19:14', 26, 'O2kEx'),
(299, 'Analyse de laboratoire', 0, '2024-07-03 13:19:14', '2024-07-03 13:19:14', 26, 'bdyVH'),
(300, 'Radiographie', 0, '2024-07-03 13:19:14', '2024-07-03 13:19:14', 26, 'k1Tym'),
(301, 'Echographie', 0, '2024-07-03 13:19:14', '2024-07-03 13:19:14', 26, '9hQOC'),
(302, 'Chirurgie', 0, '2024-07-03 13:19:14', '2024-07-03 13:19:14', 26, 'e5uKw'),
(303, 'Anesthésie', 0, '2024-07-03 13:19:14', '2024-07-03 13:19:14', 26, 'OFxfV'),
(304, 'Soins intensifs', 0, '2024-07-03 13:19:14', '2024-07-03 13:19:14', 26, 'dhSBF'),
(305, 'Oncologie', 0, '2024-07-03 13:19:14', '2024-07-03 13:19:14', 26, 'RU3Nx'),
(306, 'Soins infirmiers', 0, '2024-07-03 13:19:14', '2024-07-03 13:19:14', 26, '8oPtI'),
(307, 'Examens médicaux', 0, '2024-07-03 13:19:14', '2024-07-03 13:19:14', 26, 'QNATF'),
(308, 'Pédiatrie', 0, '2024-07-03 13:19:14', '2024-07-03 13:19:14', 26, 'qKPde'),
(309, 'Gastro-entérologie', 0, '2024-07-03 13:19:14', '2024-07-03 13:19:14', 26, 'gl0lG'),
(310, 'Néphrologie', 0, '2024-07-03 13:19:14', '2024-07-03 13:19:14', 26, 'UFRHU'),
(311, 'Pneumologie', 0, '2024-07-03 13:19:14', '2024-07-03 13:19:14', 26, 'iDsMt'),
(312, 'Neurologie', 0, '2024-07-03 13:19:14', '2024-07-03 13:19:14', 26, 'PdlF2'),
(313, 'Endocrinologie', 0, '2024-07-03 13:19:14', '2024-07-03 13:19:14', 26, 'kiXn6'),
(314, 'Dermatologie', 0, '2024-07-03 13:19:14', '2024-07-03 13:19:14', 26, 'FW7UO'),
(315, 'Physiothérapie/rééducation', 0, '2024-07-03 13:19:14', '2024-07-03 13:19:14', 26, 'wx683'),
(316, 'Imagerie médicale', 0, '2024-07-03 13:19:14', '2024-07-03 13:19:14', 26, 'iZk1Y'),
(317, 'Frais basique', 0, '2024-07-03 13:36:11', '2024-07-03 13:36:11', 27, '3ANp4'),
(318, 'Soins d\'urgence', 0, '2024-07-03 13:36:11', '2024-07-03 13:36:11', 27, 'GwKq5'),
(319, 'Analyse de laboratoire', 0, '2024-07-03 13:36:11', '2024-07-03 13:36:11', 27, 'eUfip'),
(320, 'Radiographie', 0, '2024-07-03 13:36:11', '2024-07-03 13:36:11', 27, '89ZWR'),
(321, 'Echographie', 0, '2024-07-03 13:36:11', '2024-07-03 13:36:11', 27, '00JH9'),
(322, 'Chirurgie', 0, '2024-07-03 13:36:11', '2024-07-03 13:36:11', 27, 'B2Zmo'),
(323, 'Anesthésie', 0, '2024-07-03 13:36:11', '2024-07-03 13:36:11', 27, 'qYaWf'),
(324, 'Soins intensifs', 0, '2024-07-03 13:36:11', '2024-07-03 13:36:11', 27, 'kgMPf'),
(325, 'Oncologie', 0, '2024-07-03 13:36:11', '2024-07-03 13:36:11', 27, 'eTHOx'),
(326, 'Soins infirmiers', 0, '2024-07-03 13:36:11', '2024-07-03 13:36:11', 27, '0Bzeb'),
(327, 'Examens médicaux', 0, '2024-07-03 13:36:11', '2024-07-03 13:36:11', 27, 'KgOat'),
(328, 'Pédiatrie', 0, '2024-07-03 13:36:11', '2024-07-03 13:36:11', 27, 'g81ys'),
(329, 'Gastro-entérologie', 0, '2024-07-03 13:36:11', '2024-07-03 13:36:11', 27, 'nFWRa'),
(330, 'Néphrologie', 0, '2024-07-03 13:36:11', '2024-07-03 13:36:11', 27, 'iXcjm'),
(331, 'Pneumologie', 0, '2024-07-03 13:36:11', '2024-07-03 13:36:11', 27, 'QsDS0'),
(332, 'Neurologie', 0, '2024-07-03 13:36:11', '2024-07-03 13:36:11', 27, 'qN2mo'),
(333, 'Endocrinologie', 0, '2024-07-03 13:36:11', '2024-07-03 13:36:11', 27, '0567P'),
(334, 'Dermatologie', 0, '2024-07-03 13:36:11', '2024-07-03 13:36:11', 27, 'vfeSa'),
(335, 'Physiothérapie/rééducation', 0, '2024-07-03 13:36:11', '2024-07-03 13:36:11', 27, 'cHXEe'),
(336, 'Imagerie médicale', 0, '2024-07-03 13:36:11', '2024-07-03 13:36:11', 27, '0F2zu'),
(337, 'Frais basique', 0, '2024-07-03 13:45:06', '2024-07-03 13:45:06', 28, 'FU4YF'),
(338, 'Soins d\'urgence', 0, '2024-07-03 13:45:06', '2024-07-03 13:45:06', 28, '5CV6l'),
(339, 'Analyse de laboratoire', 0, '2024-07-03 13:45:06', '2024-07-03 13:45:06', 28, 'yCS18'),
(340, 'Radiographie', 0, '2024-07-03 13:45:06', '2024-07-03 13:45:06', 28, 'DJuTT'),
(341, 'Echographie', 0, '2024-07-03 13:45:06', '2024-07-03 13:45:06', 28, 'oHsQh'),
(342, 'Chirurgie', 0, '2024-07-03 13:45:06', '2024-07-03 13:45:06', 28, 'eiYJY'),
(343, 'Anesthésie', 0, '2024-07-03 13:45:06', '2024-07-03 13:45:06', 28, 'do29p'),
(344, 'Soins intensifs', 0, '2024-07-03 13:45:06', '2024-07-03 13:45:06', 28, 'pwvXS'),
(345, 'Oncologie', 0, '2024-07-03 13:45:06', '2024-07-03 13:45:06', 28, 'Iefkp'),
(346, 'Soins infirmiers', 0, '2024-07-03 13:45:06', '2024-07-03 13:45:06', 28, 'TNwYJ'),
(347, 'Examens médicaux', 0, '2024-07-03 13:45:06', '2024-07-03 13:45:06', 28, '7fXxa'),
(348, 'Pédiatrie', 0, '2024-07-03 13:45:06', '2024-07-03 13:45:06', 28, 'hokL6'),
(349, 'Gastro-entérologie', 0, '2024-07-03 13:45:06', '2024-07-03 13:45:06', 28, 'v6ARn'),
(350, 'Néphrologie', 0, '2024-07-03 13:45:06', '2024-07-03 13:45:06', 28, 'zU8PZ'),
(351, 'Pneumologie', 0, '2024-07-03 13:45:06', '2024-07-03 13:45:06', 28, 'TPsji'),
(352, 'Neurologie', 0, '2024-07-03 13:45:06', '2024-07-03 13:45:06', 28, '59740'),
(353, 'Endocrinologie', 0, '2024-07-03 13:45:06', '2024-07-03 13:45:06', 28, 'ndmMe'),
(354, 'Dermatologie', 0, '2024-07-03 13:45:06', '2024-07-03 13:45:06', 28, '5hj7e'),
(355, 'Physiothérapie/rééducation', 0, '2024-07-03 13:45:06', '2024-07-03 13:45:06', 28, 'Jm7Yb'),
(356, 'Imagerie médicale', 0, '2024-07-03 13:45:06', '2024-07-03 13:45:06', 28, 'gpKo9'),
(357, 'Frais basique', 0, '2024-07-03 14:05:22', '2024-07-03 14:05:22', 29, 'o4FTR'),
(358, 'Soins d\'urgence', 0, '2024-07-03 14:05:22', '2024-07-03 14:05:22', 29, 'wsiho'),
(359, 'Analyse de laboratoire', 0, '2024-07-03 14:05:22', '2024-07-03 14:05:22', 29, 'FNtvo'),
(360, 'Radiographie', 0, '2024-07-03 14:05:22', '2024-07-03 14:05:22', 29, '5ZxqS'),
(361, 'Echographie', 0, '2024-07-03 14:05:22', '2024-07-03 14:05:22', 29, 'HzY1d'),
(362, 'Chirurgie', 0, '2024-07-03 14:05:22', '2024-07-03 14:05:22', 29, 'gBkWO'),
(363, 'Anesthésie', 0, '2024-07-03 14:05:22', '2024-07-03 14:05:22', 29, 'LH6e0'),
(364, 'Soins intensifs', 0, '2024-07-03 14:05:22', '2024-07-03 14:05:22', 29, 'MlYgf'),
(365, 'Oncologie', 0, '2024-07-03 14:05:22', '2024-07-03 14:05:22', 29, 'iHSN1'),
(366, 'Soins infirmiers', 0, '2024-07-03 14:05:22', '2024-07-03 14:05:22', 29, '7xRAZ'),
(367, 'Examens médicaux', 0, '2024-07-03 14:05:22', '2024-07-03 14:05:22', 29, 'BeYuP'),
(368, 'Pédiatrie', 0, '2024-07-03 14:05:22', '2024-07-03 14:05:22', 29, 'FQUmE'),
(369, 'Gastro-entérologie', 0, '2024-07-03 14:05:22', '2024-07-03 14:05:22', 29, '26Tla'),
(370, 'Néphrologie', 0, '2024-07-03 14:05:22', '2024-07-03 14:05:22', 29, 'yR5CB'),
(371, 'Pneumologie', 0, '2024-07-03 14:05:22', '2024-07-03 14:05:22', 29, 'AuBAk'),
(372, 'Neurologie', 0, '2024-07-03 14:05:22', '2024-07-03 14:05:22', 29, 'ZPN2M'),
(373, 'Endocrinologie', 0, '2024-07-03 14:05:22', '2024-07-03 14:05:22', 29, 'Ta7Df'),
(374, 'Dermatologie', 0, '2024-07-03 14:05:22', '2024-07-03 14:05:22', 29, 'eOY5J'),
(375, 'Physiothérapie/rééducation', 0, '2024-07-03 14:05:22', '2024-07-03 14:05:22', 29, 'jmK0P'),
(376, 'Imagerie médicale', 0, '2024-07-03 14:05:22', '2024-07-03 14:05:22', 29, 'RQhUl'),
(377, 'Frais basique', 0, '2024-07-03 14:25:22', '2024-07-03 14:25:22', 30, 'O6ttI'),
(378, 'Soins d\'urgence', 0, '2024-07-03 14:25:22', '2024-07-03 14:25:22', 30, 'ULTtG'),
(379, 'Analyse de laboratoire', 0, '2024-07-03 14:25:22', '2024-07-03 14:25:22', 30, 'TBs7q'),
(380, 'Radiographie', 0, '2024-07-03 14:25:22', '2024-07-03 14:25:22', 30, 'nclwp'),
(381, 'Echographie', 0, '2024-07-03 14:25:22', '2024-07-03 14:25:22', 30, 'mqqEe'),
(382, 'Chirurgie', 0, '2024-07-03 14:25:22', '2024-07-03 14:25:22', 30, '6EWd8'),
(383, 'Anesthésie', 0, '2024-07-03 14:25:22', '2024-07-03 14:25:22', 30, 'As9xz'),
(384, 'Soins intensifs', 0, '2024-07-03 14:25:22', '2024-07-03 14:25:22', 30, 'L9s9c'),
(385, 'Oncologie', 0, '2024-07-03 14:25:22', '2024-07-03 14:25:22', 30, 'AyvXd'),
(386, 'Soins infirmiers', 0, '2024-07-03 14:25:22', '2024-07-03 14:25:22', 30, '1wAMz'),
(387, 'Examens médicaux', 0, '2024-07-03 14:25:22', '2024-07-03 14:25:22', 30, '4afll'),
(388, 'Pédiatrie', 0, '2024-07-03 14:25:22', '2024-07-03 14:25:22', 30, 'i0e4Z'),
(389, 'Gastro-entérologie', 0, '2024-07-03 14:25:22', '2024-07-03 14:25:22', 30, '0vkM3'),
(390, 'Néphrologie', 0, '2024-07-03 14:25:22', '2024-07-03 14:25:22', 30, 'izdMD'),
(391, 'Pneumologie', 0, '2024-07-03 14:25:22', '2024-07-03 14:25:22', 30, 'Zjf16'),
(392, 'Neurologie', 0, '2024-07-03 14:25:22', '2024-07-03 14:25:22', 30, 'dg68A'),
(393, 'Endocrinologie', 0, '2024-07-03 14:25:22', '2024-07-03 14:25:22', 30, '6wJHL'),
(394, 'Dermatologie', 0, '2024-07-03 14:25:22', '2024-07-03 14:25:22', 30, 'gNAuf'),
(395, 'Physiothérapie/rééducation', 0, '2024-07-03 14:25:22', '2024-07-03 14:25:22', 30, 'BB2nO'),
(396, 'Imagerie médicale', 0, '2024-07-03 14:25:22', '2024-07-03 14:25:22', 30, 'VBh3v'),
(397, 'Frais basique', 0, '2024-07-03 14:54:33', '2024-07-03 14:54:33', 31, 'xByBq'),
(398, 'Soins d\'urgence', 0, '2024-07-03 14:54:33', '2024-07-03 14:54:33', 31, 'HrWTU'),
(399, 'Analyse de laboratoire', 0, '2024-07-03 14:54:33', '2024-07-03 14:54:33', 31, 'TbluP'),
(400, 'Radiographie', 0, '2024-07-03 14:54:33', '2024-07-03 14:54:33', 31, 'PWqbM'),
(401, 'Echographie', 0, '2024-07-03 14:54:33', '2024-07-03 14:54:33', 31, 'lfScj'),
(402, 'Chirurgie', 0, '2024-07-03 14:54:33', '2024-07-03 14:54:33', 31, 'v3v68'),
(403, 'Anesthésie', 0, '2024-07-03 14:54:33', '2024-07-03 14:54:33', 31, 'mW6Oz'),
(404, 'Soins intensifs', 0, '2024-07-03 14:54:33', '2024-07-03 14:54:33', 31, 'P7x4c'),
(405, 'Oncologie', 0, '2024-07-03 14:54:33', '2024-07-03 14:54:33', 31, '3ROry'),
(406, 'Soins infirmiers', 0, '2024-07-03 14:54:33', '2024-07-03 14:54:33', 31, 'zSalW'),
(407, 'Examens médicaux', 0, '2024-07-03 14:54:33', '2024-07-03 14:54:33', 31, 'xrhgN'),
(408, 'Pédiatrie', 0, '2024-07-03 14:54:33', '2024-07-03 14:54:33', 31, 'O4rR7'),
(409, 'Gastro-entérologie', 0, '2024-07-03 14:54:33', '2024-07-03 14:54:33', 31, 'ebUmA'),
(410, 'Néphrologie', 0, '2024-07-03 14:54:33', '2024-07-03 14:54:33', 31, '7g3Sn'),
(411, 'Pneumologie', 0, '2024-07-03 14:54:33', '2024-07-03 14:54:33', 31, '6oFC7'),
(412, 'Neurologie', 0, '2024-07-03 14:54:33', '2024-07-03 14:54:33', 31, 'Y2Gs0'),
(413, 'Endocrinologie', 0, '2024-07-03 14:54:33', '2024-07-03 14:54:33', 31, 'uLwOZ'),
(414, 'Dermatologie', 0, '2024-07-03 14:54:33', '2024-07-03 14:54:33', 31, '4qCn4'),
(415, 'Physiothérapie/rééducation', 0, '2024-07-03 14:54:33', '2024-07-03 14:54:33', 31, 'B02c8'),
(416, 'Imagerie médicale', 0, '2024-07-03 14:54:33', '2024-07-03 14:54:33', 31, 'Y6F8M'),
(417, 'Frais basique', 0, '2024-07-03 16:24:27', '2024-07-03 16:24:27', 32, '7Kuss'),
(418, 'Soins d\'urgence', 0, '2024-07-03 16:24:27', '2024-07-03 16:24:27', 32, 'Ho9m3'),
(419, 'Analyse de laboratoire', 0, '2024-07-03 16:24:27', '2024-07-03 16:24:27', 32, '6xu3P'),
(420, 'Radiographie', 0, '2024-07-03 16:24:27', '2024-07-03 16:24:27', 32, 'oiloa'),
(421, 'Echographie', 0, '2024-07-03 16:24:27', '2024-07-03 16:24:27', 32, 'm4uv6'),
(422, 'Chirurgie', 0, '2024-07-03 16:24:27', '2024-07-03 16:24:27', 32, 'BdC5S'),
(423, 'Anesthésie', 0, '2024-07-03 16:24:27', '2024-07-03 16:24:27', 32, 'Bd76j'),
(424, 'Soins intensifs', 0, '2024-07-03 16:24:27', '2024-07-03 16:24:27', 32, 'LzeQ4'),
(425, 'Oncologie', 0, '2024-07-03 16:24:27', '2024-07-03 16:24:27', 32, 'JFOSY'),
(426, 'Soins infirmiers', 0, '2024-07-03 16:24:27', '2024-07-03 16:24:27', 32, 'BWytB'),
(427, 'Examens médicaux', 0, '2024-07-03 16:24:27', '2024-07-03 16:24:27', 32, 'bXgjG'),
(428, 'Pédiatrie', 0, '2024-07-03 16:24:27', '2024-07-03 16:24:27', 32, '6zpuK'),
(429, 'Gastro-entérologie', 0, '2024-07-03 16:24:27', '2024-07-03 16:24:27', 32, 'So60F'),
(430, 'Néphrologie', 0, '2024-07-03 16:24:27', '2024-07-03 16:24:27', 32, 'fKXnN'),
(431, 'Pneumologie', 0, '2024-07-03 16:24:27', '2024-07-03 16:24:27', 32, 'rGWCm'),
(432, 'Neurologie', 0, '2024-07-03 16:24:27', '2024-07-03 16:24:27', 32, '5I3Hb'),
(433, 'Endocrinologie', 0, '2024-07-03 16:24:27', '2024-07-03 16:24:27', 32, 'ydznb'),
(434, 'Dermatologie', 0, '2024-07-03 16:24:27', '2024-07-03 16:24:27', 32, 'qoWtD'),
(435, 'Physiothérapie/rééducation', 0, '2024-07-03 16:24:27', '2024-07-03 16:24:27', 32, 'furnk'),
(436, 'Imagerie médicale', 0, '2024-07-03 16:24:27', '2024-07-03 16:24:27', 32, 'YUnhP'),
(437, 'Frais basique', 0, '2024-07-03 16:31:56', '2024-07-03 16:31:56', 33, 'XtbCB'),
(438, 'Soins d\'urgence', 0, '2024-07-03 16:31:56', '2024-07-03 16:31:56', 33, 'FDfhI'),
(439, 'Analyse de laboratoire', 0, '2024-07-03 16:31:56', '2024-07-03 16:31:56', 33, 'lypMV'),
(440, 'Radiographie', 0, '2024-07-03 16:31:56', '2024-07-03 16:31:56', 33, 'Kli53'),
(441, 'Echographie', 0, '2024-07-03 16:31:56', '2024-07-03 16:31:56', 33, 'fCjhk'),
(442, 'Chirurgie', 0, '2024-07-03 16:31:56', '2024-07-03 16:31:56', 33, 'Hc8iR'),
(443, 'Anesthésie', 0, '2024-07-03 16:31:56', '2024-07-03 16:31:56', 33, '0G6Ar'),
(444, 'Soins intensifs', 0, '2024-07-03 16:31:56', '2024-07-03 16:31:56', 33, 'vVDW4'),
(445, 'Oncologie', 0, '2024-07-03 16:31:56', '2024-07-03 16:31:56', 33, 'YZhNC'),
(446, 'Soins infirmiers', 0, '2024-07-03 16:31:56', '2024-07-03 16:31:56', 33, 'GQJdy'),
(447, 'Examens médicaux', 0, '2024-07-03 16:31:56', '2024-07-03 16:31:56', 33, 'pLTv0'),
(448, 'Pédiatrie', 0, '2024-07-03 16:31:56', '2024-07-03 16:31:56', 33, 'pPsSX'),
(449, 'Gastro-entérologie', 0, '2024-07-03 16:31:56', '2024-07-03 16:31:56', 33, 'byaJO'),
(450, 'Néphrologie', 0, '2024-07-03 16:31:56', '2024-07-03 16:31:56', 33, 'UbDOP'),
(451, 'Pneumologie', 0, '2024-07-03 16:31:56', '2024-07-03 16:31:56', 33, 'ugbyD'),
(452, 'Neurologie', 0, '2024-07-03 16:31:56', '2024-07-03 16:31:56', 33, 'Q37Kc'),
(453, 'Endocrinologie', 0, '2024-07-03 16:31:56', '2024-07-03 16:31:56', 33, 'YsYTA'),
(454, 'Dermatologie', 0, '2024-07-03 16:31:56', '2024-07-03 16:31:56', 33, 'xIodQ'),
(455, 'Physiothérapie/rééducation', 0, '2024-07-03 16:31:56', '2024-07-03 16:31:56', 33, 'CRgjg'),
(456, 'Imagerie médicale', 0, '2024-07-03 16:31:56', '2024-07-03 16:31:56', 33, 'D8tGc'),
(457, 'Frais basique', 0, '2024-07-03 16:36:24', '2024-07-03 16:36:24', 34, 'FEJXs'),
(458, 'Soins d\'urgence', 0, '2024-07-03 16:36:24', '2024-07-03 16:36:24', 34, 'byTkI'),
(459, 'Analyse de laboratoire', 0, '2024-07-03 16:36:24', '2024-07-03 16:36:24', 34, 'CTkqN'),
(460, 'Radiographie', 0, '2024-07-03 16:36:24', '2024-07-03 16:36:24', 34, 'U5f4C'),
(461, 'Echographie', 0, '2024-07-03 16:36:24', '2024-07-03 16:36:24', 34, '7RYql'),
(462, 'Chirurgie', 0, '2024-07-03 16:36:24', '2024-07-03 16:36:24', 34, 'azAL2'),
(463, 'Anesthésie', 0, '2024-07-03 16:36:24', '2024-07-03 16:36:24', 34, 'zULa5'),
(464, 'Soins intensifs', 0, '2024-07-03 16:36:24', '2024-07-03 16:36:24', 34, '30GyN'),
(465, 'Oncologie', 0, '2024-07-03 16:36:24', '2024-07-03 16:36:24', 34, 'HxHgR'),
(466, 'Soins infirmiers', 0, '2024-07-03 16:36:24', '2024-07-03 16:36:24', 34, 'i1Fu6'),
(467, 'Examens médicaux', 0, '2024-07-03 16:36:24', '2024-07-03 16:36:24', 34, 'ULWAd'),
(468, 'Pédiatrie', 0, '2024-07-03 16:36:24', '2024-07-03 16:36:24', 34, 'ETm8k'),
(469, 'Gastro-entérologie', 0, '2024-07-03 16:36:24', '2024-07-03 16:36:24', 34, 'ZBeah'),
(470, 'Néphrologie', 0, '2024-07-03 16:36:24', '2024-07-03 16:36:24', 34, 'lfSfr'),
(471, 'Pneumologie', 0, '2024-07-03 16:36:24', '2024-07-03 16:36:24', 34, 'R5t19'),
(472, 'Neurologie', 0, '2024-07-03 16:36:24', '2024-07-03 16:36:24', 34, 'CEKQP'),
(473, 'Endocrinologie', 0, '2024-07-03 16:36:24', '2024-07-03 16:36:24', 34, 'I6hS3'),
(474, 'Dermatologie', 0, '2024-07-03 16:36:24', '2024-07-03 16:36:24', 34, 'WD7r0'),
(475, 'Physiothérapie/rééducation', 0, '2024-07-03 16:36:24', '2024-07-03 16:36:24', 34, 'c2cmb'),
(476, 'Imagerie médicale', 0, '2024-07-03 16:36:24', '2024-07-03 16:36:24', 34, 'Df2ww'),
(477, 'Frais basique', 0, '2024-07-03 16:49:17', '2024-07-03 16:49:17', 35, 'PNNPa'),
(478, 'Soins d\'urgence', 0, '2024-07-03 16:49:17', '2024-07-03 16:49:17', 35, 'AJ0G0'),
(479, 'Analyse de laboratoire', 0, '2024-07-03 16:49:17', '2024-07-03 16:49:17', 35, 'ZZbfd'),
(480, 'Radiographie', 0, '2024-07-03 16:49:17', '2024-07-03 16:49:17', 35, 'uI9uu'),
(481, 'Echographie', 0, '2024-07-03 16:49:17', '2024-07-03 16:49:17', 35, 'uqzLG'),
(482, 'Chirurgie', 0, '2024-07-03 16:49:17', '2024-07-03 16:49:17', 35, 'OsCUC'),
(483, 'Anesthésie', 0, '2024-07-03 16:49:17', '2024-07-03 16:49:17', 35, 'qGEB8'),
(484, 'Soins intensifs', 0, '2024-07-03 16:49:17', '2024-07-03 16:49:17', 35, '4OpZK'),
(485, 'Oncologie', 0, '2024-07-03 16:49:17', '2024-07-03 16:49:17', 35, 'eF1X4'),
(486, 'Soins infirmiers', 0, '2024-07-03 16:49:17', '2024-07-03 16:49:17', 35, 'KaDhs'),
(487, 'Examens médicaux', 0, '2024-07-03 16:49:17', '2024-07-03 16:49:17', 35, 'vRbOU'),
(488, 'Pédiatrie', 0, '2024-07-03 16:49:17', '2024-07-03 16:49:17', 35, 'cA5FG'),
(489, 'Gastro-entérologie', 0, '2024-07-03 16:49:17', '2024-07-03 16:49:17', 35, 'IjiTT'),
(490, 'Néphrologie', 0, '2024-07-03 16:49:17', '2024-07-03 16:49:17', 35, 'zCfAP'),
(491, 'Pneumologie', 0, '2024-07-03 16:49:17', '2024-07-03 16:49:17', 35, 'b5azi'),
(492, 'Neurologie', 0, '2024-07-03 16:49:17', '2024-07-03 16:49:17', 35, 'eRee0'),
(493, 'Endocrinologie', 0, '2024-07-03 16:49:17', '2024-07-03 16:49:17', 35, 'plTpo'),
(494, 'Dermatologie', 0, '2024-07-03 16:49:17', '2024-07-03 16:49:17', 35, 'MynOD'),
(495, 'Physiothérapie/rééducation', 0, '2024-07-03 16:49:17', '2024-07-03 16:49:17', 35, 'wYlim'),
(496, 'Imagerie médicale', 0, '2024-07-03 16:49:17', '2024-07-03 16:49:17', 35, '3qXMM'),
(497, 'Frais basique', 0, '2024-07-04 12:00:43', '2024-07-04 12:00:43', 36, 'KbwRe'),
(498, 'Soins d\'urgence', 0, '2024-07-04 12:00:43', '2024-07-04 12:00:43', 36, 'wIGo7'),
(499, 'Analyse de laboratoire', 0, '2024-07-04 12:00:43', '2024-07-04 12:00:43', 36, 'df6X5'),
(500, 'Radiographie', 0, '2024-07-04 12:00:43', '2024-07-04 12:00:43', 36, 'VNFQ6'),
(501, 'Echographie', 0, '2024-07-04 12:00:43', '2024-07-04 12:00:43', 36, '37gMq'),
(502, 'Chirurgie', 0, '2024-07-04 12:00:43', '2024-07-04 12:00:43', 36, 'K4zLN'),
(503, 'Anesthésie', 0, '2024-07-04 12:00:43', '2024-07-04 12:00:43', 36, 'Er6Bh'),
(504, 'Soins intensifs', 0, '2024-07-04 12:00:43', '2024-07-04 12:00:43', 36, 'foUNP'),
(505, 'Oncologie', 0, '2024-07-04 12:00:43', '2024-07-04 12:00:43', 36, 'ORqT1'),
(506, 'Soins infirmiers', 0, '2024-07-04 12:00:43', '2024-07-04 12:00:43', 36, 'qM8Nm'),
(507, 'Examens médicaux', 0, '2024-07-04 12:00:43', '2024-07-04 12:00:43', 36, 'rXirJ'),
(508, 'Pédiatrie', 0, '2024-07-04 12:00:43', '2024-07-04 12:00:43', 36, 'IvSIz'),
(509, 'Gastro-entérologie', 0, '2024-07-04 12:00:43', '2024-07-04 12:00:43', 36, 'O5EeM'),
(510, 'Néphrologie', 0, '2024-07-04 12:00:43', '2024-07-04 12:00:43', 36, 'ozjK7'),
(511, 'Pneumologie', 0, '2024-07-04 12:00:43', '2024-07-04 12:00:43', 36, '5Bb9H'),
(512, 'Neurologie', 0, '2024-07-04 12:00:43', '2024-07-04 12:00:43', 36, 'hWkLf'),
(513, 'Endocrinologie', 0, '2024-07-04 12:00:43', '2024-07-04 12:00:43', 36, 'DWjzC'),
(514, 'Dermatologie', 0, '2024-07-04 12:00:43', '2024-07-04 12:00:43', 36, 'B6VYd'),
(515, 'Physiothérapie/rééducation', 0, '2024-07-04 12:00:43', '2024-07-04 12:00:43', 36, '8x89A'),
(516, 'Imagerie médicale', 0, '2024-07-04 12:00:43', '2024-07-04 12:00:43', 36, 'CwATa'),
(517, 'Frais basique', 0, '2024-07-11 23:38:39', '2024-07-11 23:38:39', 37, 'vaA2C'),
(518, 'Soins d\'urgence', 0, '2024-07-11 23:38:39', '2024-07-11 23:38:39', 37, '0Kf68'),
(519, 'Analyse de laboratoire', 0, '2024-07-11 23:38:39', '2024-07-11 23:38:39', 37, '3sxgQ'),
(520, 'Radiographie', 0, '2024-07-11 23:38:39', '2024-07-11 23:38:39', 37, 'Rh9g2'),
(521, 'Echographie', 0, '2024-07-11 23:38:39', '2024-07-11 23:38:39', 37, 'ENfPq'),
(522, 'Chirurgie', 0, '2024-07-11 23:38:39', '2024-07-11 23:38:39', 37, 'J1flN'),
(523, 'Anesthésie', 0, '2024-07-11 23:38:39', '2024-07-11 23:38:39', 37, 'k4Zts'),
(524, 'Soins intensifs', 0, '2024-07-11 23:38:39', '2024-07-11 23:38:39', 37, 'hHfqN'),
(525, 'Oncologie', 0, '2024-07-11 23:38:39', '2024-07-11 23:38:39', 37, 'Qfg5Q'),
(526, 'Soins infirmiers', 0, '2024-07-11 23:38:39', '2024-07-11 23:38:39', 37, 'qu13U'),
(527, 'Examens médicaux', 0, '2024-07-11 23:38:39', '2024-07-11 23:38:39', 37, 'ByAdr'),
(528, 'Pédiatrie', 0, '2024-07-11 23:38:39', '2024-07-11 23:38:39', 37, 'PLX4Y'),
(529, 'Gastro-entérologie', 0, '2024-07-11 23:38:39', '2024-07-11 23:38:39', 37, 'gcIPk'),
(530, 'Néphrologie', 0, '2024-07-11 23:38:39', '2024-07-11 23:38:39', 37, 'D5HUn'),
(531, 'Pneumologie', 0, '2024-07-11 23:38:39', '2024-07-11 23:38:39', 37, 'QEjeY'),
(532, 'Neurologie', 0, '2024-07-11 23:38:39', '2024-07-11 23:38:39', 37, '8sH8z'),
(533, 'Endocrinologie', 0, '2024-07-11 23:38:39', '2024-07-11 23:38:39', 37, 'JOh9d'),
(534, 'Dermatologie', 0, '2024-07-11 23:38:39', '2024-07-11 23:38:39', 37, 'UottN'),
(535, 'Physiothérapie/rééducation', 0, '2024-07-11 23:38:39', '2024-07-11 23:38:39', 37, 'mpwTL'),
(536, 'Imagerie médicale', 0, '2024-07-11 23:38:39', '2024-07-11 23:38:39', 37, 'nUEiZ'),
(537, 'Frais basique', 0, '2024-07-11 23:40:46', '2024-07-11 23:40:46', 38, 'HClGf'),
(538, 'Soins d\'urgence', 0, '2024-07-11 23:40:46', '2024-07-11 23:40:46', 38, 'd6Aih'),
(539, 'Analyse de laboratoire', 0, '2024-07-11 23:40:46', '2024-07-11 23:40:46', 38, 'KLf0G'),
(540, 'Radiographie', 0, '2024-07-11 23:40:46', '2024-07-11 23:40:46', 38, 'cIrw0'),
(541, 'Echographie', 0, '2024-07-11 23:40:46', '2024-07-11 23:40:46', 38, 'M9Hbm'),
(542, 'Chirurgie', 0, '2024-07-11 23:40:46', '2024-07-11 23:40:46', 38, 'c22MX'),
(543, 'Anesthésie', 0, '2024-07-11 23:40:46', '2024-07-11 23:40:46', 38, 'ZlDLR'),
(544, 'Soins intensifs', 0, '2024-07-11 23:40:46', '2024-07-11 23:40:46', 38, 'wo9ru'),
(545, 'Oncologie', 0, '2024-07-11 23:40:46', '2024-07-11 23:40:46', 38, 'NjtbV'),
(546, 'Soins infirmiers', 0, '2024-07-11 23:40:46', '2024-07-11 23:40:46', 38, 'iW2t7'),
(547, 'Examens médicaux', 0, '2024-07-11 23:40:46', '2024-07-11 23:40:46', 38, '5XFWx'),
(548, 'Pédiatrie', 0, '2024-07-11 23:40:46', '2024-07-11 23:40:46', 38, 'gztAf'),
(549, 'Gastro-entérologie', 0, '2024-07-11 23:40:46', '2024-07-11 23:40:46', 38, '63pOf'),
(550, 'Néphrologie', 0, '2024-07-11 23:40:46', '2024-07-11 23:40:46', 38, 'JSLKz'),
(551, 'Pneumologie', 0, '2024-07-11 23:40:46', '2024-07-11 23:40:46', 38, '5NzQj'),
(552, 'Neurologie', 0, '2024-07-11 23:40:46', '2024-07-11 23:40:46', 38, 'n2b69'),
(553, 'Endocrinologie', 0, '2024-07-11 23:40:46', '2024-07-11 23:40:46', 38, 'NP5nO'),
(554, 'Dermatologie', 0, '2024-07-11 23:40:46', '2024-07-11 23:40:46', 38, 'qiAON'),
(555, 'Physiothérapie/rééducation', 0, '2024-07-11 23:40:46', '2024-07-11 23:40:46', 38, '92ETW'),
(556, 'Imagerie médicale', 0, '2024-07-11 23:40:46', '2024-07-11 23:40:46', 38, 'kb1M7'),
(557, 'Frais basique', 0, '2024-07-11 23:47:27', '2024-07-11 23:47:27', 39, 'Q7gJX'),
(558, 'Soins d\'urgence', 0, '2024-07-11 23:47:27', '2024-07-11 23:47:27', 39, 'mPvlk'),
(559, 'Analyse de laboratoire', 0, '2024-07-11 23:47:27', '2024-07-11 23:47:27', 39, 'sywn0'),
(560, 'Radiographie', 0, '2024-07-11 23:47:27', '2024-07-11 23:47:27', 39, '7DSdZ'),
(561, 'Echographie', 0, '2024-07-11 23:47:27', '2024-07-11 23:47:27', 39, 'uHhpV'),
(562, 'Chirurgie', 0, '2024-07-11 23:47:27', '2024-07-11 23:47:27', 39, '0gTUg'),
(563, 'Anesthésie', 0, '2024-07-11 23:47:27', '2024-07-11 23:47:27', 39, 'Q0ISp'),
(564, 'Soins intensifs', 0, '2024-07-11 23:47:27', '2024-07-11 23:47:27', 39, 'x1K2E'),
(565, 'Oncologie', 0, '2024-07-11 23:47:27', '2024-07-11 23:47:27', 39, 'TMkie'),
(566, 'Soins infirmiers', 0, '2024-07-11 23:47:27', '2024-07-11 23:47:27', 39, 'JI9lA'),
(567, 'Examens médicaux', 0, '2024-07-11 23:47:27', '2024-07-11 23:47:27', 39, 'PKxM0'),
(568, 'Pédiatrie', 0, '2024-07-11 23:47:27', '2024-07-11 23:47:27', 39, 'qdfnV'),
(569, 'Gastro-entérologie', 0, '2024-07-11 23:47:27', '2024-07-11 23:47:27', 39, 'TXiRy'),
(570, 'Néphrologie', 0, '2024-07-11 23:47:27', '2024-07-11 23:47:27', 39, '5krmh'),
(571, 'Pneumologie', 0, '2024-07-11 23:47:27', '2024-07-11 23:47:27', 39, 'vKrLt'),
(572, 'Neurologie', 0, '2024-07-11 23:47:27', '2024-07-11 23:47:27', 39, 'vyBUl'),
(573, 'Endocrinologie', 0, '2024-07-11 23:47:27', '2024-07-11 23:47:27', 39, 'JHHZh'),
(574, 'Dermatologie', 0, '2024-07-11 23:47:27', '2024-07-11 23:47:27', 39, 'CBAC8'),
(575, 'Physiothérapie/rééducation', 0, '2024-07-11 23:47:27', '2024-07-11 23:47:27', 39, 'MtZyo'),
(576, 'Imagerie médicale', 0, '2024-07-11 23:47:27', '2024-07-11 23:47:27', 39, 'zBkiV'),
(577, 'Frais basique', 0, '2024-07-12 00:01:01', '2024-07-12 00:01:01', 40, 'u7ZKG'),
(578, 'Soins d\'urgence', 0, '2024-07-12 00:01:01', '2024-07-12 00:01:01', 40, '7pkY9'),
(579, 'Analyse de laboratoire', 0, '2024-07-12 00:01:01', '2024-07-12 00:01:01', 40, 'hQ6vQ'),
(580, 'Radiographie', 0, '2024-07-12 00:01:01', '2024-07-12 00:01:01', 40, 'b8twC'),
(581, 'Echographie', 0, '2024-07-12 00:01:01', '2024-07-12 00:01:01', 40, 'wiSmE'),
(582, 'Chirurgie', 0, '2024-07-12 00:01:01', '2024-07-12 00:01:01', 40, 'q3eT2'),
(583, 'Anesthésie', 0, '2024-07-12 00:01:01', '2024-07-12 00:01:01', 40, 'VEb0e'),
(584, 'Soins intensifs', 0, '2024-07-12 00:01:01', '2024-07-12 00:01:01', 40, '9Yqbx'),
(585, 'Oncologie', 0, '2024-07-12 00:01:01', '2024-07-12 00:01:01', 40, '0rvks'),
(586, 'Soins infirmiers', 0, '2024-07-12 00:01:01', '2024-07-12 00:01:01', 40, 'EOIKb');
INSERT INTO `cares` (`id`, `name`, `amount`, `created_at`, `updated_at`, `company_id`, `custom_id`) VALUES
(587, 'Examens médicaux', 0, '2024-07-12 00:01:01', '2024-07-12 00:01:01', 40, '25CyK'),
(588, 'Pédiatrie', 0, '2024-07-12 00:01:01', '2024-07-12 00:01:01', 40, 'rSNix'),
(589, 'Gastro-entérologie', 0, '2024-07-12 00:01:01', '2024-07-12 00:01:01', 40, 'b4HpY'),
(590, 'Néphrologie', 0, '2024-07-12 00:01:01', '2024-07-12 00:01:01', 40, '0FLZx'),
(591, 'Pneumologie', 0, '2024-07-12 00:01:01', '2024-07-12 00:01:01', 40, '4HOJl'),
(592, 'Neurologie', 0, '2024-07-12 00:01:01', '2024-07-12 00:01:01', 40, 'So23R'),
(593, 'Endocrinologie', 0, '2024-07-12 00:01:01', '2024-07-12 00:01:01', 40, 'nZpAs'),
(594, 'Dermatologie', 0, '2024-07-12 00:01:02', '2024-07-12 00:01:02', 40, 'RSETm'),
(595, 'Physiothérapie/rééducation', 0, '2024-07-12 00:01:02', '2024-07-12 00:01:02', 40, 'QqJLS'),
(596, 'Imagerie médicale', 0, '2024-07-12 00:01:02', '2024-07-12 00:01:02', 40, 'bkR8c'),
(597, 'Frais basique', 0, '2024-07-12 00:11:58', '2024-07-12 00:11:58', 41, 'XSZrD'),
(598, 'Soins d\'urgence', 0, '2024-07-12 00:11:58', '2024-07-12 00:11:58', 41, 'Nj5l5'),
(599, 'Analyse de laboratoire', 0, '2024-07-12 00:11:58', '2024-07-12 00:11:58', 41, '1J9v7'),
(600, 'Radiographie', 0, '2024-07-12 00:11:58', '2024-07-12 00:11:58', 41, 'EzZmi'),
(601, 'Echographie', 0, '2024-07-12 00:11:58', '2024-07-12 00:11:58', 41, 'Hj1bV'),
(602, 'Chirurgie', 0, '2024-07-12 00:11:58', '2024-07-12 00:11:58', 41, '8Ru5Y'),
(603, 'Anesthésie', 0, '2024-07-12 00:11:58', '2024-07-12 00:11:58', 41, 'OIhrk'),
(604, 'Soins intensifs', 0, '2024-07-12 00:11:58', '2024-07-12 00:11:58', 41, 'BlSLj'),
(605, 'Oncologie', 0, '2024-07-12 00:11:58', '2024-07-12 00:11:58', 41, 'aJNZ9'),
(606, 'Soins infirmiers', 0, '2024-07-12 00:11:58', '2024-07-12 00:11:58', 41, 'ByXqT'),
(607, 'Examens médicaux', 0, '2024-07-12 00:11:58', '2024-07-12 00:11:58', 41, 'xdiRk'),
(608, 'Pédiatrie', 0, '2024-07-12 00:11:58', '2024-07-12 00:11:58', 41, 'CP3KH'),
(609, 'Gastro-entérologie', 0, '2024-07-12 00:11:58', '2024-07-12 00:11:58', 41, 'MFXmh'),
(610, 'Néphrologie', 0, '2024-07-12 00:11:58', '2024-07-12 00:11:58', 41, '8WBGB'),
(611, 'Pneumologie', 0, '2024-07-12 00:11:58', '2024-07-12 00:11:58', 41, 'PUR10'),
(612, 'Neurologie', 0, '2024-07-12 00:11:58', '2024-07-12 00:11:58', 41, 'VVEbW'),
(613, 'Endocrinologie', 0, '2024-07-12 00:11:58', '2024-07-12 00:11:58', 41, '5o7un'),
(614, 'Dermatologie', 0, '2024-07-12 00:11:58', '2024-07-12 00:11:58', 41, 'N3vzx'),
(615, 'Physiothérapie/rééducation', 0, '2024-07-12 00:11:58', '2024-07-12 00:11:58', 41, '9L8Rg'),
(616, 'Imagerie médicale', 0, '2024-07-12 00:11:58', '2024-07-12 00:11:58', 41, 'HzKiO'),
(617, 'Frais basique', 0, '2024-07-12 12:24:55', '2024-07-12 12:24:55', 42, 'johPK'),
(618, 'Soins d\'urgence', 0, '2024-07-12 12:24:55', '2024-07-12 12:24:55', 42, 'RO38A'),
(619, 'Analyse de laboratoire', 0, '2024-07-12 12:24:55', '2024-07-12 12:24:55', 42, 'vF51O'),
(620, 'Radiographie', 0, '2024-07-12 12:24:55', '2024-07-12 12:24:55', 42, 'Hf7f4'),
(621, 'Echographie', 0, '2024-07-12 12:24:55', '2024-07-12 12:24:55', 42, 'QtxF0'),
(622, 'Chirurgie', 0, '2024-07-12 12:24:55', '2024-07-12 12:24:55', 42, 'KMRcS'),
(623, 'Anesthésie', 0, '2024-07-12 12:24:55', '2024-07-12 12:24:55', 42, 'iGAlb'),
(624, 'Soins intensifs', 0, '2024-07-12 12:24:55', '2024-07-12 12:24:55', 42, 'vnJ9e'),
(625, 'Oncologie', 0, '2024-07-12 12:24:55', '2024-07-12 12:24:55', 42, 'IjmuW'),
(626, 'Soins infirmiers', 0, '2024-07-12 12:24:55', '2024-07-12 12:24:55', 42, '8wMkK'),
(627, 'Examens médicaux', 0, '2024-07-12 12:24:55', '2024-07-12 12:24:55', 42, 'MiH53'),
(628, 'Pédiatrie', 0, '2024-07-12 12:24:55', '2024-07-12 12:24:55', 42, 'xU05K'),
(629, 'Gastro-entérologie', 0, '2024-07-12 12:24:55', '2024-07-12 12:24:55', 42, 'Xombb'),
(630, 'Néphrologie', 0, '2024-07-12 12:24:55', '2024-07-12 12:24:55', 42, 'b6op0'),
(631, 'Pneumologie', 0, '2024-07-12 12:24:55', '2024-07-12 12:24:55', 42, 'tkCmi'),
(632, 'Neurologie', 0, '2024-07-12 12:24:55', '2024-07-12 12:24:55', 42, 'CINMH'),
(633, 'Endocrinologie', 0, '2024-07-12 12:24:55', '2024-07-12 12:24:55', 42, 'G22yI'),
(634, 'Dermatologie', 0, '2024-07-12 12:24:55', '2024-07-12 12:24:55', 42, 'SJ5Id'),
(635, 'Physiothérapie/rééducation', 0, '2024-07-12 12:24:55', '2024-07-12 12:24:55', 42, 'FmWRO'),
(636, 'Imagerie médicale', 0, '2024-07-12 12:24:55', '2024-07-12 12:24:55', 42, 'J1HIc'),
(637, 'Frais basique', 0, '2024-07-12 12:51:39', '2024-07-12 12:51:39', 43, 'FNFOp'),
(638, 'Soins d\'urgence', 0, '2024-07-12 12:51:39', '2024-07-12 12:51:39', 43, 'rXyPe'),
(639, 'Analyse de laboratoire', 0, '2024-07-12 12:51:39', '2024-07-12 12:51:39', 43, 'Y8YRV'),
(640, 'Radiographie', 0, '2024-07-12 12:51:39', '2024-07-12 12:51:39', 43, 'IqeDA'),
(641, 'Echographie', 0, '2024-07-12 12:51:39', '2024-07-12 12:51:39', 43, 'i255h'),
(642, 'Chirurgie', 0, '2024-07-12 12:51:39', '2024-07-12 12:51:39', 43, '7156b'),
(643, 'Anesthésie', 0, '2024-07-12 12:51:39', '2024-07-12 12:51:39', 43, '1TezS'),
(644, 'Soins intensifs', 0, '2024-07-12 12:51:39', '2024-07-12 12:51:39', 43, 'CofC7'),
(645, 'Oncologie', 0, '2024-07-12 12:51:39', '2024-07-12 12:51:39', 43, '8cNDa'),
(646, 'Soins infirmiers', 0, '2024-07-12 12:51:39', '2024-07-12 12:51:39', 43, '8ofCd'),
(647, 'Examens médicaux', 0, '2024-07-12 12:51:39', '2024-07-12 12:51:39', 43, 'ANL8x'),
(648, 'Pédiatrie', 0, '2024-07-12 12:51:39', '2024-07-12 12:51:39', 43, 'xQF9W'),
(649, 'Gastro-entérologie', 0, '2024-07-12 12:51:39', '2024-07-12 12:51:39', 43, 'Mh1df'),
(650, 'Néphrologie', 0, '2024-07-12 12:51:39', '2024-07-12 12:51:39', 43, 'X8tnY'),
(651, 'Pneumologie', 0, '2024-07-12 12:51:39', '2024-07-12 12:51:39', 43, 'DBNf3'),
(652, 'Neurologie', 0, '2024-07-12 12:51:39', '2024-07-12 12:51:39', 43, 'PTsYl'),
(653, 'Endocrinologie', 0, '2024-07-12 12:51:39', '2024-07-12 12:51:39', 43, 'Jv7My'),
(654, 'Dermatologie', 0, '2024-07-12 12:51:39', '2024-07-12 12:51:39', 43, 'K35ew'),
(655, 'Physiothérapie/rééducation', 0, '2024-07-12 12:51:39', '2024-07-12 12:51:39', 43, 'cXU9q'),
(656, 'Imagerie médicale', 0, '2024-07-12 12:51:39', '2024-07-12 12:51:39', 43, 'BjxVB'),
(657, 'Frais basique', 0, '2024-07-12 13:02:13', '2024-07-12 13:02:13', 44, 'ajNQC'),
(658, 'Soins d\'urgence', 0, '2024-07-12 13:02:13', '2024-07-12 13:02:13', 44, 'IX116'),
(659, 'Analyse de laboratoire', 0, '2024-07-12 13:02:13', '2024-07-12 13:02:13', 44, '8fxcS'),
(660, 'Radiographie', 0, '2024-07-12 13:02:13', '2024-07-12 13:02:13', 44, 'KgeIz'),
(661, 'Echographie', 0, '2024-07-12 13:02:13', '2024-07-12 13:02:13', 44, 'XV934'),
(662, 'Chirurgie', 0, '2024-07-12 13:02:13', '2024-07-12 13:02:13', 44, 'uHAVb'),
(663, 'Anesthésie', 0, '2024-07-12 13:02:13', '2024-07-12 13:02:13', 44, 'OoL9L'),
(664, 'Soins intensifs', 0, '2024-07-12 13:02:13', '2024-07-12 13:02:13', 44, 'iKl2n'),
(665, 'Oncologie', 0, '2024-07-12 13:02:13', '2024-07-12 13:02:13', 44, 'KME70'),
(666, 'Soins infirmiers', 0, '2024-07-12 13:02:13', '2024-07-12 13:02:13', 44, 'lI4EZ'),
(667, 'Examens médicaux', 0, '2024-07-12 13:02:13', '2024-07-12 13:02:13', 44, 'vPL8o'),
(668, 'Pédiatrie', 0, '2024-07-12 13:02:13', '2024-07-12 13:02:13', 44, '5JsyE'),
(669, 'Gastro-entérologie', 0, '2024-07-12 13:02:13', '2024-07-12 13:02:13', 44, 'N1Av4'),
(670, 'Néphrologie', 0, '2024-07-12 13:02:13', '2024-07-12 13:02:13', 44, 'lW9O1'),
(671, 'Pneumologie', 0, '2024-07-12 13:02:13', '2024-07-12 13:02:13', 44, 'uAmPl'),
(672, 'Neurologie', 0, '2024-07-12 13:02:13', '2024-07-12 13:02:13', 44, 'CLucx'),
(673, 'Endocrinologie', 0, '2024-07-12 13:02:13', '2024-07-12 13:02:13', 44, 'Fb6gZ'),
(674, 'Dermatologie', 0, '2024-07-12 13:02:13', '2024-07-12 13:02:13', 44, 'im8WP'),
(675, 'Physiothérapie/rééducation', 0, '2024-07-12 13:02:13', '2024-07-12 13:02:13', 44, 'J5hiv'),
(676, 'Imagerie médicale', 0, '2024-07-12 13:02:13', '2024-07-12 13:02:13', 44, 'QDjzT'),
(677, 'Frais basique', 0, '2024-07-12 13:08:19', '2024-07-12 13:08:19', 45, 'KeKQa'),
(678, 'Soins d\'urgence', 0, '2024-07-12 13:08:19', '2024-07-12 13:08:19', 45, 'dvdF5'),
(679, 'Analyse de laboratoire', 0, '2024-07-12 13:08:19', '2024-07-12 13:08:19', 45, 'bA2uE'),
(680, 'Radiographie', 0, '2024-07-12 13:08:19', '2024-07-12 13:08:19', 45, 'wJEKX'),
(681, 'Echographie', 0, '2024-07-12 13:08:19', '2024-07-12 13:08:19', 45, 'Ghvdj'),
(682, 'Chirurgie', 0, '2024-07-12 13:08:19', '2024-07-12 13:08:19', 45, 'gnPpv'),
(683, 'Anesthésie', 0, '2024-07-12 13:08:19', '2024-07-12 13:08:19', 45, 'U5DHF'),
(684, 'Soins intensifs', 0, '2024-07-12 13:08:19', '2024-07-12 13:08:19', 45, '8XrzQ'),
(685, 'Oncologie', 0, '2024-07-12 13:08:19', '2024-07-12 13:08:19', 45, 'ZwEEz'),
(686, 'Soins infirmiers', 0, '2024-07-12 13:08:19', '2024-07-12 13:08:19', 45, 'peKod'),
(687, 'Examens médicaux', 0, '2024-07-12 13:08:19', '2024-07-12 13:08:19', 45, 'nzra9'),
(688, 'Pédiatrie', 0, '2024-07-12 13:08:19', '2024-07-12 13:08:19', 45, 'qtxoy'),
(689, 'Gastro-entérologie', 0, '2024-07-12 13:08:19', '2024-07-12 13:08:19', 45, '7RR3s'),
(690, 'Néphrologie', 0, '2024-07-12 13:08:19', '2024-07-12 13:08:19', 45, 'OJXvA'),
(691, 'Pneumologie', 0, '2024-07-12 13:08:19', '2024-07-12 13:08:19', 45, 'tWUVD'),
(692, 'Neurologie', 0, '2024-07-12 13:08:19', '2024-07-12 13:08:19', 45, '4dYwT'),
(693, 'Endocrinologie', 0, '2024-07-12 13:08:19', '2024-07-12 13:08:19', 45, 'Typ0A'),
(694, 'Dermatologie', 0, '2024-07-12 13:08:19', '2024-07-12 13:08:19', 45, 'UNAMQ'),
(695, 'Physiothérapie/rééducation', 0, '2024-07-12 13:08:19', '2024-07-12 13:08:19', 45, '8ZRtj'),
(696, 'Imagerie médicale', 0, '2024-07-12 13:08:19', '2024-07-12 13:08:19', 45, '74srn'),
(697, 'Frais basique', 0, '2024-07-12 13:08:45', '2024-07-12 13:08:45', 46, 'hJVjs'),
(698, 'Soins d\'urgence', 0, '2024-07-12 13:08:45', '2024-07-12 13:08:45', 46, 'CzSp8'),
(699, 'Analyse de laboratoire', 0, '2024-07-12 13:08:45', '2024-07-12 13:08:45', 46, 'VoVsH'),
(700, 'Radiographie', 0, '2024-07-12 13:08:45', '2024-07-12 13:08:45', 46, 'XDjSV'),
(701, 'Echographie', 0, '2024-07-12 13:08:45', '2024-07-12 13:08:45', 46, 'Utoo4'),
(702, 'Chirurgie', 0, '2024-07-12 13:08:45', '2024-07-12 13:08:45', 46, '7OeqW'),
(703, 'Anesthésie', 0, '2024-07-12 13:08:45', '2024-07-12 13:08:45', 46, 'np2mA'),
(704, 'Soins intensifs', 0, '2024-07-12 13:08:45', '2024-07-12 13:08:45', 46, 'VqEmJ'),
(705, 'Oncologie', 0, '2024-07-12 13:08:45', '2024-07-12 13:08:45', 46, 'ta6ug'),
(706, 'Soins infirmiers', 0, '2024-07-12 13:08:45', '2024-07-12 13:08:45', 46, '5zV3r'),
(707, 'Examens médicaux', 0, '2024-07-12 13:08:45', '2024-07-12 13:08:45', 46, 'SHGoR'),
(708, 'Pédiatrie', 0, '2024-07-12 13:08:45', '2024-07-12 13:08:45', 46, 'kxz3Y'),
(709, 'Gastro-entérologie', 0, '2024-07-12 13:08:45', '2024-07-12 13:08:45', 46, 'OdkOS'),
(710, 'Néphrologie', 0, '2024-07-12 13:08:45', '2024-07-12 13:08:45', 46, 'etYGy'),
(711, 'Pneumologie', 0, '2024-07-12 13:08:45', '2024-07-12 13:08:45', 46, 'qbDlU'),
(712, 'Neurologie', 0, '2024-07-12 13:08:45', '2024-07-12 13:08:45', 46, '83s6T'),
(713, 'Endocrinologie', 0, '2024-07-12 13:08:45', '2024-07-12 13:08:45', 46, 'q4j5G'),
(714, 'Dermatologie', 0, '2024-07-12 13:08:45', '2024-07-12 13:08:45', 46, 'DtIt9'),
(715, 'Physiothérapie/rééducation', 0, '2024-07-12 13:08:45', '2024-07-12 13:08:45', 46, 'NXa1f'),
(716, 'Imagerie médicale', 0, '2024-07-12 13:08:45', '2024-07-12 13:08:45', 46, 'xLAQw'),
(717, 'Frais basique', 0, '2024-07-12 13:11:34', '2024-07-12 13:11:34', 47, 'cMEQ9'),
(718, 'Soins d\'urgence', 0, '2024-07-12 13:11:34', '2024-07-12 13:11:34', 47, 'JTd4F'),
(719, 'Analyse de laboratoire', 0, '2024-07-12 13:11:34', '2024-07-12 13:11:34', 47, 'd5JIg'),
(720, 'Radiographie', 0, '2024-07-12 13:11:34', '2024-07-12 13:11:34', 47, '5GD7O'),
(721, 'Echographie', 0, '2024-07-12 13:11:34', '2024-07-12 13:11:34', 47, 'cCPR6'),
(722, 'Chirurgie', 0, '2024-07-12 13:11:34', '2024-07-12 13:11:34', 47, 'hCuug'),
(723, 'Anesthésie', 0, '2024-07-12 13:11:34', '2024-07-12 13:11:34', 47, 'AOU4W'),
(724, 'Soins intensifs', 0, '2024-07-12 13:11:34', '2024-07-12 13:11:34', 47, 'p5QxT'),
(725, 'Oncologie', 0, '2024-07-12 13:11:34', '2024-07-12 13:11:34', 47, 'ACjVq'),
(726, 'Soins infirmiers', 0, '2024-07-12 13:11:34', '2024-07-12 13:11:34', 47, 'c0l4D'),
(727, 'Examens médicaux', 0, '2024-07-12 13:11:34', '2024-07-12 13:11:34', 47, 'XVzjB'),
(728, 'Pédiatrie', 0, '2024-07-12 13:11:34', '2024-07-12 13:11:34', 47, '54RJ0'),
(729, 'Gastro-entérologie', 0, '2024-07-12 13:11:34', '2024-07-12 13:11:34', 47, '501vt'),
(730, 'Néphrologie', 0, '2024-07-12 13:11:34', '2024-07-12 13:11:34', 47, 'oh9gZ'),
(731, 'Pneumologie', 0, '2024-07-12 13:11:34', '2024-07-12 13:11:34', 47, 'n7DW2'),
(732, 'Neurologie', 0, '2024-07-12 13:11:34', '2024-07-12 13:11:34', 47, 'm5LeQ'),
(733, 'Endocrinologie', 0, '2024-07-12 13:11:34', '2024-07-12 13:11:34', 47, 'XYuUW'),
(734, 'Dermatologie', 0, '2024-07-12 13:11:34', '2024-07-12 13:11:34', 47, 'ELsES'),
(735, 'Physiothérapie/rééducation', 0, '2024-07-12 13:11:34', '2024-07-12 13:11:34', 47, '1vg67'),
(736, 'Imagerie médicale', 0, '2024-07-12 13:11:34', '2024-07-12 13:11:34', 47, 'ofUI4'),
(737, 'Frais basique', 0, '2024-07-12 13:17:11', '2024-07-12 13:17:11', 48, 'kT1L4'),
(738, 'Soins d\'urgence', 0, '2024-07-12 13:17:11', '2024-07-12 13:17:11', 48, 'jyW4b'),
(739, 'Analyse de laboratoire', 0, '2024-07-12 13:17:11', '2024-07-12 13:17:11', 48, 'fCTlB'),
(740, 'Radiographie', 0, '2024-07-12 13:17:11', '2024-07-12 13:17:11', 48, 'FWdBj'),
(741, 'Echographie', 0, '2024-07-12 13:17:11', '2024-07-12 13:17:11', 48, 'EEOZI'),
(742, 'Chirurgie', 0, '2024-07-12 13:17:11', '2024-07-12 13:17:11', 48, 'ccip8'),
(743, 'Anesthésie', 0, '2024-07-12 13:17:11', '2024-07-12 13:17:11', 48, 'VLKm2'),
(744, 'Soins intensifs', 0, '2024-07-12 13:17:11', '2024-07-12 13:17:11', 48, 'vQmbd'),
(745, 'Oncologie', 0, '2024-07-12 13:17:11', '2024-07-12 13:17:11', 48, 'TWumQ'),
(746, 'Soins infirmiers', 0, '2024-07-12 13:17:11', '2024-07-12 13:17:11', 48, 'ITF7Y'),
(747, 'Examens médicaux', 0, '2024-07-12 13:17:11', '2024-07-12 13:17:11', 48, 'WJ3Nw'),
(748, 'Pédiatrie', 0, '2024-07-12 13:17:11', '2024-07-12 13:17:11', 48, 'pGlVc'),
(749, 'Gastro-entérologie', 0, '2024-07-12 13:17:11', '2024-07-12 13:17:11', 48, 'FxlCk'),
(750, 'Néphrologie', 0, '2024-07-12 13:17:11', '2024-07-12 13:17:11', 48, 'QrGtu'),
(751, 'Pneumologie', 0, '2024-07-12 13:17:11', '2024-07-12 13:17:11', 48, 'jBvUp'),
(752, 'Neurologie', 0, '2024-07-12 13:17:11', '2024-07-12 13:17:11', 48, 'xlLAr'),
(753, 'Endocrinologie', 0, '2024-07-12 13:17:11', '2024-07-12 13:17:11', 48, 'MTcFL'),
(754, 'Dermatologie', 0, '2024-07-12 13:17:11', '2024-07-12 13:17:11', 48, 'XnmIU'),
(755, 'Physiothérapie/rééducation', 0, '2024-07-12 13:17:11', '2024-07-12 13:17:11', 48, 'D0YDN'),
(756, 'Imagerie médicale', 0, '2024-07-12 13:17:11', '2024-07-12 13:17:11', 48, 'bF9Hl'),
(757, 'Frais basique', 0, '2024-07-12 13:21:33', '2024-07-12 13:21:33', 49, 'dQKIb'),
(758, 'Soins d\'urgence', 0, '2024-07-12 13:21:33', '2024-07-12 13:21:33', 49, 'jtrWM'),
(759, 'Analyse de laboratoire', 0, '2024-07-12 13:21:33', '2024-07-12 13:21:33', 49, '91OTc'),
(760, 'Radiographie', 0, '2024-07-12 13:21:33', '2024-07-12 13:21:33', 49, 'tLWni'),
(761, 'Echographie', 0, '2024-07-12 13:21:33', '2024-07-12 13:21:33', 49, 'k3nBU'),
(762, 'Chirurgie', 0, '2024-07-12 13:21:33', '2024-07-12 13:21:33', 49, 'nnAts'),
(763, 'Anesthésie', 0, '2024-07-12 13:21:33', '2024-07-12 13:21:33', 49, '3Xeyu'),
(764, 'Soins intensifs', 0, '2024-07-12 13:21:33', '2024-07-12 13:21:33', 49, '3zFpb'),
(765, 'Oncologie', 0, '2024-07-12 13:21:33', '2024-07-12 13:21:33', 49, '76ydB'),
(766, 'Soins infirmiers', 0, '2024-07-12 13:21:33', '2024-07-12 13:21:33', 49, '8Bgqj'),
(767, 'Examens médicaux', 0, '2024-07-12 13:21:33', '2024-07-12 13:21:33', 49, 'DKs0z'),
(768, 'Pédiatrie', 0, '2024-07-12 13:21:33', '2024-07-12 13:21:33', 49, 'ocyaI'),
(769, 'Gastro-entérologie', 0, '2024-07-12 13:21:33', '2024-07-12 13:21:33', 49, 'oEWLV'),
(770, 'Néphrologie', 0, '2024-07-12 13:21:33', '2024-07-12 13:21:33', 49, 'uzJZk'),
(771, 'Pneumologie', 0, '2024-07-12 13:21:33', '2024-07-12 13:21:33', 49, '7lN2J'),
(772, 'Neurologie', 0, '2024-07-12 13:21:33', '2024-07-12 13:21:33', 49, 'TeN67'),
(773, 'Endocrinologie', 0, '2024-07-12 13:21:33', '2024-07-12 13:21:33', 49, 'v9gE1'),
(774, 'Dermatologie', 0, '2024-07-12 13:21:33', '2024-07-12 13:21:33', 49, '3Y2Wt'),
(775, 'Physiothérapie/rééducation', 0, '2024-07-12 13:21:33', '2024-07-12 13:21:33', 49, '2DnBC'),
(776, 'Imagerie médicale', 0, '2024-07-12 13:21:33', '2024-07-12 13:21:33', 49, 'NmRou'),
(777, 'Frais basique', 0, '2024-07-12 13:40:14', '2024-07-12 13:40:14', 50, 'SOCvb'),
(778, 'Soins d\'urgence', 0, '2024-07-12 13:40:14', '2024-07-12 13:40:14', 50, 'PUSCF'),
(779, 'Analyse de laboratoire', 0, '2024-07-12 13:40:14', '2024-07-12 13:40:14', 50, 's3dvV'),
(780, 'Radiographie', 0, '2024-07-12 13:40:14', '2024-07-12 13:40:14', 50, 'gplbn'),
(781, 'Echographie', 0, '2024-07-12 13:40:14', '2024-07-12 13:40:14', 50, '18Zwn'),
(782, 'Chirurgie', 0, '2024-07-12 13:40:14', '2024-07-12 13:40:14', 50, 'y8MqO'),
(783, 'Anesthésie', 0, '2024-07-12 13:40:14', '2024-07-12 13:40:14', 50, 'zvwcZ'),
(784, 'Soins intensifs', 0, '2024-07-12 13:40:14', '2024-07-12 13:40:14', 50, '1spE8'),
(785, 'Oncologie', 0, '2024-07-12 13:40:14', '2024-07-12 13:40:14', 50, 'J8w9n'),
(786, 'Soins infirmiers', 0, '2024-07-12 13:40:14', '2024-07-12 13:40:14', 50, 'bQFTQ'),
(787, 'Examens médicaux', 0, '2024-07-12 13:40:14', '2024-07-12 13:40:14', 50, 'r6hRl'),
(788, 'Pédiatrie', 0, '2024-07-12 13:40:14', '2024-07-12 13:40:14', 50, 'gJLJn'),
(789, 'Gastro-entérologie', 0, '2024-07-12 13:40:14', '2024-07-12 13:40:14', 50, 'mpGdx'),
(790, 'Néphrologie', 0, '2024-07-12 13:40:14', '2024-07-12 13:40:14', 50, 'kpRgp'),
(791, 'Pneumologie', 0, '2024-07-12 13:40:14', '2024-07-12 13:40:14', 50, '25iQK'),
(792, 'Neurologie', 0, '2024-07-12 13:40:14', '2024-07-12 13:40:14', 50, 'KDog7'),
(793, 'Endocrinologie', 0, '2024-07-12 13:40:14', '2024-07-12 13:40:14', 50, 'kV0rE'),
(794, 'Dermatologie', 0, '2024-07-12 13:40:14', '2024-07-12 13:40:14', 50, 'ZrflD'),
(795, 'Physiothérapie/rééducation', 0, '2024-07-12 13:40:14', '2024-07-12 13:40:14', 50, 'adnSi'),
(796, 'Imagerie médicale', 0, '2024-07-12 13:40:14', '2024-07-12 13:40:14', 50, 'h7Utu'),
(797, 'Frais basique', 0, '2024-07-12 13:44:06', '2024-07-12 13:44:06', 51, 'QNFp1'),
(798, 'Soins d\'urgence', 0, '2024-07-12 13:44:06', '2024-07-12 13:44:06', 51, '5rQE4'),
(799, 'Analyse de laboratoire', 0, '2024-07-12 13:44:06', '2024-07-12 13:44:06', 51, 'aQ6Fo'),
(800, 'Radiographie', 0, '2024-07-12 13:44:06', '2024-07-12 13:44:06', 51, 'qeTxk'),
(801, 'Echographie', 0, '2024-07-12 13:44:06', '2024-07-12 13:44:06', 51, 'MWHBg'),
(802, 'Chirurgie', 0, '2024-07-12 13:44:06', '2024-07-12 13:44:06', 51, 'ufWZR'),
(803, 'Anesthésie', 0, '2024-07-12 13:44:06', '2024-07-12 13:44:06', 51, 'URE9e'),
(804, 'Soins intensifs', 0, '2024-07-12 13:44:06', '2024-07-12 13:44:06', 51, '3JM62'),
(805, 'Oncologie', 0, '2024-07-12 13:44:06', '2024-07-12 13:44:06', 51, 'SEld0'),
(806, 'Soins infirmiers', 0, '2024-07-12 13:44:06', '2024-07-12 13:44:06', 51, 'o1YMN'),
(807, 'Examens médicaux', 0, '2024-07-12 13:44:06', '2024-07-12 13:44:06', 51, 'CGs5a'),
(808, 'Pédiatrie', 0, '2024-07-12 13:44:06', '2024-07-12 13:44:06', 51, 't7j1u'),
(809, 'Gastro-entérologie', 0, '2024-07-12 13:44:06', '2024-07-12 13:44:06', 51, '3ryTQ'),
(810, 'Néphrologie', 0, '2024-07-12 13:44:06', '2024-07-12 13:44:06', 51, 'XtkmK'),
(811, 'Pneumologie', 0, '2024-07-12 13:44:06', '2024-07-12 13:44:06', 51, 'RpO3Q'),
(812, 'Neurologie', 0, '2024-07-12 13:44:06', '2024-07-12 13:44:06', 51, 'lVYj1'),
(813, 'Endocrinologie', 0, '2024-07-12 13:44:06', '2024-07-12 13:44:06', 51, 'uD4w0'),
(814, 'Dermatologie', 0, '2024-07-12 13:44:06', '2024-07-12 13:44:06', 51, 'HmXM3'),
(815, 'Physiothérapie/rééducation', 0, '2024-07-12 13:44:06', '2024-07-12 13:44:06', 51, '4W9qg'),
(816, 'Imagerie médicale', 0, '2024-07-12 13:44:06', '2024-07-12 13:44:06', 51, 'VuvLU'),
(817, 'Frais basique', 0, '2024-07-14 15:34:26', '2024-07-14 15:34:26', 52, 'M78Ww'),
(818, 'Soins d\'urgence', 0, '2024-07-14 15:34:26', '2024-07-14 15:34:26', 52, 'Ooq35'),
(819, 'Analyse de laboratoire', 0, '2024-07-14 15:34:26', '2024-07-14 15:34:26', 52, 'h0KxU'),
(820, 'Radiographie', 0, '2024-07-14 15:34:26', '2024-07-14 15:34:26', 52, 'Q8qH8'),
(821, 'Echographie', 0, '2024-07-14 15:34:26', '2024-07-14 15:34:26', 52, 'wKJxH'),
(822, 'Chirurgie', 0, '2024-07-14 15:34:26', '2024-07-14 15:34:26', 52, 'Z3H2b'),
(823, 'Anesthésie', 0, '2024-07-14 15:34:26', '2024-07-14 15:34:26', 52, 'X6KE6'),
(824, 'Soins intensifs', 0, '2024-07-14 15:34:26', '2024-07-14 15:34:26', 52, 'X9etN'),
(825, 'Oncologie', 0, '2024-07-14 15:34:26', '2024-07-14 15:34:26', 52, 'FgL4R'),
(826, 'Soins infirmiers', 0, '2024-07-14 15:34:26', '2024-07-14 15:34:26', 52, '1Xr7J'),
(827, 'Examens médicaux', 0, '2024-07-14 15:34:26', '2024-07-14 15:34:26', 52, 'wPb8z'),
(828, 'Pédiatrie', 0, '2024-07-14 15:34:26', '2024-07-14 15:34:26', 52, 'zR0pu'),
(829, 'Gastro-entérologie', 0, '2024-07-14 15:34:26', '2024-07-14 15:34:26', 52, 'SeOfo'),
(830, 'Néphrologie', 0, '2024-07-14 15:34:26', '2024-07-14 15:34:26', 52, 'vFIJy'),
(831, 'Pneumologie', 0, '2024-07-14 15:34:26', '2024-07-14 15:34:26', 52, 'qoO1F'),
(832, 'Neurologie', 0, '2024-07-14 15:34:26', '2024-07-14 15:34:26', 52, 'zvJK5'),
(833, 'Endocrinologie', 0, '2024-07-14 15:34:26', '2024-07-14 15:34:26', 52, 'RvQLV'),
(834, 'Dermatologie', 0, '2024-07-14 15:34:26', '2024-07-14 15:34:26', 52, 'yWIQS'),
(835, 'Physiothérapie/rééducation', 0, '2024-07-14 15:34:26', '2024-07-14 15:34:26', 52, 'US6H0'),
(836, 'Imagerie médicale', 0, '2024-07-14 15:34:26', '2024-07-14 15:34:26', 52, '9w4wd'),
(837, 'Frais basique', 0, '2024-07-14 15:44:55', '2024-07-14 15:44:55', 53, 'M4YXV'),
(838, 'Soins d\'urgence', 0, '2024-07-14 15:44:55', '2024-07-14 15:44:55', 53, 'szX0G'),
(839, 'Analyse de laboratoire', 0, '2024-07-14 15:44:55', '2024-07-14 15:44:55', 53, 'Il9xs'),
(840, 'Radiographie', 0, '2024-07-14 15:44:55', '2024-07-14 15:44:55', 53, 'r5TXe'),
(841, 'Echographie', 0, '2024-07-14 15:44:55', '2024-07-14 15:44:55', 53, 'bMd5o'),
(842, 'Chirurgie', 0, '2024-07-14 15:44:55', '2024-07-14 15:44:55', 53, 'xKovc'),
(843, 'Anesthésie', 0, '2024-07-14 15:44:55', '2024-07-14 15:44:55', 53, 'QB7Lq'),
(844, 'Soins intensifs', 0, '2024-07-14 15:44:55', '2024-07-14 15:44:55', 53, 'q4cHw'),
(845, 'Oncologie', 0, '2024-07-14 15:44:55', '2024-07-14 15:44:55', 53, 'KF5H3'),
(846, 'Soins infirmiers', 0, '2024-07-14 15:44:55', '2024-07-14 15:44:55', 53, 'RGSVC'),
(847, 'Examens médicaux', 0, '2024-07-14 15:44:55', '2024-07-14 15:44:55', 53, '3QMyj'),
(848, 'Pédiatrie', 0, '2024-07-14 15:44:55', '2024-07-14 15:44:55', 53, 'tOZZC'),
(849, 'Gastro-entérologie', 0, '2024-07-14 15:44:55', '2024-07-14 15:44:55', 53, '9SEla'),
(850, 'Néphrologie', 0, '2024-07-14 15:44:55', '2024-07-14 15:44:55', 53, 'hjOna'),
(851, 'Pneumologie', 0, '2024-07-14 15:44:55', '2024-07-14 15:44:55', 53, 'FoUbJ'),
(852, 'Neurologie', 0, '2024-07-14 15:44:55', '2024-07-14 15:44:55', 53, 'RCp5W'),
(853, 'Endocrinologie', 0, '2024-07-14 15:44:55', '2024-07-14 15:44:55', 53, 'NrDiN'),
(854, 'Dermatologie', 0, '2024-07-14 15:44:55', '2024-07-14 15:44:55', 53, 'ArKSE'),
(855, 'Physiothérapie/rééducation', 0, '2024-07-14 15:44:55', '2024-07-14 15:44:55', 53, 'X7eAV'),
(856, 'Imagerie médicale', 0, '2024-07-14 15:44:55', '2024-07-14 15:44:55', 53, 'NgJmU'),
(857, 'Frais basique', 0, '2024-07-14 15:48:54', '2024-07-14 15:48:54', 54, '4n9Ky'),
(858, 'Soins d\'urgence', 0, '2024-07-14 15:48:54', '2024-07-14 15:48:54', 54, '5vYi0'),
(859, 'Analyse de laboratoire', 0, '2024-07-14 15:48:54', '2024-07-14 15:48:54', 54, 'FnnlD'),
(860, 'Radiographie', 0, '2024-07-14 15:48:54', '2024-07-14 15:48:54', 54, 'bhlcK'),
(861, 'Echographie', 0, '2024-07-14 15:48:54', '2024-07-14 15:48:54', 54, '6JoB0'),
(862, 'Chirurgie', 0, '2024-07-14 15:48:54', '2024-07-14 15:48:54', 54, 'wi2Ot'),
(863, 'Anesthésie', 0, '2024-07-14 15:48:54', '2024-07-14 15:48:54', 54, 'sBGpA'),
(864, 'Soins intensifs', 0, '2024-07-14 15:48:54', '2024-07-14 15:48:54', 54, 'iVjnf'),
(865, 'Oncologie', 0, '2024-07-14 15:48:54', '2024-07-14 15:48:54', 54, '3plfX'),
(866, 'Soins infirmiers', 0, '2024-07-14 15:48:54', '2024-07-14 15:48:54', 54, 'L1DU2'),
(867, 'Examens médicaux', 0, '2024-07-14 15:48:54', '2024-07-14 15:48:54', 54, 'OcJJI'),
(868, 'Pédiatrie', 0, '2024-07-14 15:48:54', '2024-07-14 15:48:54', 54, 'xt6A3'),
(869, 'Gastro-entérologie', 0, '2024-07-14 15:48:54', '2024-07-14 15:48:54', 54, 'QM40E'),
(870, 'Néphrologie', 0, '2024-07-14 15:48:54', '2024-07-14 15:48:54', 54, '4jWue'),
(871, 'Pneumologie', 0, '2024-07-14 15:48:54', '2024-07-14 15:48:54', 54, 'HiexW'),
(872, 'Neurologie', 0, '2024-07-14 15:48:54', '2024-07-14 15:48:54', 54, 'Ikf04'),
(873, 'Endocrinologie', 0, '2024-07-14 15:48:54', '2024-07-14 15:48:54', 54, '7Hc1N'),
(874, 'Dermatologie', 0, '2024-07-14 15:48:54', '2024-07-14 15:48:54', 54, 'HGdxd'),
(875, 'Physiothérapie/rééducation', 0, '2024-07-14 15:48:54', '2024-07-14 15:48:54', 54, '2auQp'),
(876, 'Imagerie médicale', 0, '2024-07-14 15:48:54', '2024-07-14 15:48:54', 54, 's5rpJ'),
(877, 'Frais basique', 0, '2024-08-05 19:56:44', '2024-08-05 19:56:44', 55, 'AtbAb'),
(878, 'Soins d\'urgence', 0, '2024-08-05 19:56:44', '2024-08-05 19:56:44', 55, 'rNGTT'),
(879, 'Analyse de laboratoire', 0, '2024-08-05 19:56:44', '2024-08-05 19:56:44', 55, 'gu9sG'),
(880, 'Radiographie', 0, '2024-08-05 19:56:44', '2024-08-05 19:56:44', 55, 'qH7vk'),
(881, 'Echographie', 0, '2024-08-05 19:56:44', '2024-08-05 19:56:44', 55, 'WIym6'),
(882, 'Chirurgie', 0, '2024-08-05 19:56:44', '2024-08-05 19:56:44', 55, 'ednSc'),
(883, 'Anesthésie', 0, '2024-08-05 19:56:44', '2024-08-05 19:56:44', 55, '1r2kQ'),
(884, 'Soins intensifs', 0, '2024-08-05 19:56:44', '2024-08-05 19:56:44', 55, 'mWNmd'),
(885, 'Oncologie', 0, '2024-08-05 19:56:44', '2024-08-05 19:56:44', 55, '1n5bs'),
(886, 'Soins infirmiers', 0, '2024-08-05 19:56:44', '2024-08-05 19:56:44', 55, 'q1yBG'),
(887, 'Examens médicaux', 0, '2024-08-05 19:56:44', '2024-08-05 19:56:44', 55, 'RyAtZ'),
(888, 'Pédiatrie', 0, '2024-08-05 19:56:44', '2024-08-05 19:56:44', 55, 'GpJfd'),
(889, 'Gastro-entérologie', 0, '2024-08-05 19:56:44', '2024-08-05 19:56:44', 55, 'Fesqa'),
(890, 'Néphrologie', 0, '2024-08-05 19:56:44', '2024-08-05 19:56:44', 55, '32h6Z'),
(891, 'Pneumologie', 0, '2024-08-05 19:56:44', '2024-08-05 19:56:44', 55, 'zhXgk'),
(892, 'Neurologie', 0, '2024-08-05 19:56:44', '2024-08-05 19:56:44', 55, '8HRqS'),
(893, 'Endocrinologie', 0, '2024-08-05 19:56:44', '2024-08-05 19:56:44', 55, 'BEDsL'),
(894, 'Dermatologie', 0, '2024-08-05 19:56:44', '2024-08-05 19:56:44', 55, '7xtgJ'),
(895, 'Physiothérapie/rééducation', 0, '2024-08-05 19:56:44', '2024-08-05 19:56:44', 55, 'GPhCG'),
(896, 'Imagerie médicale', 0, '2024-08-05 19:56:44', '2024-08-05 19:56:44', 55, 'DFEr7'),
(897, 'Frais basique', 0, '2024-08-09 14:49:28', '2024-08-09 14:49:28', 56, '997Jt'),
(898, 'Soins d\'urgence', 0, '2024-08-09 14:49:28', '2024-08-09 14:49:28', 56, 'D149o'),
(899, 'Analyse de laboratoire', 0, '2024-08-09 14:49:28', '2024-08-09 14:49:28', 56, 'jpf7Z'),
(900, 'Radiographie', 0, '2024-08-09 14:49:28', '2024-08-09 14:49:28', 56, 't73Zd'),
(901, 'Echographie', 0, '2024-08-09 14:49:28', '2024-08-09 14:49:28', 56, '58rIx'),
(902, 'Chirurgie', 0, '2024-08-09 14:49:28', '2024-08-09 14:49:28', 56, 'RSVPa'),
(903, 'Anesthésie', 0, '2024-08-09 14:49:28', '2024-08-09 14:49:28', 56, 'c7WoD'),
(904, 'Soins intensifs', 0, '2024-08-09 14:49:28', '2024-08-09 14:49:28', 56, 'LHq0l'),
(905, 'Oncologie', 0, '2024-08-09 14:49:28', '2024-08-09 14:49:28', 56, 'ri39s'),
(906, 'Soins infirmiers', 0, '2024-08-09 14:49:28', '2024-08-09 14:49:28', 56, 'K9fGg'),
(907, 'Examens médicaux', 0, '2024-08-09 14:49:28', '2024-08-09 14:49:28', 56, 'V6WG2'),
(908, 'Pédiatrie', 0, '2024-08-09 14:49:28', '2024-08-09 14:49:28', 56, 'iAJaF'),
(909, 'Gastro-entérologie', 0, '2024-08-09 14:49:28', '2024-08-09 14:49:28', 56, 'Xuank'),
(910, 'Néphrologie', 0, '2024-08-09 14:49:28', '2024-08-09 14:49:28', 56, 'sPvYj'),
(911, 'Pneumologie', 0, '2024-08-09 14:49:28', '2024-08-09 14:49:28', 56, '00CkD'),
(912, 'Neurologie', 0, '2024-08-09 14:49:28', '2024-08-09 14:49:28', 56, 'tp2oP'),
(913, 'Endocrinologie', 0, '2024-08-09 14:49:28', '2024-08-09 14:49:28', 56, 'sOZkR'),
(914, 'Dermatologie', 0, '2024-08-09 14:49:28', '2024-08-09 14:49:28', 56, 'KiNBM'),
(915, 'Physiothérapie/rééducation', 0, '2024-08-09 14:49:28', '2024-08-09 14:49:28', 56, 'wJofS'),
(916, 'Imagerie médicale', 0, '2024-08-09 14:49:28', '2024-08-09 14:49:28', 56, 'g3uzN'),
(917, 'Frais basique', 0, '2024-08-09 15:05:30', '2024-08-09 15:05:30', 57, 'yvKPs'),
(918, 'Soins d\'urgence', 0, '2024-08-09 15:05:30', '2024-08-09 15:05:30', 57, 'WFA3d'),
(919, 'Analyse de laboratoire', 0, '2024-08-09 15:05:30', '2024-08-09 15:05:30', 57, 'bTNHh'),
(920, 'Radiographie', 0, '2024-08-09 15:05:30', '2024-08-09 15:05:30', 57, 'tOuyh'),
(921, 'Echographie', 0, '2024-08-09 15:05:30', '2024-08-09 15:05:30', 57, 'B9wv4'),
(922, 'Chirurgie', 0, '2024-08-09 15:05:30', '2024-08-09 15:05:30', 57, 'asQ5h'),
(923, 'Anesthésie', 0, '2024-08-09 15:05:30', '2024-08-09 15:05:30', 57, '82XCN'),
(924, 'Soins intensifs', 0, '2024-08-09 15:05:30', '2024-08-09 15:05:30', 57, '4ETG4'),
(925, 'Oncologie', 0, '2024-08-09 15:05:30', '2024-08-09 15:05:30', 57, 'LzXBM'),
(926, 'Soins infirmiers', 0, '2024-08-09 15:05:30', '2024-08-09 15:05:30', 57, 'mfTI5'),
(927, 'Examens médicaux', 0, '2024-08-09 15:05:30', '2024-08-09 15:05:30', 57, '4bfao'),
(928, 'Pédiatrie', 0, '2024-08-09 15:05:30', '2024-08-09 15:05:30', 57, '0pfHt'),
(929, 'Gastro-entérologie', 0, '2024-08-09 15:05:30', '2024-08-09 15:05:30', 57, 'LJIcB'),
(930, 'Néphrologie', 0, '2024-08-09 15:05:30', '2024-08-09 15:05:30', 57, 'U5jIs'),
(931, 'Pneumologie', 0, '2024-08-09 15:05:30', '2024-08-09 15:05:30', 57, 'vhkHB'),
(932, 'Neurologie', 0, '2024-08-09 15:05:30', '2024-08-09 15:05:30', 57, 'OAYCb'),
(933, 'Endocrinologie', 0, '2024-08-09 15:05:30', '2024-08-09 15:05:30', 57, 'Ayio4'),
(934, 'Dermatologie', 0, '2024-08-09 15:05:30', '2024-08-09 15:05:30', 57, 'N28bA'),
(935, 'Physiothérapie/rééducation', 0, '2024-08-09 15:05:30', '2024-08-09 15:05:30', 57, 'Bsmr6'),
(936, 'Imagerie médicale', 0, '2024-08-09 15:05:30', '2024-08-09 15:05:30', 57, 'vUn6W'),
(937, 'Frais basique', 0, '2024-09-26 18:32:59', '2024-09-26 18:32:59', 58, 'DUTCL'),
(938, 'Soins d\'urgence', 0, '2024-09-26 18:32:59', '2024-09-26 18:32:59', 58, 'toAHX'),
(939, 'Analyse de laboratoire', 0, '2024-09-26 18:32:59', '2024-09-26 18:32:59', 58, '9Pymy'),
(940, 'Radiographie', 0, '2024-09-26 18:32:59', '2024-09-26 18:32:59', 58, 'YhWYI'),
(941, 'Echographie', 0, '2024-09-26 18:32:59', '2024-09-26 18:32:59', 58, 'JLlBW'),
(942, 'Chirurgie', 0, '2024-09-26 18:32:59', '2024-09-26 18:32:59', 58, 'lLffc'),
(943, 'Anesthésie', 0, '2024-09-26 18:32:59', '2024-09-26 18:32:59', 58, 'WkEiY'),
(944, 'Soins intensifs', 0, '2024-09-26 18:32:59', '2024-09-26 18:32:59', 58, 'uG6bO'),
(945, 'Oncologie', 0, '2024-09-26 18:32:59', '2024-09-26 18:32:59', 58, 'okYzB'),
(946, 'Soins infirmiers', 0, '2024-09-26 18:32:59', '2024-09-26 18:32:59', 58, 'jhKuh'),
(947, 'Examens médicaux', 0, '2024-09-26 18:32:59', '2024-09-26 18:32:59', 58, '25Jer'),
(948, 'Pédiatrie', 0, '2024-09-26 18:32:59', '2024-09-26 18:32:59', 58, 'RDu28'),
(949, 'Gastro-entérologie', 0, '2024-09-26 18:32:59', '2024-09-26 18:32:59', 58, '20LSc'),
(950, 'Néphrologie', 0, '2024-09-26 18:32:59', '2024-09-26 18:32:59', 58, 'PzUm2'),
(951, 'Pneumologie', 0, '2024-09-26 18:32:59', '2024-09-26 18:32:59', 58, '9V6yW'),
(952, 'Neurologie', 0, '2024-09-26 18:32:59', '2024-09-26 18:32:59', 58, 'xKoCb'),
(953, 'Endocrinologie', 0, '2024-09-26 18:32:59', '2024-09-26 18:32:59', 58, 'uJm7l'),
(954, 'Dermatologie', 0, '2024-09-26 18:32:59', '2024-09-26 18:32:59', 58, 'Q4Ysi'),
(955, 'Physiothérapie/rééducation', 0, '2024-09-26 18:32:59', '2024-09-26 18:32:59', 58, 'QOF8r'),
(956, 'Imagerie médicale', 0, '2024-09-26 18:32:59', '2024-09-26 18:32:59', 58, 'yC3cP'),
(957, 'Frais basique', 0, '2024-09-26 18:55:28', '2024-09-26 18:55:28', 59, 'mQBF0'),
(958, 'Soins d\'urgence', 0, '2024-09-26 18:55:28', '2024-09-26 18:55:28', 59, '01D27'),
(959, 'Analyse de laboratoire', 0, '2024-09-26 18:55:28', '2024-09-26 18:55:28', 59, 'TsI1z'),
(960, 'Radiographie', 0, '2024-09-26 18:55:28', '2024-09-26 18:55:28', 59, 'ixdTL'),
(961, 'Echographie', 0, '2024-09-26 18:55:28', '2024-09-26 18:55:28', 59, 'h2rDk'),
(962, 'Chirurgie', 0, '2024-09-26 18:55:28', '2024-09-26 18:55:28', 59, 'kfemY'),
(963, 'Anesthésie', 0, '2024-09-26 18:55:28', '2024-09-26 18:55:28', 59, 'tAVVe'),
(964, 'Soins intensifs', 0, '2024-09-26 18:55:28', '2024-09-26 18:55:28', 59, 'ZyzcB'),
(965, 'Oncologie', 0, '2024-09-26 18:55:28', '2024-09-26 18:55:28', 59, 'KDm06'),
(966, 'Soins infirmiers', 0, '2024-09-26 18:55:28', '2024-09-26 18:55:28', 59, '69LHk'),
(967, 'Examens médicaux', 0, '2024-09-26 18:55:28', '2024-09-26 18:55:28', 59, 'boX40'),
(968, 'Pédiatrie', 0, '2024-09-26 18:55:28', '2024-09-26 18:55:28', 59, 'W9yWN'),
(969, 'Gastro-entérologie', 0, '2024-09-26 18:55:28', '2024-09-26 18:55:28', 59, 'mCc6t'),
(970, 'Néphrologie', 0, '2024-09-26 18:55:28', '2024-09-26 18:55:28', 59, '1GoGA'),
(971, 'Pneumologie', 0, '2024-09-26 18:55:28', '2024-09-26 18:55:28', 59, 'oElTx'),
(972, 'Neurologie', 0, '2024-09-26 18:55:28', '2024-09-26 18:55:28', 59, 'vatKH'),
(973, 'Endocrinologie', 0, '2024-09-26 18:55:28', '2024-09-26 18:55:28', 59, 'AQyDD'),
(974, 'Dermatologie', 0, '2024-09-26 18:55:28', '2024-09-26 18:55:28', 59, 'IJ97m'),
(975, 'Physiothérapie/rééducation', 0, '2024-09-26 18:55:28', '2024-09-26 18:55:28', 59, 'ZE1f9'),
(976, 'Imagerie médicale', 0, '2024-09-26 18:55:28', '2024-09-26 18:55:28', 59, 'gngdk'),
(977, 'Frais basique', 0, '2024-09-26 19:20:54', '2024-09-26 19:20:54', 60, 'oOPJq'),
(978, 'Soins d\'urgence', 0, '2024-09-26 19:20:54', '2024-09-26 19:20:54', 60, 'P0q5P'),
(979, 'Analyse de laboratoire', 0, '2024-09-26 19:20:54', '2024-09-26 19:20:54', 60, '0pSp2'),
(980, 'Radiographie', 0, '2024-09-26 19:20:54', '2024-09-26 19:20:54', 60, 'edYJn'),
(981, 'Echographie', 0, '2024-09-26 19:20:54', '2024-09-26 19:20:54', 60, 'Czmk0'),
(982, 'Chirurgie', 0, '2024-09-26 19:20:54', '2024-09-26 19:20:54', 60, 'aTIDm'),
(983, 'Anesthésie', 0, '2024-09-26 19:20:54', '2024-09-26 19:20:54', 60, 'gFM24'),
(984, 'Soins intensifs', 0, '2024-09-26 19:20:54', '2024-09-26 19:20:54', 60, 'DfVac'),
(985, 'Oncologie', 0, '2024-09-26 19:20:54', '2024-09-26 19:20:54', 60, 'JUhmm'),
(986, 'Soins infirmiers', 0, '2024-09-26 19:20:54', '2024-09-26 19:20:54', 60, 'AUMRb'),
(987, 'Examens médicaux', 0, '2024-09-26 19:20:54', '2024-09-26 19:20:54', 60, 'oq6Rx'),
(988, 'Pédiatrie', 0, '2024-09-26 19:20:54', '2024-09-26 19:20:54', 60, 'NDxlc'),
(989, 'Gastro-entérologie', 0, '2024-09-26 19:20:54', '2024-09-26 19:20:54', 60, 'AZpSq'),
(990, 'Néphrologie', 0, '2024-09-26 19:20:54', '2024-09-26 19:20:54', 60, 'zpbZ5'),
(991, 'Pneumologie', 0, '2024-09-26 19:20:54', '2024-09-26 19:20:54', 60, 'cDBZQ'),
(992, 'Neurologie', 0, '2024-09-26 19:20:54', '2024-09-26 19:20:54', 60, 'oXo08'),
(993, 'Endocrinologie', 0, '2024-09-26 19:20:54', '2024-09-26 19:20:54', 60, '78cCE'),
(994, 'Dermatologie', 0, '2024-09-26 19:20:54', '2024-09-26 19:20:54', 60, 'KhHR9'),
(995, 'Physiothérapie/rééducation', 0, '2024-09-26 19:20:54', '2024-09-26 19:20:54', 60, '2kuYd'),
(996, 'Imagerie médicale', 0, '2024-09-26 19:20:54', '2024-09-26 19:20:54', 60, 'D92vi'),
(997, 'Frais basique', 0, '2024-09-26 19:31:58', '2024-09-26 19:31:58', 61, 'nKXBH'),
(998, 'Soins d\'urgence', 0, '2024-09-26 19:31:58', '2024-09-26 19:31:58', 61, 'erU4e'),
(999, 'Analyse de laboratoire', 5200, '2024-09-26 19:31:58', '2024-09-29 23:14:58', 61, 'IaMIN'),
(1000, 'Radiographie', 0, '2024-09-26 19:31:58', '2024-09-26 19:31:58', 61, 'LoJ4b'),
(1001, 'Echographie', 0, '2024-09-26 19:31:58', '2024-09-26 19:31:58', 61, 'uYVcI'),
(1002, 'Chirurgie', 0, '2024-09-26 19:31:58', '2024-09-26 19:31:58', 61, '50vHc'),
(1003, 'Anesthésie', 0, '2024-09-26 19:31:58', '2024-09-26 19:31:58', 61, '45OHx'),
(1004, 'Soins intensifs', 0, '2024-09-26 19:31:58', '2024-09-26 19:31:58', 61, 'd47OY'),
(1005, 'Oncologie', 0, '2024-09-26 19:31:58', '2024-09-26 19:31:58', 61, 'jWQXW'),
(1006, 'Soins infirmiers', 0, '2024-09-26 19:31:58', '2024-09-26 19:31:58', 61, 'AmARg'),
(1007, 'Examens médicaux', 0, '2024-09-26 19:31:58', '2024-09-26 19:31:58', 61, 'Tg2jM'),
(1008, 'Pédiatrie', 0, '2024-09-26 19:31:58', '2024-09-26 19:31:58', 61, 'liM4T'),
(1009, 'Gastro-entérologie', 0, '2024-09-26 19:31:58', '2024-09-26 19:31:58', 61, '8pdwi'),
(1010, 'Néphrologie', 0, '2024-09-26 19:31:58', '2024-09-26 19:31:58', 61, 'Pc1jz'),
(1011, 'Pneumologie', 0, '2024-09-26 19:31:58', '2024-09-26 19:31:58', 61, 'o3a46'),
(1012, 'Neurologie', 0, '2024-09-26 19:31:58', '2024-09-26 19:31:58', 61, 'LvRs5'),
(1013, 'Endocrinologie', 0, '2024-09-26 19:31:58', '2024-09-26 19:31:58', 61, 'D5Uly'),
(1014, 'Dermatologie', 0, '2024-09-26 19:31:58', '2024-09-26 19:31:58', 61, 'UFp3d'),
(1015, 'Physiothérapie/rééducation', 0, '2024-09-26 19:31:58', '2024-09-26 19:31:58', 61, 'gbzm3'),
(1016, 'Imagerie médicale', 0, '2024-09-26 19:31:58', '2024-09-26 19:31:58', 61, 'jlUJv'),
(1017, 'Injection', 1000, '2024-09-29 15:01:18', '2024-09-29 15:01:18', 61, 'gqgqQ'),
(1018, 'Injection', 5200, '2024-09-29 23:14:30', '2024-09-29 23:14:30', 61, 'S1LZu'),
(1019, 'Frais basique', 0, '2024-10-13 00:23:24', '2024-10-13 00:23:24', 62, '95l8r'),
(1020, 'Soins d\'urgence', 0, '2024-10-13 00:23:24', '2024-10-13 00:23:24', 62, 'bUFIk'),
(1021, 'Analyse de laboratoire', 0, '2024-10-13 00:23:24', '2024-10-13 00:23:24', 62, 'dX4Od'),
(1022, 'Radiographie', 0, '2024-10-13 00:23:24', '2024-10-13 00:23:24', 62, 'bx8Bh'),
(1023, 'Echographie', 0, '2024-10-13 00:23:24', '2024-10-13 00:23:24', 62, 'W6YhM'),
(1024, 'Chirurgie', 0, '2024-10-13 00:23:24', '2024-10-13 00:23:24', 62, '5gF3F'),
(1025, 'Anesthésie', 0, '2024-10-13 00:23:24', '2024-10-13 00:23:24', 62, 'kHRCn'),
(1026, 'Soins intensifs', 0, '2024-10-13 00:23:24', '2024-10-13 00:23:24', 62, 'k4dSN'),
(1027, 'Oncologie', 0, '2024-10-13 00:23:24', '2024-10-13 00:23:24', 62, 'fPjFk'),
(1028, 'Soins infirmiers', 0, '2024-10-13 00:23:24', '2024-10-13 00:23:24', 62, 'cYFoU'),
(1029, 'Examens médicaux', 0, '2024-10-13 00:23:24', '2024-10-13 00:23:24', 62, '2JKMc'),
(1030, 'Pédiatrie', 0, '2024-10-13 00:23:24', '2024-10-13 00:23:24', 62, 'Aneti'),
(1031, 'Gastro-entérologie', 0, '2024-10-13 00:23:24', '2024-10-13 00:23:24', 62, '4gbSS'),
(1032, 'Néphrologie', 0, '2024-10-13 00:23:24', '2024-10-13 00:23:24', 62, 'vK6Km'),
(1033, 'Pneumologie', 0, '2024-10-13 00:23:24', '2024-10-13 00:23:24', 62, 'h7DvU'),
(1034, 'Neurologie', 0, '2024-10-13 00:23:24', '2024-10-13 00:23:24', 62, 'Bn1B1'),
(1035, 'Endocrinologie', 0, '2024-10-13 00:23:24', '2024-10-13 00:23:24', 62, 'r7dPO'),
(1036, 'Dermatologie', 0, '2024-10-13 00:23:24', '2024-10-13 00:23:24', 62, 'qLeOp'),
(1037, 'Physiothérapie/rééducation', 0, '2024-10-13 00:23:24', '2024-10-13 00:23:24', 62, 'vDAZt'),
(1038, 'Imagerie médicale', 0, '2024-10-13 00:23:24', '2024-10-13 00:23:24', 62, 'HsAdW'),
(1039, 'Frais basique', 0, '2024-10-24 23:44:30', '2024-10-24 23:44:30', 63, '8te6d'),
(1040, 'Soins d\'urgence', 0, '2024-10-24 23:44:30', '2024-10-24 23:44:30', 63, 'oABqq'),
(1041, 'Analyse de laboratoire', 0, '2024-10-24 23:44:30', '2024-10-24 23:44:30', 63, '348J9'),
(1042, 'Radiographie', 0, '2024-10-24 23:44:30', '2024-10-24 23:44:30', 63, 'Vvbzh'),
(1043, 'Echographie', 0, '2024-10-24 23:44:30', '2024-10-24 23:44:30', 63, 'DSYpf'),
(1044, 'Chirurgie', 0, '2024-10-24 23:44:30', '2024-10-24 23:44:30', 63, 'PHtzp'),
(1045, 'Anesthésie', 0, '2024-10-24 23:44:30', '2024-10-24 23:44:30', 63, 'CKKxF'),
(1046, 'Soins intensifs', 0, '2024-10-24 23:44:30', '2024-10-24 23:44:30', 63, 'Q62HJ'),
(1047, 'Oncologie', 0, '2024-10-24 23:44:30', '2024-10-24 23:44:30', 63, '88NgA'),
(1048, 'Soins infirmiers', 0, '2024-10-24 23:44:30', '2024-10-24 23:44:30', 63, 'Hvm6K'),
(1049, 'Examens médicaux', 0, '2024-10-24 23:44:30', '2024-10-24 23:44:30', 63, '9t3D4'),
(1050, 'Pédiatrie', 0, '2024-10-24 23:44:30', '2024-10-24 23:44:30', 63, 'zYBjI'),
(1051, 'Gastro-entérologie', 0, '2024-10-24 23:44:30', '2024-10-24 23:44:30', 63, 'eRJfk'),
(1052, 'Néphrologie', 0, '2024-10-24 23:44:30', '2024-10-24 23:44:30', 63, 'xgPBb'),
(1053, 'Pneumologie', 0, '2024-10-24 23:44:30', '2024-10-24 23:44:30', 63, 'Q79sm'),
(1054, 'Neurologie', 0, '2024-10-24 23:44:30', '2024-10-24 23:44:30', 63, 'dwhd6'),
(1055, 'Endocrinologie', 0, '2024-10-24 23:44:30', '2024-10-24 23:44:30', 63, 'l8EwK'),
(1056, 'Dermatologie', 0, '2024-10-24 23:44:30', '2024-10-24 23:44:30', 63, 'y5g2v'),
(1057, 'Physiothérapie/rééducation', 0, '2024-10-24 23:44:30', '2024-10-24 23:44:30', 63, 'UODeP'),
(1058, 'Imagerie médicale', 0, '2024-10-24 23:44:30', '2024-10-24 23:44:30', 63, 'mUFCB'),
(1059, 'Frais basique', 0, '2024-10-25 11:32:46', '2024-10-25 11:32:46', 64, 'qdael'),
(1060, 'Soins d\'urgence', 0, '2024-10-25 11:32:46', '2024-10-25 11:32:46', 64, '0RGtD'),
(1061, 'Analyse de laboratoire', 0, '2024-10-25 11:32:46', '2024-10-25 11:32:46', 64, '069Of'),
(1062, 'Radiographie', 0, '2024-10-25 11:32:46', '2024-10-25 11:32:46', 64, 'ax2ph'),
(1063, 'Echographie', 0, '2024-10-25 11:32:46', '2024-10-25 11:32:46', 64, 'bu1C7'),
(1064, 'Chirurgie', 0, '2024-10-25 11:32:46', '2024-10-25 11:32:46', 64, 'WO1Kw'),
(1065, 'Anesthésie', 0, '2024-10-25 11:32:46', '2024-10-25 11:32:46', 64, 'AopwI'),
(1066, 'Soins intensifs', 0, '2024-10-25 11:32:46', '2024-10-25 11:32:46', 64, 'H7Hr1'),
(1067, 'Oncologie', 0, '2024-10-25 11:32:46', '2024-10-25 11:32:46', 64, 'a0eiW'),
(1068, 'Soins infirmiers', 0, '2024-10-25 11:32:46', '2024-10-25 11:32:46', 64, 'D9mwa'),
(1069, 'Examens médicaux', 0, '2024-10-25 11:32:46', '2024-10-25 11:32:46', 64, 'u1pSX'),
(1070, 'Pédiatrie', 0, '2024-10-25 11:32:46', '2024-10-25 11:32:46', 64, 'dEQuF'),
(1071, 'Gastro-entérologie', 0, '2024-10-25 11:32:46', '2024-10-25 11:32:46', 64, 'c9wkq'),
(1072, 'Néphrologie', 0, '2024-10-25 11:32:46', '2024-10-25 11:32:46', 64, '1i9KH'),
(1073, 'Pneumologie', 0, '2024-10-25 11:32:46', '2024-10-25 11:32:46', 64, 'TBI9B'),
(1074, 'Neurologie', 0, '2024-10-25 11:32:46', '2024-10-25 11:32:46', 64, 'auE7O'),
(1075, 'Endocrinologie', 0, '2024-10-25 11:32:46', '2024-10-25 11:32:46', 64, '30rvQ'),
(1076, 'Dermatologie', 0, '2024-10-25 11:32:46', '2024-10-25 11:32:46', 64, 't6G7e'),
(1077, 'Physiothérapie/rééducation', 0, '2024-10-25 11:32:46', '2024-10-25 11:32:46', 64, 'wpf4f'),
(1078, 'Imagerie médicale', 0, '2024-10-25 11:32:46', '2024-10-25 11:32:46', 64, 'oqt0E'),
(1079, 'Frais basique', 0, '2024-10-25 15:20:39', '2024-10-25 15:20:39', 65, 'xEBCo'),
(1080, 'Soins d\'urgence', 0, '2024-10-25 15:20:39', '2024-10-25 15:20:39', 65, 'wnnDX'),
(1081, 'Analyse de laboratoire', 0, '2024-10-25 15:20:39', '2024-10-25 15:20:39', 65, 'g2GFj'),
(1082, 'Radiographie', 0, '2024-10-25 15:20:39', '2024-10-25 15:20:39', 65, '50iem'),
(1083, 'Echographie', 0, '2024-10-25 15:20:39', '2024-10-25 15:20:39', 65, 'RTJTV'),
(1084, 'Chirurgie', 0, '2024-10-25 15:20:39', '2024-10-25 15:20:39', 65, 'XS2Nb'),
(1085, 'Anesthésie', 0, '2024-10-25 15:20:39', '2024-10-25 15:20:39', 65, 'bqWXS'),
(1086, 'Soins intensifs', 0, '2024-10-25 15:20:39', '2024-10-25 15:20:39', 65, 'LsAHA'),
(1087, 'Oncologie', 0, '2024-10-25 15:20:39', '2024-10-25 15:20:39', 65, 'xacab'),
(1088, 'Soins infirmiers', 0, '2024-10-25 15:20:39', '2024-10-25 15:20:39', 65, 'vnPtj'),
(1089, 'Examens médicaux', 0, '2024-10-25 15:20:39', '2024-10-25 15:20:39', 65, 'gNIqe'),
(1090, 'Pédiatrie', 0, '2024-10-25 15:20:39', '2024-10-25 15:20:39', 65, 'D56wH'),
(1091, 'Gastro-entérologie', 0, '2024-10-25 15:20:39', '2024-10-25 15:20:39', 65, 'jOfmm'),
(1092, 'Néphrologie', 0, '2024-10-25 15:20:39', '2024-10-25 15:20:39', 65, 'Ex937'),
(1093, 'Pneumologie', 0, '2024-10-25 15:20:39', '2024-10-25 15:20:39', 65, 'Flf5e'),
(1094, 'Neurologie', 0, '2024-10-25 15:20:39', '2024-10-25 15:20:39', 65, 'xjqL5'),
(1095, 'Endocrinologie', 0, '2024-10-25 15:20:39', '2024-10-25 15:20:39', 65, 'rU38i'),
(1096, 'Dermatologie', 0, '2024-10-25 15:20:39', '2024-10-25 15:20:39', 65, 'LfJqj'),
(1097, 'Physiothérapie/rééducation', 0, '2024-10-25 15:20:39', '2024-10-25 15:20:39', 65, 'vFhLM'),
(1098, 'Imagerie médicale', 0, '2024-10-25 15:20:39', '2024-10-25 15:20:39', 65, 'Ll3jV'),
(1099, 'Frais basique', 0, '2024-10-25 15:30:32', '2024-10-25 15:30:32', 66, '34JNH'),
(1100, 'Soins d\'urgence', 0, '2024-10-25 15:30:32', '2024-10-25 15:30:32', 66, '4dKzT'),
(1101, 'Analyse de laboratoire', 0, '2024-10-25 15:30:32', '2024-10-25 15:30:32', 66, 'ZTEqJ'),
(1102, 'Radiographie', 0, '2024-10-25 15:30:32', '2024-10-25 15:30:32', 66, 'SXSs5'),
(1103, 'Echographie', 0, '2024-10-25 15:30:32', '2024-10-25 15:30:32', 66, 'rjJ29'),
(1104, 'Chirurgie', 0, '2024-10-25 15:30:32', '2024-10-25 15:30:32', 66, 'Q4Axk'),
(1105, 'Anesthésie', 0, '2024-10-25 15:30:32', '2024-10-25 15:30:32', 66, 'AlaZ9'),
(1106, 'Soins intensifs', 0, '2024-10-25 15:30:32', '2024-10-25 15:30:32', 66, 'yIJUg'),
(1107, 'Oncologie', 0, '2024-10-25 15:30:32', '2024-10-25 15:30:32', 66, '8Ln1T'),
(1108, 'Soins infirmiers', 0, '2024-10-25 15:30:32', '2024-10-25 15:30:32', 66, 'wVhYV'),
(1109, 'Examens médicaux', 0, '2024-10-25 15:30:32', '2024-10-25 15:30:32', 66, 'QT2gA'),
(1110, 'Pédiatrie', 0, '2024-10-25 15:30:32', '2024-10-25 15:30:32', 66, 'sudrf'),
(1111, 'Gastro-entérologie', 0, '2024-10-25 15:30:32', '2024-10-25 15:30:32', 66, 'CnBKi'),
(1112, 'Néphrologie', 0, '2024-10-25 15:30:32', '2024-10-25 15:30:32', 66, 'QLMdQ'),
(1113, 'Pneumologie', 0, '2024-10-25 15:30:32', '2024-10-25 15:30:32', 66, 'KeBPV'),
(1114, 'Neurologie', 0, '2024-10-25 15:30:32', '2024-10-25 15:30:32', 66, '9gg1o'),
(1115, 'Endocrinologie', 0, '2024-10-25 15:30:32', '2024-10-25 15:30:32', 66, 'pNfHe'),
(1116, 'Dermatologie', 0, '2024-10-25 15:30:32', '2024-10-25 15:30:32', 66, 'JikLo'),
(1117, 'Physiothérapie/rééducation', 0, '2024-10-25 15:30:32', '2024-10-25 15:30:32', 66, 'SsR18'),
(1118, 'Imagerie médicale', 0, '2024-10-25 15:30:32', '2024-10-25 15:30:32', 66, 'cnxS1'),
(1119, 'Frais basique', 0, '2024-10-26 22:11:44', '2024-10-26 22:11:44', 67, 'u0BHe'),
(1120, 'Soins d\'urgence', 0, '2024-10-26 22:11:44', '2024-10-26 22:11:44', 67, 'PC0UC'),
(1121, 'Analyse de laboratoire', 0, '2024-10-26 22:11:44', '2024-10-26 22:11:44', 67, '6aC53'),
(1122, 'Radiographie', 0, '2024-10-26 22:11:44', '2024-10-26 22:11:44', 67, 'nbGIQ'),
(1123, 'Echographie', 0, '2024-10-26 22:11:44', '2024-10-26 22:11:44', 67, 'RTHfj'),
(1124, 'Chirurgie', 0, '2024-10-26 22:11:44', '2024-10-26 22:11:44', 67, '3k31N'),
(1125, 'Anesthésie', 0, '2024-10-26 22:11:44', '2024-10-26 22:11:44', 67, 'sZcLt'),
(1126, 'Soins intensifs', 0, '2024-10-26 22:11:44', '2024-10-26 22:11:44', 67, '8nd2q'),
(1127, 'Oncologie', 0, '2024-10-26 22:11:44', '2024-10-26 22:11:44', 67, 'qhjcL'),
(1128, 'Soins infirmiers', 0, '2024-10-26 22:11:44', '2024-10-26 22:11:44', 67, 'J1GWT'),
(1129, 'Examens médicaux', 0, '2024-10-26 22:11:44', '2024-10-26 22:11:44', 67, 'mIJUh'),
(1130, 'Pédiatrie', 0, '2024-10-26 22:11:44', '2024-10-26 22:11:44', 67, 'DdQpD'),
(1131, 'Gastro-entérologie', 0, '2024-10-26 22:11:44', '2024-10-26 22:11:44', 67, 'q5Zxb'),
(1132, 'Néphrologie', 0, '2024-10-26 22:11:44', '2024-10-26 22:11:44', 67, 'ctFAH'),
(1133, 'Pneumologie', 0, '2024-10-26 22:11:44', '2024-10-26 22:11:44', 67, 'nEETw'),
(1134, 'Neurologie', 0, '2024-10-26 22:11:44', '2024-10-26 22:11:44', 67, '2lRsa'),
(1135, 'Endocrinologie', 0, '2024-10-26 22:11:44', '2024-10-26 22:11:44', 67, 'xD1Mv'),
(1136, 'Dermatologie', 0, '2024-10-26 22:11:44', '2024-10-26 22:11:44', 67, 'bRBSC'),
(1137, 'Physiothérapie/rééducation', 0, '2024-10-26 22:11:44', '2024-10-26 22:11:44', 67, 'cIGzh'),
(1138, 'Imagerie médicale', 0, '2024-10-26 22:11:44', '2024-10-26 22:11:44', 67, 'l17Cz');

-- --------------------------------------------------------

--
-- Structure de la table `commands`
--

CREATE TABLE `commands` (
  `id` bigint(20) UNSIGNED NOT NULL,
  `qte` int(11) NOT NULL,
  `product_id` int(11) NOT NULL,
  `sale_id` int(11) NOT NULL,
  `created_at` timestamp NULL DEFAULT NULL,
  `updated_at` timestamp NULL DEFAULT NULL,
  `company_id` bigint(20) UNSIGNED DEFAULT NULL,
  `custom_id` varchar(255) DEFAULT NULL
) ENGINE=InnoDB DEFAULT CHARSET=utf8mb4 COLLATE=utf8mb4_unicode_ci;

--
-- Déchargement des données de la table `commands`
--

INSERT INTO `commands` (`id`, `qte`, `product_id`, `sale_id`, `created_at`, `updated_at`, `company_id`, `custom_id`) VALUES
(1, 2, 2, 2, '2023-11-07 11:05:17', '2023-11-07 11:05:17', 14, NULL),
(2, 1, 1, 2, '2023-11-07 11:05:17', '2023-11-07 11:05:17', 14, NULL),
(3, 3, 3, 2, '2023-11-07 11:05:17', '2023-11-07 11:05:17', 14, NULL),
(4, 4, 2, 3, '2023-11-07 13:02:34', '2023-11-07 13:02:34', 14, NULL),
(5, 5, 4, 4, '2023-11-08 13:45:51', '2023-11-08 13:45:51', 15, NULL),
(6, 3, 5, 5, '2023-11-09 14:35:23', '2023-11-09 14:35:23', 16, NULL),
(7, 2, 6, 6, '2023-11-13 18:19:45', '2023-11-13 18:19:45', 16, NULL),
(8, 1, 5, 6, '2023-11-13 18:19:45', '2023-11-13 18:19:45', 16, NULL),
(9, 1, 6, 7, '2023-11-16 16:50:33', '2023-11-16 16:50:33', 16, NULL),
(10, 4, 6, 8, '2023-11-16 17:45:34', '2023-11-16 17:45:34', 16, NULL),
(11, 3, 6, 9, '2023-11-16 18:14:20', '2023-11-16 18:14:20', 16, NULL),
(12, 8, 6, 10, '2023-11-16 18:24:30', '2023-11-16 18:24:30', 16, NULL),
(13, 3, 5, 11, '2023-11-16 19:20:02', '2023-11-16 19:20:02', 16, NULL),
(14, 2, 5, 12, '2023-11-16 19:42:53', '2023-11-16 19:42:53', 16, NULL),
(15, 6, 6, 13, '2023-11-16 22:31:06', '2023-11-16 22:31:06', 16, NULL),
(16, 3, 5, 13, '2023-11-16 22:31:06', '2023-11-16 22:31:06', 16, NULL),
(17, 2, 6, 14, '2023-11-16 22:42:38', '2023-11-16 22:42:38', 16, NULL),
(18, 8, 6, 15, '2023-11-16 23:02:23', '2023-11-16 23:02:23', 16, NULL),
(19, 4, 5, 15, '2023-11-16 23:02:23', '2023-11-16 23:02:23', 16, NULL),
(20, 3, 6, 16, '2023-11-17 12:48:28', '2023-11-17 12:48:28', 16, NULL),
(21, 1, 9, 17, '2023-11-18 15:30:34', '2023-11-18 15:30:34', 16, NULL),
(22, 2, 8, 17, '2023-11-18 15:30:34', '2023-11-18 15:30:34', 16, NULL),
(23, 1, 2, 18, '2023-11-18 15:37:09', '2023-11-18 15:37:09', 16, NULL),
(24, 1, 7, 18, '2023-11-18 15:37:09', '2023-11-18 15:37:09', 16, NULL),
(25, 3, 16, 18, '2023-11-18 15:37:09', '2023-11-18 15:37:09', 16, NULL),
(26, 1, 17, 19, '2023-12-05 15:33:17', '2023-12-05 15:33:17', 16, NULL),
(27, 5, 4, 20, '2023-12-19 13:29:04', '2023-12-19 13:29:04', 15, NULL),
(28, 1, 20, 21, '2024-07-14 17:20:04', '2024-07-14 17:20:04', 54, NULL),
(29, 1, 1, 22, '2024-09-29 22:54:30', '2024-09-29 22:54:30', 61, NULL),
(30, 10, 22, 23, '2024-09-30 13:35:39', '2024-09-30 13:35:39', 61, NULL),
(31, 1500, 21, 23, '2024-09-30 13:35:39', '2024-09-30 13:35:39', 61, NULL),
(32, 4, 23, 23, '2024-09-30 13:35:39', '2024-09-30 13:35:39', 61, NULL),
(33, 10, 24, 23, '2024-09-30 13:35:39', '2024-09-30 13:35:39', 61, NULL),
(34, 10, 25, 23, '2024-09-30 13:35:39', '2024-09-30 13:35:39', 61, NULL),
(35, 10, 26, 23, '2024-09-30 13:35:39', '2024-09-30 13:35:39', 61, NULL),
(36, 1, 27, 23, '2024-09-30 13:35:39', '2024-09-30 13:35:39', 61, NULL),
(37, 4, 28, 23, '2024-09-30 13:35:39', '2024-09-30 13:35:39', 61, NULL),
(38, 10, 22, 24, '2024-09-30 14:00:15', '2024-09-30 14:00:15', 61, NULL),
(39, 1500, 21, 24, '2024-09-30 14:00:15', '2024-09-30 14:00:15', 61, NULL),
(40, 4, 23, 24, '2024-09-30 14:00:15', '2024-09-30 14:00:15', 61, NULL),
(41, 10, 24, 24, '2024-09-30 14:00:15', '2024-09-30 14:00:15', 61, NULL),
(42, 10, 25, 24, '2024-09-30 14:00:15', '2024-09-30 14:00:15', 61, NULL),
(43, 10, 26, 24, '2024-09-30 14:00:15', '2024-09-30 14:00:15', 61, NULL),
(44, 1, 27, 24, '2024-09-30 14:00:15', '2024-09-30 14:00:15', 61, NULL),
(45, 4, 28, 24, '2024-09-30 14:00:15', '2024-09-30 14:00:15', 61, NULL),
(46, 10, 29, 25, '2024-11-06 18:25:51', '2024-11-06 18:25:51', 66, NULL),
(47, 4, 30, 26, '2025-03-15 16:41:51', '2025-03-15 16:41:51', 66, NULL),
(48, 2, 29, 26, '2025-03-15 16:41:51', '2025-03-15 16:41:51', 66, NULL),
(49, 4, 29, 27, '2025-03-17 19:27:58', '2025-03-17 19:27:58', 66, NULL),
(50, 3, 30, 27, '2025-03-17 19:27:58', '2025-03-17 19:27:58', 66, NULL),
(51, 6, 29, 28, '2025-03-19 15:12:46', '2025-03-19 15:12:46', 66, NULL),
(52, 5, 30, 28, '2025-03-19 15:12:46', '2025-03-19 15:12:46', 66, NULL),
(53, 4, 31, 28, '2025-03-19 15:12:46', '2025-03-19 15:12:46', 66, NULL),
(54, 1, 31, 29, '2025-03-21 19:42:59', '2025-03-21 19:42:59', 66, NULL),
(55, 1, 29, 29, '2025-03-21 19:42:59', '2025-03-21 19:42:59', 66, NULL);

-- --------------------------------------------------------

--
-- Structure de la table `companies`
--

CREATE TABLE `companies` (
  `id` bigint(20) UNSIGNED NOT NULL,
  `name` varchar(255) NOT NULL,
  `doctor` varchar(255) NOT NULL,
  `diploma` text DEFAULT NULL,
  `logo` text DEFAULT NULL,
  `header` text DEFAULT NULL,
  `footer` text DEFAULT NULL,
  `ticket_amount` double DEFAULT NULL,
  `created_at` timestamp NULL DEFAULT NULL,
  `updated_at` timestamp NULL DEFAULT NULL,
  `subscription_id` int(11) DEFAULT NULL,
  `subscription_active` tinyint(1) NOT NULL DEFAULT 0,
  `last_subscription_date` timestamp NULL DEFAULT NULL,
  `tel` varchar(255) NOT NULL,
  `adresse` varchar(255) NOT NULL,
  `bp` varchar(255) DEFAULT NULL,
  `trial` tinyint(1) NOT NULL DEFAULT 1,
  `custom_id` varchar(255) DEFAULT NULL,
  `signature` text DEFAULT NULL,
  `tva` tinyint(1) NOT NULL DEFAULT 1,
  `country` varchar(255) DEFAULT NULL,
  `city` varchar(255) DEFAULT NULL,
  `subscriber_id` bigint(20) UNSIGNED DEFAULT NULL,
  `currency` varchar(255) DEFAULT NULL,
  `currency_symbol` varchar(255) DEFAULT NULL,
  `tva_value` double(8,2) DEFAULT NULL,
  `ai_credits` int(11) DEFAULT NULL
) ENGINE=InnoDB DEFAULT CHARSET=utf8mb4 COLLATE=utf8mb4_unicode_ci;

--
-- Déchargement des données de la table `companies`
--

INSERT INTO `companies` (`id`, `name`, `doctor`, `diploma`, `logo`, `header`, `footer`, `ticket_amount`, `created_at`, `updated_at`, `subscription_id`, `subscription_active`, `last_subscription_date`, `tel`, `adresse`, `bp`, `trial`, `custom_id`, `signature`, `tva`, `country`, `city`, `subscriber_id`, `currency`, `currency_symbol`, `tva_value`, `ai_credits`) VALUES
(1, 'COFFEE & TEA - BARBER TATTOO SHOP', 'TOTO', NULL, 'paHUaksQdZgrRKqhOKL8YttFchjSMNZuK5qPyzE4.png', '<p>MEDECINE GENERALE | PEDIATRIE | CONSULTATION PRE ET POST NATALES | ECHOGRAPHIE | ACCOUCHEMENT | PLANNING FAMILIAL | PETITE CHIRURGIE (CIRCONCISION)<br />| ANALYSES DE LABORATOIRE | VACCINATION | <br />PESE</p>\r\n<p>&nbsp;</p>\r\n<p>&nbsp;</p>', '<p style=\"text-align: center;\"><strong>AUTORISATION No 010/2015/MS/CAB/SG </strong>Tel : <strong>22 36 96 81</strong> <br /><strong>Yoko&egrave;-Adidogom&eacute;, Lom&eacute;, Togo</strong></p>', 500, NULL, '2023-10-11 13:35:24', 2, 1, '2023-10-11 13:35:24', '', '', NULL, 0, 'USC6t', NULL, 1, NULL, NULL, NULL, NULL, NULL, NULL, NULL),
(3, 'Akpokploe', 'Manu SOLITOKI', NULL, NULL, NULL, NULL, NULL, '2023-10-02 15:08:25', '2023-10-02 15:08:25', NULL, 0, NULL, '92929292', 'Awatamé, Lomé', NULL, 1, 'nub95', NULL, 1, NULL, NULL, NULL, NULL, NULL, NULL, NULL),
(4, 'Dave\'s', 'Dave', NULL, NULL, NULL, NULL, NULL, '2023-10-04 18:30:20', '2023-10-04 18:30:20', NULL, 0, NULL, '92222525', 'Awatamé, Lomé', NULL, 1, 'hHQwi', NULL, 1, NULL, NULL, NULL, NULL, NULL, NULL, NULL),
(5, 'User Clinique', 'User', NULL, NULL, NULL, NULL, NULL, '2023-10-04 18:43:51', '2023-10-04 18:43:51', NULL, 0, NULL, '95959595', 'Awatamé, Lomé', NULL, 1, 'xcEcT', NULL, 1, NULL, NULL, NULL, NULL, NULL, NULL, NULL),
(6, 'Golfe', 'Pradus', 'Oxford', 'tWP4xLCquHXsxZ2sRWhrUirDL8JkRsNTdHOZEtaB.png', NULL, NULL, NULL, '2023-10-10 20:27:08', '2023-10-23 19:11:39', 3, 1, '2023-10-22 09:45:15', '25255252', 'Assivito', NULL, 0, 'lbNP6', 'rjRJWcyEm8BuzUwfqiFVgfyccIDsIKIdvOynpwGI.png', 1, NULL, NULL, NULL, NULL, NULL, NULL, NULL),
(7, 'Chef Cuisto', 'Issifou', NULL, NULL, NULL, NULL, NULL, '2023-10-11 22:59:10', '2023-10-11 22:59:10', 2, 0, NULL, '25252525', 'Akpokploe, Awatamé, Lomé', NULL, 1, 'OlCb1', NULL, 1, NULL, NULL, NULL, NULL, NULL, NULL, NULL),
(8, 'OVO', 'Aubrey Graham', NULL, NULL, NULL, NULL, 500, '2023-10-18 20:10:56', '2023-10-18 20:10:56', 2, 1, NULL, '959598995', 'Toronto, CA', NULL, 1, 'draK3', NULL, 1, NULL, NULL, NULL, NULL, NULL, NULL, NULL),
(9, 'test', 'test', NULL, NULL, NULL, NULL, 500, '2023-10-20 12:24:07', '2023-10-20 12:24:07', 2, 1, NULL, '12345678', 'test', NULL, 1, 'bvMH1', NULL, 1, NULL, NULL, NULL, NULL, NULL, NULL, NULL),
(11, 'Kondy', 'Kondy', NULL, NULL, NULL, NULL, 500, '2023-11-03 12:55:26', '2023-11-03 12:55:26', 3, 1, NULL, '22519418', 'kondy', NULL, 1, 'IYhJ1', NULL, 1, NULL, NULL, NULL, NULL, NULL, NULL, NULL),
(12, 'FUT', 'Garrincha 98', NULL, 'yxGI0NAQddiNQRuTLe0m6pOx3mPqQfuS5fqi72k0.jpg', NULL, NULL, 500, '2023-11-06 12:24:06', '2023-11-06 12:26:14', 1, 1, '2023-11-06 12:24:07', '25858525', 'CEG', NULL, 1, 'QTMdQ', NULL, 1, NULL, NULL, NULL, NULL, NULL, NULL, NULL),
(13, 'Comédie', 'Kangni Ange', NULL, NULL, NULL, NULL, 500, '2023-11-06 12:36:05', '2023-11-06 12:36:05', 2, 1, NULL, '94979894', 'Ségbé', NULL, 1, 'vzQs0', NULL, 1, NULL, NULL, NULL, NULL, NULL, NULL, NULL),
(14, 'AMPA', 'Sadate Confirmé', NULL, NULL, NULL, NULL, 500, '2023-11-06 13:24:35', '2023-11-06 13:28:30', 3, 1, '2023-11-06 13:28:30', '22222222', 'Akpokploe, Awatamé, Lomé', NULL, 0, 'omMDL', NULL, 1, NULL, NULL, NULL, NULL, NULL, NULL, NULL),
(15, 'APPLE', 'Iphone XR', NULL, '4pDnjRCVIzlHShWP05IZd9scKuihfqXivdAPSAVd.png', NULL, NULL, 500, '2023-11-08 13:16:06', '2023-12-19 13:30:22', 2, 1, '2023-12-19 12:53:43', '939393939', 'Silicon valley', NULL, 0, 'Z4z7k', 'BvbTUgF8iovXphQQJ2dRxnUyPXaLF6gIy5dOq46A.png', 1, 'Togo', NULL, NULL, NULL, NULL, NULL, NULL),
(16, 'Clinique SANTE-PLUS', 'LAWSON Koffi', 'Oxford', 'Fb2jurnzymt7IbiA0wI5Wa3psbRKuSVIeli2A27x.jpg', '<p>MEDECINE GENERALE | PEDIATRIE | ECHOGRAPHIE | RADIOLOGIE</p>', '<p>Autorisation Loi v22 25555 - F585</p>', 500, '2023-11-09 12:56:31', '2023-12-10 17:24:44', 3, 1, '2023-12-10 17:24:44', '22558855', 'Rue Lapampa, Adidogomé, Lomé', NULL, 0, 'UU348', 'DEmb6vWTDfoR5TuEnYV2B8kIt6sQdWftTfaYumd6.png', 1, 'Togo', 'Kara', NULL, NULL, NULL, NULL, NULL),
(17, 'KOUNAMI', 'KEFAS Bertrand', 'OxFord', 'hBZPzikM2KlFra2Q9x1UG2snMTQD5WRhwqdO40zR.png', NULL, NULL, 1500, '2023-11-15 00:56:12', '2023-11-15 01:02:08', 1, 1, '2023-11-15 00:56:14', '25252525', 'Yokoe, Adidogomé, Lomé', NULL, 1, 'YfGgF', 'Nnq4jPk54fpluRoBTYbqyilQnNz5rfVjOkuBL0DA.png', 1, NULL, NULL, NULL, NULL, NULL, NULL, NULL),
(18, 'VillePays', 'ville pays', NULL, NULL, NULL, NULL, 500, '2023-12-05 14:52:22', '2023-12-05 14:59:30', 1, 1, '2023-12-05 14:52:24', '2525', 'azaz', NULL, 1, 'CmxRD', NULL, 1, 'Togo', 'Dapaong', NULL, NULL, NULL, NULL, NULL),
(19, 'paygate', 'test paygate', NULL, NULL, NULL, NULL, 500, '2024-03-08 14:19:34', '2024-03-08 14:19:34', 3, 0, NULL, '22552255', 'awatamé', NULL, 1, 'euDMn', NULL, 1, 'Togo', 'Lomé', NULL, NULL, NULL, NULL, NULL),
(20, 'bob clinik', 'bob bob', NULL, NULL, NULL, NULL, 500, '2024-03-29 16:38:20', '2024-03-29 16:39:08', 3, 1, '2024-03-29 16:39:08', '22202022', 'Akpokploe, Awatamé, Lomé', NULL, 1, 'WsUUd', NULL, 1, 'Togo', 'Lomé', NULL, NULL, NULL, NULL, NULL),
(21, 'gratuité', 'gratuit', NULL, NULL, NULL, NULL, 500, '2024-04-03 10:55:12', '2024-04-03 10:55:16', 3, 1, '2024-04-03 10:55:16', '9898', 'Awatamé, Lomé', NULL, 1, 'KqIEP', NULL, 1, 'Togo', 'Lomé', NULL, NULL, NULL, NULL, NULL),
(22, 'Clinique Akato', 'Kangni Ange', NULL, 'qZiypmYnbm7G1RQ7jX8uKBqN85Bn65C4t49mHHYi.jpg', NULL, NULL, 500, '2024-05-02 09:11:18', '2024-05-02 09:26:31', 3, 1, '2024-05-02 09:11:18', '22202022', 'Ségbé Akato', NULL, 1, 'L6LpE', 'G4c1BAHn1XPGAn3bqTAulR7RKkbsyn93ZbQKomyW.png', 1, 'Togo', 'Lomé', NULL, NULL, NULL, NULL, NULL),
(23, 'Saint AUGUSTIN', 'Ahiavee boris', NULL, NULL, NULL, NULL, 500, '2024-05-02 11:00:57', '2024-05-02 11:00:58', 3, 1, '2024-05-02 11:00:58', '22553399', 'Amoutive', NULL, 1, 'QapSr', NULL, 1, 'Togo', 'Lomé', NULL, NULL, NULL, NULL, NULL),
(24, 'dfdfgdfg', 'dfgdfg', NULL, NULL, NULL, NULL, 500, '2024-07-02 06:49:13', '2024-07-02 06:49:13', 3, 0, NULL, '5644556', 'dfgdf', NULL, 1, 'YhSG6', NULL, 1, 'Togo', 'dfgdfg', NULL, NULL, NULL, NULL, NULL),
(25, 'ertertertet', 'ertertert', NULL, NULL, NULL, NULL, 500, '2024-07-02 15:03:10', '2024-07-02 15:03:10', 3, 0, NULL, '453456', 'ertert', NULL, 1, 'jKc4Q', NULL, 1, 'Togo', 'ertert', NULL, NULL, NULL, NULL, NULL),
(26, 'mkmklmkl', 'ipiopip', NULL, NULL, NULL, NULL, 500, '2024-07-03 13:19:14', '2024-07-03 13:19:14', 3, 0, NULL, '5598998988', 'klmklm', NULL, 1, '1RJIN', NULL, 1, 'Togo', 'klmklm', NULL, NULL, NULL, NULL, NULL),
(27, 'vvvvvv', 'bnbnbnbn', NULL, NULL, NULL, NULL, 500, '2024-07-03 13:36:11', '2024-07-03 13:36:11', 3, 0, NULL, '56565', 'vvvvv', NULL, 1, 'wCfND', NULL, 1, 'Togo', 'vvvvvv', NULL, NULL, NULL, NULL, NULL),
(28, 'tttttt', 'tttttttt', NULL, NULL, NULL, NULL, 500, '2024-07-03 13:45:06', '2024-07-03 13:45:06', 3, 0, NULL, '45645646456', 'ttttt', NULL, 1, 'WQq4a', NULL, 1, 'Togo', 'ttttttt', NULL, NULL, NULL, NULL, NULL),
(29, 'ssssss', 'sssssss', NULL, NULL, NULL, NULL, 500, '2024-07-03 14:05:22', '2024-07-03 14:05:22', 3, 0, NULL, 'sssssss', 'sssss', NULL, 1, 'Hj8tv', NULL, 1, 'Togo', 'ssssss', NULL, NULL, NULL, NULL, NULL),
(30, 'xxxxxx', 'xxxxxx', NULL, NULL, NULL, NULL, 500, '2024-07-03 14:25:22', '2024-07-03 14:25:24', 3, 1, '2024-07-03 14:25:24', 'xxxxxx', 'xxxxxx', NULL, 1, 'TdOdj', NULL, 1, 'Togo', 'xxxxxx', NULL, NULL, NULL, NULL, NULL),
(31, 'wwwwww', 'wwwwwww', NULL, NULL, NULL, NULL, 500, '2024-07-03 14:54:33', '2024-07-03 14:54:35', 2, 1, '2024-07-03 14:54:35', 'wwwwww', 'wwwwww', NULL, 1, 'KX1He', NULL, 1, 'Togo', 'wwwwww', NULL, NULL, NULL, NULL, NULL),
(32, 'gggggg', 'ggggggg', NULL, NULL, NULL, NULL, 500, '2024-07-03 16:24:27', '2024-07-03 16:24:28', 1, 1, '2024-07-03 16:24:28', 'gggggg', 'gggggg', NULL, 1, 'kDNKe', NULL, 1, 'Togo', 'gggggg', NULL, NULL, NULL, NULL, NULL),
(33, 'yyy', 'yyyyyy', NULL, NULL, NULL, NULL, 500, '2024-07-03 16:31:56', '2024-07-03 16:31:58', 1, 1, '2024-07-03 16:31:58', 'yyy', 'yyy', NULL, 1, 'AWYi4', NULL, 1, 'Togo', 'yyy', NULL, NULL, NULL, NULL, NULL),
(34, 'qqq', 'qqq', NULL, NULL, NULL, NULL, 500, '2024-07-03 16:36:24', '2024-07-03 16:36:24', 2, 1, '2024-07-03 16:36:24', 'qqq', 'qqq', NULL, 1, 'iMSen', NULL, 1, 'Togo', 'qqq', NULL, NULL, NULL, NULL, NULL),
(35, 'ppp', 'ppp', NULL, NULL, NULL, NULL, 500, '2024-07-03 16:49:17', '2024-07-03 16:49:18', 2, 1, '2024-07-03 16:49:18', 'ppp', 'ppp', NULL, 1, 'azNLe', NULL, 1, 'Togo', 'ppp', NULL, NULL, NULL, NULL, NULL),
(36, 'jjj', 'jjj', NULL, 'Q7o8N8sTHv8TovgSsQLHhh0p00hzN5bbmbgqOUTx.png', NULL, NULL, 0, '2024-07-04 12:00:43', '2024-08-16 16:29:52', 2, 1, '2024-08-14 01:15:16', 'jjj', 'jjj', NULL, 0, '7lgoL', 'BgpxADTJB9Ol5qQ92vn6z79kdAYy51ArYJ8ehYxL.png', 1, 'Canada', 'jjj', 42, 'Dollar canadien', '$CAD', 5.00, NULL),
(37, 'tmoney', 'tmoney', NULL, NULL, NULL, NULL, 500, '2024-07-11 23:38:39', '2024-07-11 23:38:39', 2, 0, NULL, '22552255', 'lomé', NULL, 1, 'fPbNO', NULL, 1, 'Togo', 'Lomé', NULL, NULL, NULL, NULL, NULL),
(38, 'tmoney2', 'tmoney', NULL, NULL, NULL, NULL, 500, '2024-07-11 23:40:46', '2024-07-11 23:40:46', 2, 0, NULL, '92929595', 'lomé', NULL, 1, 'dLnPO', NULL, 1, 'Togo', 'Lomé', NULL, NULL, NULL, NULL, NULL),
(39, 'tmoney2', 'tmoney3', NULL, NULL, NULL, NULL, 500, '2024-07-11 23:47:27', '2024-07-11 23:47:27', 2, 0, NULL, '92929595', 'lomé', NULL, 1, 'vJYS6', NULL, 1, 'Togo', 'Lomé', NULL, NULL, NULL, NULL, NULL),
(40, 'yuyu', 'yuyu', NULL, NULL, NULL, NULL, 500, '2024-07-12 00:01:01', '2024-07-12 00:01:01', 2, 0, NULL, 'yuyu', 'yuyu', NULL, 1, 'T4FTy', NULL, 1, 'Togo', 'yuyu', NULL, NULL, NULL, NULL, NULL),
(41, 'ytyty', 'ytytytytyty', NULL, NULL, NULL, NULL, 500, '2024-07-12 00:11:58', '2024-07-12 00:11:58', 2, 0, NULL, 'ytyty', 'ytyty', NULL, 1, 'UUPft', NULL, 1, 'Togo', 'ytyty', NULL, NULL, NULL, NULL, NULL),
(42, 'jkljkl', 'opppppo', NULL, NULL, NULL, NULL, 500, '2024-07-12 12:24:55', '2024-07-12 12:24:55', 2, 0, NULL, 'jkljkl', 'jkljkl', NULL, 1, 'BJcLJ', NULL, 1, 'Togo', 'jljkl', NULL, NULL, NULL, NULL, NULL),
(43, 'jkljkl', 'opppppo', NULL, NULL, NULL, NULL, 500, '2024-07-12 12:51:39', '2024-07-12 12:51:39', 2, 0, NULL, 'jkljkl', 'jkljkl', NULL, 1, 'GS9Wc', NULL, 1, 'Togo', 'jljkl', NULL, NULL, NULL, NULL, NULL),
(44, 'jkljkl', 'opppppo', NULL, NULL, NULL, NULL, 500, '2024-07-12 13:02:13', '2024-07-12 13:02:13', 2, 0, NULL, 'jkljkl', 'jkljkl', NULL, 1, 'qcEFY', NULL, 1, 'Togo', 'jljkl', NULL, NULL, NULL, NULL, NULL),
(45, 'jkljkl', 'opppppo', NULL, NULL, NULL, NULL, 500, '2024-07-12 13:08:19', '2024-07-12 13:08:19', 2, 0, NULL, 'jkljkl', 'jkljkl', NULL, 1, 'LU30I', NULL, 1, 'Togo', 'jljkl', NULL, NULL, NULL, NULL, NULL),
(46, 'jkljkl', 'opppppo', NULL, NULL, NULL, NULL, 500, '2024-07-12 13:08:45', '2024-07-12 13:08:45', 2, 0, NULL, 'jkljkl', 'jkljkl', NULL, 1, 'nr3Ax', NULL, 1, 'Togo', 'jljkl', NULL, NULL, NULL, NULL, NULL),
(47, 'jkljkl', 'opppppo', NULL, NULL, NULL, NULL, 500, '2024-07-12 13:11:34', '2024-07-12 13:11:34', 2, 0, NULL, 'jkljkl', 'jkljkl', NULL, 1, 'dw9dr', NULL, 1, 'Togo', 'jljkl', NULL, NULL, NULL, NULL, NULL),
(48, 'jkljkl', 'opppppo', NULL, NULL, NULL, NULL, 500, '2024-07-12 13:17:11', '2024-07-12 13:17:11', 2, 0, NULL, 'jkljkl', 'jkljkl', NULL, 1, 'piffR', NULL, 1, 'Togo', 'jljkl', NULL, NULL, NULL, NULL, NULL),
(49, 'fghfghfgh', 'gftyfnf', NULL, NULL, NULL, NULL, 500, '2024-07-12 13:21:33', '2024-07-12 13:21:33', 2, 0, NULL, 'fghfgh', 'fghfgh', NULL, 1, 'n6QRg', NULL, 1, 'Togo', 'fghnfh', NULL, NULL, NULL, NULL, NULL),
(50, 'ezrze', 'azrzerzegdfg', NULL, NULL, NULL, NULL, 500, '2024-07-12 13:40:14', '2024-07-12 13:40:14', 2, 0, NULL, 'zezer', 'zerz', NULL, 1, 'dwhbn', NULL, 1, 'Togo', 'zerzer', NULL, NULL, NULL, NULL, NULL),
(51, 'gdfgdfg', 'dfgdfgfdgdfg', NULL, NULL, NULL, NULL, 500, '2024-07-12 13:44:06', '2024-07-12 15:40:48', 2, 0, '2024-07-12 15:40:48', 'dfgdfgdfg', 'dfgdfg', NULL, 0, 'dWmQT', NULL, 1, 'Togo', 'dfdfgdfg', NULL, NULL, NULL, NULL, NULL),
(52, 'Djobok', 'Prado Djobok', NULL, NULL, NULL, NULL, 500, '2024-07-14 15:34:26', '2024-07-14 15:34:26', 3, 0, NULL, '22552255', 'Golfe', NULL, 1, 'GkGXm', NULL, 1, 'Togo', 'Lomé', 61, NULL, NULL, NULL, NULL),
(53, 'Clinique Djobok', 'Prado Djobok', NULL, NULL, NULL, NULL, 500, '2024-07-14 15:44:55', '2024-07-14 15:44:55', 3, 0, NULL, '22552255', 'Golfe', NULL, 1, 'q6og1', NULL, 1, 'Togo', 'Lomé', 62, NULL, NULL, NULL, NULL),
(54, 'Clinique Djobok', 'Prado Djobok', NULL, '4yM7cvzp7FwTMmbzF7jN34gwlrEwiuOCiwUr0Les.jpg', NULL, NULL, 500, '2024-07-14 15:48:54', '2024-07-14 23:31:48', 3, 1, '2024-07-14 15:48:55', '22252523', 'Golfe', NULL, 1, '4IP7c', NULL, 1, 'France', 'Paris', 64, 'Euro', '€', 20.00, NULL),
(55, 'sd', 'sd', NULL, NULL, NULL, NULL, 500, '2024-08-05 19:56:44', '2024-08-05 19:56:45', 2, 1, '2024-08-05 19:56:45', '8585', 'sd', NULL, 1, 'FqMkf', NULL, 1, 'Togo', 'Lomé', 65, NULL, NULL, NULL, NULL),
(56, 'pp', 'pp', NULL, NULL, NULL, NULL, 500, '2024-08-09 14:49:28', '2024-08-09 14:49:28', 2, 0, NULL, '52', 'pp', NULL, 1, 'T32kn', NULL, 1, 'Togo', 'Lomé', 66, NULL, NULL, NULL, NULL),
(57, 'as', 'as', NULL, NULL, NULL, NULL, 500, '2024-08-09 15:05:30', '2024-08-09 15:05:30', 2, 0, NULL, '5252', 'Awatamé, Lomé', NULL, 1, 'nmtxg', NULL, 1, 'Togo', 'Lomé', 67, NULL, NULL, NULL, NULL),
(58, 'Diaris', 'Martin Ahiavee', NULL, NULL, NULL, NULL, 0, '2024-09-26 18:32:59', '2024-09-26 18:32:59', 2, 0, NULL, '90044531', 'Awatame', NULL, 1, 'cAG90', NULL, 1, 'Togo', 'Lomé', 68, 'Franc CFA (BCEAO)', 'FCFA', 18.00, NULL),
(59, 'Ma Clinik', 'ma', NULL, NULL, NULL, NULL, 0, '2024-09-26 18:55:28', '2024-09-26 18:55:28', 1, 0, NULL, '5644556', 'Awatame', NULL, 1, 'iJjqw', NULL, 1, 'Togo', 'Lomé', 69, 'Franc CFA (BCEAO)', 'FCFA', 18.00, NULL),
(60, 'Mama', 'zerezr', NULL, NULL, NULL, NULL, 0, '2024-09-26 19:20:54', '2024-09-26 19:20:54', 1, 0, NULL, '92929595', 'Awatame', NULL, 1, 'oafdE', NULL, 1, 'Togo', 'Lomé', 70, 'Franc CFA (BCEAO)', 'FCFA', 18.00, NULL),
(61, 'Clinique St. Martin', 'mamama', NULL, '5MeSyDATlVdGXY35niUjHCsJAHHRDSjmi48N7m3m.png', NULL, NULL, 500, '2024-09-26 19:31:58', '2024-10-21 14:14:07', 1, 0, '2024-10-12 14:14:18', '90044531', 'Awatame', NULL, 0, '3QaL6', 'HfAk7GKmXBjrnaEpGfd7pDTeUNqmNcQsZwsUew6C.png', 1, 'France', 'Lomé', 71, 'Euro', '€', 20.00, 28),
(62, 'Test Mail', 'Test mail', NULL, NULL, NULL, NULL, 0, '2024-10-13 00:23:24', '2024-10-13 00:23:25', 1, 1, '2024-10-13 00:23:25', '92603091', 'Paris', NULL, 1, 'rxAJF', NULL, 1, 'Togo', 'Paris', 73, 'Franc CFA (BCEAO)', 'FCFA', 18.00, NULL),
(63, 'annuel', 'annuel', NULL, NULL, NULL, NULL, 0, '2024-10-24 23:44:30', '2024-10-24 23:44:30', 1, 0, NULL, '4545', 'reter', NULL, 1, 'yfHNB', NULL, 1, 'France', 'erre', 79, 'Euro', '€', 20.00, NULL),
(64, 'an', 'an', NULL, NULL, NULL, NULL, 0, '2024-10-25 11:32:46', '2024-10-25 11:34:28', 1, 1, '2024-10-25 11:34:28', '5855', 'an', NULL, 1, 'EtM8T', NULL, 1, 'France', 'an', 80, 'Euro', '€', 20.00, NULL),
(65, 'Gold', 'gold', NULL, NULL, NULL, NULL, 0, '2024-10-25 15:20:39', '2024-10-25 15:20:39', 3, 1, '2024-10-25 15:20:39', '5225', 'Vancouver', NULL, 1, 'mZKRR', NULL, 1, 'Canada', 'Québec', 81, 'Dollar canadien', '$CAD', 5.00, NULL),
(66, 'New Gold Clinik', 'New Gold', NULL, 'X5hr90IeMCOq86mBeFP7PiZNcgoLI4PSW0cRwXUC.jpg', '<h5>M&eacute;decine G&eacute;n&eacute;rale, Gyn&eacute;cologie, Chirurgie, Consultation pr&eacute;natale, Accouchement, Dermatologie, Cardiologie, Pneumologie, Echographie, Laboratoire d&rsquo;analyses biologiques et hospitalisation</h5>', '<h5>BTCI : TG024 01030 002504 70 01 84 32<br />RC TOGO Lom&eacute; 2007A0064/NIF 1000173187</h5>', 10, '2024-10-25 15:30:32', '2025-03-22 19:53:54', 3, 1, '2024-10-26 18:29:29', '555225', 'quebec', NULL, 0, 'tViRG', 'p4WsqxHmRuLDb14f2MeYUcY0dYecjYlMpSF2FDj0.png', 0, 'Togo', 'Lomé', 82, 'Franc CFA (BCEAO)', 'FCFA', 18.00, 43),
(67, 'aea', 'aea', NULL, NULL, NULL, NULL, 0, '2024-10-26 22:11:44', '2024-10-26 23:22:05', 1, 1, '2024-10-26 23:22:05', '5858', 'aea', NULL, 0, '8c2cW', NULL, 1, 'France', 'Paris', 83, 'Euro', '€', 20.00, NULL);

-- --------------------------------------------------------

--
-- Structure de la table `consultations`
--

CREATE TABLE `consultations` (
  `id` bigint(20) UNSIGNED NOT NULL,
  `description` text DEFAULT NULL,
  `datetime` datetime NOT NULL,
  `temperature` varchar(191) DEFAULT NULL,
  `amount` double NOT NULL,
  `typeconsultation_id` int(11) DEFAULT NULL,
  `patient_id` int(11) NOT NULL,
  `user_id` int(11) NOT NULL,
  `created_at` timestamp NULL DEFAULT NULL,
  `updated_at` timestamp NULL DEFAULT NULL,
  `company_id` bigint(20) UNSIGNED DEFAULT NULL,
  `custom_id` varchar(255) DEFAULT NULL,
  `prescription` text DEFAULT NULL,
  `tension` double(8,2) DEFAULT NULL
) ENGINE=InnoDB DEFAULT CHARSET=utf8mb4 COLLATE=utf8mb4_unicode_ci;

--
-- Déchargement des données de la table `consultations`
--

INSERT INTO `consultations` (`id`, `description`, `datetime`, `temperature`, `amount`, `typeconsultation_id`, `patient_id`, `user_id`, `created_at`, `updated_at`, `company_id`, `custom_id`, `prescription`, `tension`) VALUES
(1, '<p>new consultation</p>', '2005-02-12 15:00:00', '39', 5200, NULL, 1, 1, '2023-11-06 21:15:18', '2023-11-06 21:15:18', 11, 'gNMMG', NULL, NULL),
(2, '<p>Test covid-19</p>', '2023-11-09 21:03:00', '38', 5200, NULL, 6, 7, '2023-11-09 21:04:12', '2023-11-09 21:04:12', 16, 'jmejJ', NULL, NULL),
(3, '<p>Fatigue extreme</p>', '2023-11-13 17:55:00', '38.5', 4500, NULL, 9, 14, '2023-11-13 17:55:31', '2023-11-13 17:55:31', 16, '9BBQB', NULL, NULL),
(4, '<p style=\"text-align: center;\"><strong>Examen diab&egrave;te type 1</strong><br /><br />Il y a beaucoup d\'am&eacute;lioration depuis le dernier rendez-vous</p>', '2023-11-18 15:25:00', '38.2', 5000, NULL, 18, 19, '2023-11-18 15:25:23', '2023-11-18 15:25:23', 16, '5Salh', NULL, NULL),
(5, '<p>Fracture du bras</p>', '2024-05-02 05:02:00', '38', 3500, NULL, 20, 26, '2024-05-02 09:25:01', '2024-05-02 09:25:01', 22, 'VHNbX', NULL, NULL),
(6, '<p>sdfsdfd</p>', '2024-08-15 15:15:00', '38', 25, NULL, 22, 42, '2024-08-15 19:59:56', '2024-08-15 19:59:56', 36, '9GLVy', NULL, NULL),
(7, '<p>R&egrave;gles douloureuses</p>', '2024-09-28 15:00:00', '39', 5200, NULL, 23, 71, '2024-09-28 14:11:26', '2024-10-04 10:55:12', 61, 'MvIfP', '<p><strong>Diagnostic: R&egrave;gles douloureuses</strong></p>\r\n<ul>\r\n<li>\r\n<p><strong>Anti-inflammatoires non st&eacute;ro&iuml;diens (AINS) :</strong></p>\r\n<ul>\r\n<li><strong>Acide m&eacute;f&eacute;namique :</strong> 500 mg, 3 fois par jour, jusqu\'&agrave; disparition des sympt&ocirc;mes (2 jours au maximum).</li>\r\n<li><strong>Acide tiaprof&eacute;nique :</strong> 300 mg, 2 fois par jour, jusqu\'&agrave; disparition des sympt&ocirc;mes (2 jours au maximum).</li>\r\n<li><strong>Diclof&eacute;nac :</strong> 50 mg, 3 fois par jour, jusqu\'&agrave; disparition des sympt&ocirc;mes (2 jours au maximum).</li>\r\n<li><strong>Ibuprof&egrave;ne :</strong> 400 mg, 2 fois par jour, jusqu\'&agrave; disparition des sympt&ocirc;mes (2 jours au maximum).</li>\r\n</ul>\r\n</li>\r\n<li>\r\n<p><strong>Antispasmodiques :</strong></p>\r\n<ul>\r\n<li><strong>Phloroglucinol :</strong> 200 mg, 3 fois par jour, pour soulager les douleurs li&eacute;es aux contractions ut&eacute;rines.</li>\r\n</ul>\r\n</li>\r\n<li>\r\n<p><strong>Progestatifs :</strong></p>\r\n<ul>\r\n<li><strong>Progest&eacute;rone (UTROGESTAN) :</strong> 10 mg, 1 fois par jour, si les anti-inflammatoires non st&eacute;ro&iuml;diens ne suffisent pas.</li>\r\n<li><strong>Dydrogest&eacute;rone (DUPHASTON) :</strong> 10 mg, 1 fois par jour, si les anti-inflammatoires non st&eacute;ro&iuml;diens ne suffisent pas.</li>\r\n<li><strong>M&eacute;drogestone (COLPRONE) :</strong> 10 mg, 1 fois par jour, si les autres progestatifs ne sont pas efficaces, mais contre-indiqu&eacute; en cas d&rsquo;ant&eacute;c&eacute;dent d&rsquo;accident thromboembolique ou de maladie du foie.</li>\r\n</ul>\r\n</li>\r\n</ul>\r\n<p><strong>Conseils :</strong></p>\r\n<ul>\r\n<li>Prenez les m&eacute;dicaments d&egrave;s le d&eacute;but des r&egrave;gles, m&ecirc;me si la douleur n&rsquo;est pas encore forte.</li>\r\n<li>Continuez les prises jusqu\'&agrave; disparition des sympt&ocirc;mes.</li>\r\n<li>Si les douleurs persistent, consultez un m&eacute;decin pour une &eacute;valuation compl&eacute;mentaire et un ajustement du traitement si n&eacute;cessaire.</li>\r\n</ul>', NULL),
(8, '<p>test</p>', '2024-09-29 10:00:00', '38', 3500, NULL, 23, 71, '2024-09-29 14:28:46', '2024-09-29 14:28:46', 61, 'Kd6eL', '<p>-para<br />-chloroquine</p>', NULL),
(9, '<p>Probleme d\'erection</p>', '2024-10-02 15:00:00', '37', 3500, NULL, 23, 71, '2024-10-02 16:19:30', '2024-10-04 17:05:01', 61, 'a6FoI', '<p><strong>Ordonnance M&eacute;dicale</strong></p>\r\n<p><strong>Diagnostic:</strong> Probl&egrave;me d\'&eacute;rection</p>\r\n<p><strong>M&eacute;dicaments Prescrits:</strong></p>\r\n<ul>\r\n<li><strong>Viagra (Sild&eacute;nafil):</strong> 1 comprim&eacute; de 50 mg, pris au plus tard 20 minutes avant le rapport sexuel.</li>\r\n<li><strong>Cialis (Tadalafil):</strong> 1 comprim&eacute; de 10 mg, pris quotidiennement, mais uniquement si n&eacute;cessaire avant le rapport sexuel.</li>\r\n<li><strong>Levitra (Vard&eacute;nafil):</strong> 1 comprim&eacute; de 10 mg, pris au plus tard 20 minutes avant le rapport sexuel.</li>\r\n</ul>\r\n<p><strong>Conseils:</strong></p>\r\n<ul>\r\n<li>Prenez ces m&eacute;dicaments uniquement en pr&eacute;sence d\'excitation sexuelle.</li>\r\n<li>Suivez scrupuleusement la posologie prescrite.</li>\r\n<li>Informez votre m&eacute;decin de tout m&eacute;dicament que vous prenez d&eacute;j&agrave;.</li>\r\n<li>Utilisez des pr&eacute;servatifs pour &eacute;viter les effets ind&eacute;sirables locaux.</li>\r\n<li>Ne prenez pas ces m&eacute;dicaments si vous avez des troubles cardiaques sans avoir consult&eacute; un cardiologue.</li>\r\n</ul>\r\n<p><strong>Remarque:</strong> Ces m&eacute;dicaments ne sont pas rembours&eacute;s par l\'Assurance Maladie.</p>', NULL),
(10, '<p>Justement je suis en train de prendre l\'antibiotique amciclox, et je remarque que j\'ai beaucoup d\'am&eacute;liorations, donc je pense que c\'est lui qui a la cause, je pense qu\'il est en train de tuer les bact&eacute;ries de la colite .</p>', '2024-10-10 10:00:00', '37', 5000, NULL, 23, 71, '2024-10-02 16:40:58', '2024-10-04 17:13:09', 61, 'cpizG', '<p><strong>M&eacute;dicaments &amp; Posologie</strong></p>\r\n<ul>\r\n<li><strong>Amciclox Suspension</strong>: 5ml, 3 fois par jour, pendant 7 jours. Contient ampicillin 125mg et cloxacillin 125mg. Utilis&eacute; pour traiter les infections bact&eacute;riennes de l\'oreille, du nez, de la gorge, des os et des poumons.</li>\r\n<li><strong>Sulfasalazine</strong>: 500mg, 2 fois par jour, pendant 2 semaines. Utilis&eacute; pour traiter les pouss&eacute;es actives et maintenir la r&eacute;mission dans les cas de colite ulc&eacute;reuse l&eacute;g&egrave;re &agrave; mod&eacute;r&eacute;e.</li>\r\n<li><strong>Cyclosporine</strong>: 100mg, 2 fois par jour, pendant 1 semaine. Utilis&eacute; pour traiter les rechutes aigu&euml;s de colite ulc&eacute;reuse.</li>\r\n</ul>\r\n<p><strong>Conseils</strong></p>\r\n<ul>\r\n<li><strong>Suivi du traitement</strong>: Prenez tous les m&eacute;dicaments comme indiqu&eacute;. Ne pas arr&ecirc;ter le traitement avant la fin de la dur&eacute;e prescrite, m&ecirc;me si vous vous sentez mieux.</li>\r\n<li><strong>Effets secondaires</strong>: Les m&eacute;dicaments peuvent provoquer des effets secondaires tels que des diarrh&eacute;es, des naus&eacute;es et des irritations cutan&eacute;es. Signalez imm&eacute;diatement tout effet secondaire grave &agrave; votre m&eacute;decin.</li>\r\n<li><strong>Hygi&egrave;ne</strong>: Lavez r&eacute;guli&egrave;rement les mains, surtout avant les repas, pour r&eacute;duire le risque d\'infections.</li>\r\n</ul>', NULL),
(11, '<p>ejaculation pr&eacute;coce</p>', '2024-10-03 15:05:00', '35', 5000, NULL, 23, 71, '2024-10-03 16:52:38', '2024-10-20 20:58:00', 61, 'ul3Qz', '<p><strong>Diagnostic:</strong></p>\r\n<ul>\r\n<li><strong>Ejaculation pr&eacute;coce</strong> : DOS Koffi, un homme de 42 ans, souffre d\'&eacute;jaculation pr&eacute;coce, caract&eacute;ris&eacute;e par une incapacit&eacute; &agrave; contr&ocirc;ler ou &agrave; retarder l\'&eacute;jaculation lors de chaque p&eacute;n&eacute;tration vaginale, avec une &eacute;jaculation rapide se produisant en moins d\'une minute apr&egrave;s la p&eacute;n&eacute;tration.</li>\r\n</ul>\r\n<p><strong>M&eacute;dicaments &amp; Posologies:</strong></p>\r\n<ul>\r\n<li><strong>Dapoxetine (PRILIGY)</strong> : 30 mg, &agrave; prendre environ 1 &agrave; 3 heures avant l\'activit&eacute; sexuelle, en fonction des besoins. La dose initiale recommand&eacute;e est de 30 mg, et si n&eacute;cessaire, elle peut &ecirc;tre augment&eacute;e &agrave; 60 mg sans effets ind&eacute;sirables mod&eacute;r&eacute;s ou graves.</li>\r\n<li><strong>Lidoca&iuml;ne (FORTACIN)</strong> : En spray, &agrave; appliquer 5 minutes avant le rapport sexuel. Il s\'agit d\'un anesth&eacute;siant local qui r&eacute;duit consid&eacute;rablement la sensibilit&eacute; du p&eacute;nis, permettant ainsi de retarder l\'&eacute;jaculation.</li>\r\n</ul>\r\n<p><strong>Conseils:</strong></p>\r\n<ul>\r\n<li><strong>Administration de Dapoxetine</strong> : Prenez les comprim&eacute;s avec au moins un grand verre d\'eau. Ils peuvent &ecirc;tre pris avec ou sans nourriture. Ne pas utiliser PRILIGY en association avec des drogues r&eacute;cr&eacute;atives ni avec de l\'alcool.</li>\r\n<li><strong>Utilisation de Lidoca&iuml;ne</strong> : Appliquez le spray id&eacute;alement pendant une vingtaine de minutes puis &eacute;liminez-le par lavage &agrave; l\'eau avant le rapport. Pour &eacute;viter d\'insensibiliser la partenaire, utilisez ce traitement local avec soin.</li>\r\n<li><strong>Pr&eacute;cautions G&eacute;n&eacute;rales</strong> : Ne pas prendre PRILIGY plus d\'une fois par 24 heures. Ne pas utiliser PRILIGY en association avec des drogues r&eacute;cr&eacute;atives ni avec de l\'alcool. Suivez attentivement les instructions du fabricant pour l\'utilisation de Lidoca&iuml;ne.</li>\r\n</ul>', NULL),
(12, '<p>R&egrave;gles douloureuses</p>', '2024-10-04 10:00:00', '37.5', 3500, NULL, 24, 71, '2024-10-04 09:02:36', '2024-10-04 17:25:05', 61, 'gsepl', '<p><strong>Diagnostic:</strong> R&egrave;gles douloureuses</p>\r\n<p><strong>M&eacute;dicaments &amp; Posologies:</strong></p>\r\n<ul>\r\n<li>\r\n<p><strong>Anti-inflammatoires non st&eacute;ro&iuml;diens (AINS):</strong></p>\r\n<ul>\r\n<li><strong>Ibuprof&egrave;ne:</strong> 400 mg, 2 fois par jour, jusqu\'&agrave; disparition des sympt&ocirc;mes.</li>\r\n<li><strong>Acide m&eacute;f&eacute;namique:</strong> 500 mg, 3 fois par jour, jusqu\'&agrave; disparition des sympt&ocirc;mes.</li>\r\n<li><strong>Acide tiaprof&eacute;nique:</strong> 600 mg, 2 fois par jour, jusqu\'&agrave; disparition des sympt&ocirc;mes.</li>\r\n<li><strong>Diclof&eacute;nac:</strong> 50 mg, 3 fois par jour, jusqu\'&agrave; disparition des sympt&ocirc;mes.</li>\r\n</ul>\r\n</li>\r\n<li>\r\n<p><strong>Antalgiques:</strong></p>\r\n<ul>\r\n<li><strong>Parac&eacute;tamol:</strong> 500 mg, 3 fois par jour, jusqu\'&agrave; disparition des sympt&ocirc;mes.</li>\r\n</ul>\r\n</li>\r\n<li>\r\n<p><strong>Antispasmodiques:</strong></p>\r\n<ul>\r\n<li><strong>Phloroglucinol:</strong> 100 mg, 3 fois par jour, jusqu\'&agrave; disparition des sympt&ocirc;mes.</li>\r\n</ul>\r\n</li>\r\n</ul>\r\n<p><strong>Conseils:</strong></p>\r\n<ul>\r\n<li>Prenez les m&eacute;dicaments d&egrave;s le d&eacute;but des r&egrave;gles.</li>\r\n<li>Continuez les prises jusqu\'&agrave; disparition des sympt&ocirc;mes.</li>\r\n<li>Une dur&eacute;e de traitement de 2 jours est souvent suffisante.</li>\r\n<li>&Eacute;vitez l\'aspirine car elle fluidifie le sang et pourrait augmenter les pertes de sang ou la dur&eacute;e des r&egrave;gles.</li>\r\n<li>Si les douleurs persistent, envisagez un traitement par progestatif ou pilule contraceptive si n&eacute;cessaire.</li>\r\n</ul>', NULL),
(13, '<p>diarh&eacute;e chronique</p>', '2024-11-05 10:00:00', '39', 3500, NULL, 27, 82, '2024-11-05 15:23:02', '2024-11-05 15:40:55', 66, 'Skapa', '<p><strong>Diagnostic</strong></p>\r\n<ul>\r\n<li>Diarrh&eacute;e chronique avec temp&eacute;rature &eacute;lev&eacute;e (39&deg;C).</li>\r\n</ul>\r\n<p><strong>M&eacute;dicaments &amp; Posologies</strong></p>\r\n<ul>\r\n<li><strong>Lop&eacute;ramide</strong>: 2 mg, 1 &agrave; 3 fois par jour.</li>\r\n<li><strong>Rac&eacute;cadotril</strong>: 100 mg, 3 fois par jour.</li>\r\n<li><strong>Diosmectite</strong>: 3 &agrave; 4 grammes, 3 fois par jour.</li>\r\n</ul>\r\n<p><strong>Conseils</strong></p>\r\n<ul>\r\n<li><strong>R&eacute;hydratation</strong>: Si n&eacute;cessaire, prendre des solutions orales de r&eacute;hydratation (ORL) comme le solution ORS.</li>\r\n<li><strong>Alimentation</strong>: &Eacute;viter les fruits et les l&eacute;gumes pour une p&eacute;riode, privil&eacute;gier des aliments simples comme le riz.</li>\r\n<li><strong>Antibiotiques</strong>: En cas d\'infection bact&eacute;rienne, un traitement antibiotique peut &ecirc;tre prescrit en fonction des r&eacute;sultats des pr&eacute;l&egrave;vements bact&eacute;riologiques.</li>\r\n<li><strong>Suivi</strong>: Suivre les selles pour &eacute;valuer l\'efficacit&eacute; du traitement et ajuster les m&eacute;dicaments si n&eacute;cessaire.</li>\r\n</ul>', NULL),
(14, '<p>Maux de tete</p>', '2024-11-05 10:00:00', '39.5', 5000, NULL, 27, 82, '2024-11-05 15:43:01', '2024-11-05 15:43:01', 66, 'O63zS', '<p><strong>Diagnostic:</strong></p>\r\n<ul>\r\n<li><strong>Maux de t&ecirc;te</strong> : Abalo KOFFI, 24 ans, homme, groupe sanguin O, poids 75 kg, taille 175 cm, temp&eacute;rature 39.5&deg;C.</li>\r\n</ul>\r\n<p><strong>M&eacute;dicaments &amp; Posologies:</strong></p>\r\n<ul>\r\n<li><strong>Parac&eacute;tamol</strong> : 1000 mg, 3 fois par jour, maximum 4 jours.</li>\r\n<li><strong>Ibuprof&egrave;ne</strong> : 400 mg, 2 fois par jour, maximum 3 jours.</li>\r\n<li><strong>Anti-naus&eacute;eux</strong> : 1 comprim&eacute;, selon besoin.</li>\r\n</ul>\r\n<p><strong>Conseils:</strong></p>\r\n<ul>\r\n<li>Boire beaucoup d\'eau pour &eacute;viter la d&eacute;shydratation.</li>\r\n<li>Repos et calme pour soulager la douleur.</li>\r\n<li>&Eacute;viter les aliments gras et les boissons alcoolis&eacute;es.</li>\r\n<li>Respecter les doses maximales recommand&eacute;es pour les m&eacute;dicaments.</li>\r\n</ul>', NULL);

-- --------------------------------------------------------

--
-- Structure de la table `departments`
--

CREATE TABLE `departments` (
  `id` bigint(20) UNSIGNED NOT NULL,
  `name` varchar(255) NOT NULL,
  `created_at` timestamp NULL DEFAULT NULL,
  `updated_at` timestamp NULL DEFAULT NULL,
  `company_id` bigint(20) UNSIGNED DEFAULT NULL,
  `custom_id` varchar(255) DEFAULT NULL
) ENGINE=InnoDB DEFAULT CHARSET=utf8mb4 COLLATE=utf8mb4_unicode_ci;

--
-- Déchargement des données de la table `departments`
--

INSERT INTO `departments` (`id`, `name`, `created_at`, `updated_at`, `company_id`, `custom_id`) VALUES
(1, 'Cardiologie', '2021-01-09 15:17:35', '2021-01-09 15:17:57', NULL, 'l36qV'),
(2, 'Radiologie', '2021-01-09 15:34:15', '2021-01-09 15:34:15', NULL, '6VPf0'),
(3, 'Radiologie', '2023-10-14 17:36:07', '2023-10-14 17:36:07', 6, 'H1eeC'),
(4, 'Secretariat', '2023-10-25 17:53:37', '2023-10-25 17:53:37', 6, 'jiwcI'),
(5, 'Secretariat', '2023-10-25 17:53:48', '2023-10-25 17:53:48', 6, 'cVvw6'),
(6, 'Secretariat', '2023-10-25 17:53:54', '2023-10-25 17:53:54', 6, '7qwtq'),
(7, 'Secretariat', '2023-10-25 17:55:53', '2023-10-25 17:55:53', 6, 'ZcsPs'),
(8, 'New department', '2023-10-25 17:57:34', '2023-10-25 17:57:34', 6, 'pyuda'),
(9, 'New department', '2023-10-25 18:00:38', '2023-10-25 18:00:38', 6, '69tUU'),
(10, 'fgdfgdf', '2023-10-25 18:02:49', '2023-10-25 18:02:49', 6, '4iWhm'),
(11, 'Cardiologie', '2023-11-06 23:02:54', '2023-11-06 23:02:54', 11, 'RJd8l'),
(12, 'Bloc Opératoire', '2023-11-18 15:33:40', '2023-11-18 15:33:40', 16, 'NWaG4'),
(13, 'Radiologie', '2023-11-18 15:33:55', '2023-11-18 15:33:55', 16, 'n4Txh'),
(14, 'Urologie', '2023-11-18 15:34:07', '2023-11-18 15:34:07', 16, 'ZBQSD'),
(15, 'Cardiologie', '2024-05-02 09:27:06', '2024-05-02 09:27:06', 22, 'shte7'),
(16, 'Radiologie', '2024-05-02 09:27:15', '2024-05-02 09:27:15', 22, 'owXtA'),
(17, 'Cardiologie', '2024-05-02 11:05:24', '2024-05-02 11:05:24', 23, 'WPfuL'),
(18, 'Cardiologie', '2024-09-29 22:38:33', '2024-09-29 22:38:33', 61, 'UPu18'),
(19, 'Radiologie', '2024-10-07 13:28:05', '2024-10-07 13:28:05', 61, 'CbNwu');

-- --------------------------------------------------------

--
-- Structure de la table `failed_jobs`
--

CREATE TABLE `failed_jobs` (
  `id` bigint(20) UNSIGNED NOT NULL,
  `uuid` varchar(255) NOT NULL,
  `connection` text NOT NULL,
  `queue` text NOT NULL,
  `payload` longtext NOT NULL,
  `exception` longtext NOT NULL,
  `failed_at` timestamp NOT NULL DEFAULT current_timestamp()
) ENGINE=InnoDB DEFAULT CHARSET=utf8mb4 COLLATE=utf8mb4_unicode_ci;

-- --------------------------------------------------------

--
-- Structure de la table `groups`
--

CREATE TABLE `groups` (
  `id` bigint(20) UNSIGNED NOT NULL,
  `name` varchar(255) NOT NULL,
  `created_at` timestamp NULL DEFAULT NULL,
  `updated_at` timestamp NULL DEFAULT NULL,
  `company_id` bigint(20) UNSIGNED DEFAULT NULL,
  `custom_id` varchar(255) DEFAULT NULL
) ENGINE=InnoDB DEFAULT CHARSET=utf8mb4 COLLATE=utf8mb4_unicode_ci;

--
-- Déchargement des données de la table `groups`
--

INSERT INTO `groups` (`id`, `name`, `created_at`, `updated_at`, `company_id`, `custom_id`) VALUES
(1, 'A+', NULL, NULL, NULL, 'RYDvX'),
(2, 'A-', NULL, NULL, NULL, 'tVEWj'),
(3, 'B+', NULL, NULL, NULL, 'womg7'),
(4, 'B-', NULL, NULL, NULL, 'NcYfM'),
(5, 'AB+', NULL, NULL, NULL, 'TJnFC'),
(6, 'AB-', NULL, '2021-01-09 15:39:45', NULL, 'HMuKB'),
(7, 'O+', NULL, NULL, NULL, 'C9UcW'),
(8, 'O-', NULL, NULL, NULL, 'zjaJz');

-- --------------------------------------------------------

--
-- Structure de la table `interventionanalyses`
--

CREATE TABLE `interventionanalyses` (
  `id` bigint(20) UNSIGNED NOT NULL,
  `intervention_id` int(11) NOT NULL,
  `analysis_id` int(11) NOT NULL,
  `result` double(8,2) NOT NULL,
  `created_at` timestamp NULL DEFAULT NULL,
  `updated_at` timestamp NULL DEFAULT NULL,
  `custom_id` varchar(11) DEFAULT NULL
) ENGINE=InnoDB DEFAULT CHARSET=utf8mb4 COLLATE=utf8mb4_unicode_ci;

--
-- Déchargement des données de la table `interventionanalyses`
--

INSERT INTO `interventionanalyses` (`id`, `intervention_id`, `analysis_id`, `result`, `created_at`, `updated_at`, `custom_id`) VALUES
(1, 31, 20, 14.00, '2025-03-21 19:42:59', '2025-03-21 19:42:59', NULL),
(2, 31, 2, 20.00, '2025-03-21 19:42:59', '2025-03-21 19:42:59', NULL),
(3, 31, 10, 25.00, '2025-03-21 19:42:59', '2025-03-21 19:42:59', NULL),
(4, 31, 28, 15.00, '2025-03-21 19:42:59', '2025-03-21 19:42:59', NULL);

-- --------------------------------------------------------

--
-- Structure de la table `interventioncares`
--

CREATE TABLE `interventioncares` (
  `id` bigint(20) UNSIGNED NOT NULL,
  `intervention_id` int(11) NOT NULL,
  `care_id` int(11) NOT NULL,
  `created_at` timestamp NULL DEFAULT NULL,
  `updated_at` timestamp NULL DEFAULT NULL,
  `company_id` bigint(20) UNSIGNED DEFAULT NULL,
  `custom_id` varchar(255) DEFAULT NULL,
  `price` double(8,2) DEFAULT NULL
) ENGINE=InnoDB DEFAULT CHARSET=utf8mb4 COLLATE=utf8mb4_unicode_ci;

--
-- Déchargement des données de la table `interventioncares`
--

INSERT INTO `interventioncares` (`id`, `intervention_id`, `care_id`, `created_at`, `updated_at`, `company_id`, `custom_id`, `price`) VALUES
(1, 1, 6, '2023-11-06 19:59:23', '2023-11-06 19:59:23', NULL, NULL, NULL),
(2, 1, 10, '2023-11-06 19:59:23', '2023-11-06 19:59:23', NULL, NULL, NULL),
(3, 1, 12, '2023-11-06 19:59:23', '2023-11-06 19:59:23', NULL, NULL, NULL),
(4, 2, 5, '2023-11-08 01:26:40', '2023-11-08 01:26:40', NULL, NULL, NULL),
(5, 2, 6, '2023-11-08 01:26:40', '2023-11-08 01:26:40', NULL, NULL, NULL),
(6, 2, 7, '2023-11-08 01:26:40', '2023-11-08 01:26:40', NULL, NULL, NULL),
(7, 2, 8, '2023-11-08 01:26:40', '2023-11-08 01:26:40', NULL, NULL, NULL),
(8, 3, 6, '2023-11-08 01:36:53', '2023-11-08 01:36:53', NULL, NULL, NULL),
(9, 3, 10, '2023-11-08 01:36:53', '2023-11-08 01:36:53', NULL, NULL, NULL),
(10, 3, 11, '2023-11-08 01:36:53', '2023-11-08 01:36:53', NULL, NULL, NULL),
(12, 5, 95, '2023-11-09 14:35:23', '2023-11-09 14:35:23', NULL, NULL, NULL),
(13, 6, 95, '2023-11-10 11:49:06', '2023-11-10 11:49:06', NULL, NULL, NULL),
(14, 7, 95, '2023-11-13 18:19:45', '2023-11-13 18:19:45', NULL, NULL, NULL),
(15, 8, 95, '2023-11-16 16:50:33', '2023-11-16 16:50:33', NULL, NULL, NULL),
(16, 8, 96, '2023-11-16 16:50:33', '2023-11-16 16:50:33', NULL, NULL, NULL),
(17, 8, 100, '2023-11-16 16:50:33', '2023-11-16 16:50:33', NULL, NULL, NULL),
(18, 9, 95, '2023-11-16 17:45:34', '2023-11-16 17:45:34', NULL, NULL, NULL),
(19, 9, 97, '2023-11-16 17:45:34', '2023-11-16 17:45:34', NULL, NULL, NULL),
(20, 10, 102, '2023-11-16 18:14:20', '2023-11-16 18:14:20', NULL, NULL, NULL),
(21, 10, 105, '2023-11-16 18:14:20', '2023-11-16 18:14:20', NULL, NULL, NULL),
(22, 11, 96, '2023-11-16 18:24:30', '2023-11-16 18:24:30', NULL, NULL, NULL),
(23, 11, 97, '2023-11-16 18:24:30', '2023-11-16 18:24:30', NULL, NULL, NULL),
(24, 12, 102, '2023-11-16 19:20:02', '2023-11-16 19:20:02', NULL, NULL, NULL),
(25, 12, 104, '2023-11-16 19:20:02', '2023-11-16 19:20:02', NULL, NULL, NULL),
(26, 13, 101, '2023-11-16 19:42:53', '2023-11-16 19:42:53', NULL, NULL, NULL),
(27, 14, 95, '2023-11-16 22:31:06', '2023-11-16 22:31:06', NULL, NULL, NULL),
(28, 14, 96, '2023-11-16 22:31:06', '2023-11-16 22:31:06', NULL, NULL, NULL),
(29, 14, 102, '2023-11-16 22:31:06', '2023-11-16 22:31:06', NULL, NULL, NULL),
(30, 15, 96, '2023-11-16 22:42:38', '2023-11-16 22:42:38', NULL, NULL, NULL),
(31, 15, 102, '2023-11-16 22:42:38', '2023-11-16 22:42:38', NULL, NULL, NULL),
(32, 16, 96, '2023-11-16 23:02:23', '2023-11-16 23:02:23', NULL, NULL, NULL),
(33, 16, 97, '2023-11-16 23:02:23', '2023-11-16 23:02:23', NULL, NULL, NULL),
(34, 16, 100, '2023-11-16 23:02:23', '2023-11-16 23:02:23', NULL, NULL, NULL),
(35, 16, 102, '2023-11-16 23:02:23', '2023-11-16 23:02:23', NULL, NULL, NULL),
(36, 16, 104, '2023-11-16 23:02:23', '2023-11-16 23:02:23', NULL, NULL, NULL),
(37, 17, 95, '2023-11-17 12:48:28', '2023-11-17 12:48:28', NULL, NULL, NULL),
(38, 17, 96, '2023-11-17 12:48:28', '2023-11-17 12:48:28', NULL, NULL, NULL),
(39, 17, 104, '2023-11-17 12:48:28', '2023-11-17 12:48:28', NULL, NULL, NULL),
(40, 18, 96, '2023-11-18 15:30:34', '2023-11-18 15:30:34', NULL, NULL, NULL),
(41, 18, 97, '2023-11-18 15:30:34', '2023-11-18 15:30:34', NULL, NULL, NULL),
(42, 18, 101, '2023-11-18 15:30:34', '2023-11-18 15:30:34', NULL, NULL, NULL),
(43, 18, 105, '2023-11-18 15:30:34', '2023-11-18 15:30:34', NULL, NULL, NULL),
(44, 4, 94, '2023-12-19 13:29:04', '2023-12-19 13:29:04', NULL, NULL, NULL),
(45, 19, 861, '2024-07-14 17:20:04', '2024-07-14 17:20:04', NULL, NULL, NULL),
(46, 19, 862, '2024-07-14 17:20:04', '2024-07-14 17:20:04', NULL, NULL, NULL),
(47, 20, 1001, '2024-09-29 15:20:25', '2024-09-29 15:20:25', NULL, NULL, NULL),
(48, 20, 1003, '2024-09-29 15:20:25', '2024-09-29 15:20:25', NULL, NULL, NULL),
(49, 20, 1006, '2024-09-29 15:20:25', '2024-09-29 15:20:25', NULL, NULL, NULL),
(59, 22, 999, '2024-09-30 14:00:15', '2024-09-30 14:00:15', NULL, NULL, NULL),
(60, 22, 1004, '2024-09-30 14:00:15', '2024-09-30 14:00:15', NULL, NULL, NULL),
(61, 22, 1006, '2024-09-30 14:00:15', '2024-09-30 14:00:15', NULL, NULL, NULL),
(62, 22, 1007, '2024-09-30 14:00:15', '2024-09-30 14:00:15', NULL, NULL, NULL),
(63, 22, 1008, '2024-09-30 14:00:15', '2024-09-30 14:00:15', NULL, NULL, NULL),
(64, 22, 1009, '2024-09-30 14:00:15', '2024-09-30 14:00:15', NULL, NULL, NULL),
(65, 22, 1013, '2024-09-30 14:00:15', '2024-09-30 14:00:15', NULL, NULL, NULL),
(66, 22, 1014, '2024-09-30 14:00:15', '2024-09-30 14:00:15', NULL, NULL, NULL),
(67, 22, 1016, '2024-09-30 14:00:15', '2024-09-30 14:00:15', NULL, NULL, NULL),
(86, 21, 999, '2024-09-30 14:03:06', '2024-09-30 14:03:06', NULL, NULL, NULL),
(87, 21, 1004, '2024-09-30 14:03:06', '2024-09-30 14:03:06', NULL, NULL, NULL),
(88, 21, 1006, '2024-09-30 14:03:06', '2024-09-30 14:03:06', NULL, NULL, NULL),
(89, 21, 1007, '2024-09-30 14:03:06', '2024-09-30 14:03:06', NULL, NULL, NULL),
(90, 21, 1008, '2024-09-30 14:03:06', '2024-09-30 14:03:06', NULL, NULL, NULL),
(91, 21, 1009, '2024-09-30 14:03:06', '2024-09-30 14:03:06', NULL, NULL, NULL),
(92, 21, 1013, '2024-09-30 14:03:06', '2024-09-30 14:03:06', NULL, NULL, NULL),
(93, 21, 1014, '2024-09-30 14:03:06', '2024-09-30 14:03:06', NULL, NULL, NULL),
(94, 21, 1016, '2024-09-30 14:03:06', '2024-09-30 14:03:06', NULL, NULL, NULL),
(95, 23, 1100, '2024-11-06 18:25:50', '2024-11-06 18:25:50', NULL, NULL, NULL),
(96, 23, 1101, '2024-11-06 18:25:50', '2024-11-06 18:25:50', NULL, NULL, NULL),
(97, 23, 1104, '2024-11-06 18:25:50', '2024-11-06 18:25:50', NULL, NULL, NULL),
(98, 23, 1105, '2024-11-06 18:25:50', '2024-11-06 18:25:50', NULL, NULL, NULL),
(99, 23, 1108, '2024-11-06 18:25:50', '2024-11-06 18:25:50', NULL, NULL, NULL),
(100, 24, 1106, '2025-03-15 16:41:51', '2025-03-15 16:41:51', NULL, NULL, NULL),
(101, 24, 1108, '2025-03-15 16:41:51', '2025-03-15 16:41:51', NULL, NULL, NULL),
(102, 26, 1111, '2025-03-17 19:27:58', '2025-03-17 19:27:58', NULL, NULL, 15000.00),
(103, 26, 1114, '2025-03-17 19:27:58', '2025-03-17 19:27:58', NULL, NULL, 52000.00),
(104, 26, 1108, '2025-03-17 19:27:58', '2025-03-17 19:27:58', NULL, NULL, 15000.00),
(105, 27, 1109, '2025-03-19 15:12:46', '2025-03-19 15:12:46', NULL, NULL, 5000.00),
(106, 27, 1099, '2025-03-19 15:12:46', '2025-03-19 15:12:46', NULL, NULL, 1500.00),
(107, 27, 1110, '2025-03-19 15:12:46', '2025-03-19 15:12:46', NULL, NULL, 2500.00),
(108, 27, 1113, '2025-03-19 15:12:46', '2025-03-19 15:12:46', NULL, NULL, 5000.00),
(109, 27, 1104, '2025-03-19 15:12:46', '2025-03-19 15:12:46', NULL, NULL, 100000.00),
(110, 27, 1105, '2025-03-19 15:12:46', '2025-03-19 15:12:46', NULL, NULL, 20000.00),
(111, 28, 1114, '2025-03-21 19:33:31', '2025-03-21 19:33:31', NULL, NULL, 15000.00),
(112, 28, 1112, '2025-03-21 19:33:31', '2025-03-21 19:33:31', NULL, NULL, NULL),
(113, 28, 1116, '2025-03-21 19:33:31', '2025-03-21 19:33:31', NULL, NULL, NULL),
(114, 29, 1114, '2025-03-21 19:38:02', '2025-03-21 19:38:02', NULL, NULL, 15000.00),
(115, 29, 1116, '2025-03-21 19:38:02', '2025-03-21 19:38:02', NULL, NULL, 12000.00),
(116, 30, 1114, '2025-03-21 19:40:58', '2025-03-21 19:40:58', NULL, NULL, 15000.00),
(117, 30, 1111, '2025-03-21 19:40:58', '2025-03-21 19:40:58', NULL, NULL, 25000.00),
(118, 30, 1112, '2025-03-21 19:40:58', '2025-03-21 19:40:58', NULL, NULL, 20000.00),
(119, 31, 1114, '2025-03-21 19:42:59', '2025-03-21 19:42:59', NULL, NULL, 15000.00),
(120, 31, 1103, '2025-03-21 19:42:59', '2025-03-21 19:42:59', NULL, NULL, 18000.00);

-- --------------------------------------------------------

--
-- Structure de la table `interventions`
--

CREATE TABLE `interventions` (
  `id` bigint(20) UNSIGNED NOT NULL,
  `description` text DEFAULT NULL,
  `temperature` int(11) NOT NULL,
  `datetimefrom` datetime NOT NULL,
  `datetimeto` datetime DEFAULT NULL,
  `files` text DEFAULT NULL,
  `patient_id` int(11) NOT NULL,
  `user_id` int(11) NOT NULL,
  `typeintervention_id` int(11) NOT NULL,
  `trouble_id` int(11) NOT NULL,
  `verdict_id` int(11) DEFAULT NULL,
  `status_id` int(11) DEFAULT NULL,
  `room_id` int(11) NOT NULL,
  `sale_id` int(11) DEFAULT NULL,
  `created_at` timestamp NULL DEFAULT NULL,
  `updated_at` timestamp NULL DEFAULT NULL,
  `company_id` bigint(20) UNSIGNED DEFAULT NULL,
  `custom_id` varchar(255) DEFAULT NULL,
  `tension` double(8,2) DEFAULT NULL
) ENGINE=InnoDB DEFAULT CHARSET=utf8mb4 COLLATE=utf8mb4_unicode_ci;

--
-- Déchargement des données de la table `interventions`
--

INSERT INTO `interventions` (`id`, `description`, `temperature`, `datetimefrom`, `datetimeto`, `files`, `patient_id`, `user_id`, `typeintervention_id`, `trouble_id`, `verdict_id`, `status_id`, `room_id`, `sale_id`, `created_at`, `updated_at`, `company_id`, `custom_id`, `tension`) VALUES
(1, '<p>Ordonnance</p>', 38, '2023-11-06 15:50:00', NULL, 'AjXgnug4Ivoe660RcSNEDVlhVbyw9Y3KEJLPkQih.jpg;yMrTH1LRKuPnAHBvfoOuKIvQRJDH1DtZj8qwdw6M.jpg;H5fAr8tC3Ti2oVvEN0UOV944A5ReA8bfthTnkvIo.jpg', 1, 1, 1, 1, NULL, 1, 9, NULL, '2023-11-06 19:59:23', '2023-11-06 19:59:23', 11, 'SAM0Q', NULL),
(2, NULL, 39, '2023-11-08 15:30:00', NULL, NULL, 2, 1, 1, 1, NULL, 8, 10, NULL, '2023-11-08 01:26:40', '2023-11-08 01:26:40', 11, 'T2zaW', NULL),
(3, NULL, 38, '2023-11-01 22:55:00', NULL, NULL, 3, 1, 1, 1, NULL, 8, 11, NULL, '2023-11-08 01:36:53', '2023-11-08 01:36:53', 11, 'a39uz', NULL),
(4, '<p>Pas grande chosd &agrave; retenir</p>', 39, '2023-11-08 13:40:00', NULL, '[null]', 4, 5, 5, 16, NULL, 5, 12, 20, '2023-11-08 13:45:51', '2023-12-19 13:29:04', 15, 'n2n8O', NULL),
(5, NULL, 38, '2023-11-08 15:20:00', NULL, NULL, 5, 7, 5, 6, NULL, 5, 13, 5, '2023-11-09 14:35:23', '2023-11-09 14:35:23', 16, 'el3QF', NULL),
(6, '<p>Ressent des douleurs &agrave; la gorge</p>', 39, '2023-11-10 11:49:06', NULL, '[null]', 6, 7, 1, 12, NULL, 3, 13, NULL, '2023-11-10 11:49:06', '2023-11-10 12:10:45', 16, 'OLKqD', NULL),
(7, '<p>Toux s&eacute;v&egrave;re</p>', 38, '2023-11-13 15:22:00', NULL, NULL, 9, 7, 1, 14, NULL, 3, 15, 6, '2023-11-13 18:19:45', '2023-11-13 18:19:45', 16, 'lR6KS', NULL),
(8, '<p>Le patient a &eacute;t&eacute; hospitalis&eacute; en cardiologie en raison de douleurs thoraciques et de sympt&ocirc;mes d\'essoufflement. Les examens initiaux, y compris un &eacute;lectrocardiogramme et des analyses sanguines, ont r&eacute;v&eacute;l&eacute; des signes de maladie coronarienne. Apr&egrave;s une &eacute;valuation approfondie, l\'&eacute;quipe m&eacute;dicale a d&eacute;cid&eacute; d\'effectuer une angiographie coronarienne, r&eacute;v&eacute;lant des obstructions n&eacute;cessitant une intervention. M. Dupont a subi avec succ&egrave;s une angioplastie coronaire avec pose de stent pour restaurer le flux sanguin. Son s&eacute;jour en cardiologie a &eacute;t&eacute; ax&eacute; sur la gestion post-op&eacute;ratoire, la surveillance attentive, et des conseils pour un mode de vie cardiaque sain. Il a montr&eacute; une am&eacute;lioration significative et a &eacute;t&eacute; autoris&eacute; &agrave; rentrer chez lui avec des suivis r&eacute;guliers en ambulatoire.</p>', 38, '2023-01-04 15:20:00', NULL, NULL, 8, 15, 6, 5, NULL, 6, 16, 7, '2023-11-16 16:50:33', '2023-11-16 16:50:33', 16, 'YTmvp', NULL),
(9, '<p>Pas grand chose &agrave;&nbsp; signaler</p>', 38, '2023-11-16 17:45:34', NULL, NULL, 10, 7, 1, 38, NULL, 3, 17, 8, '2023-11-16 17:45:34', '2023-11-16 17:45:34', 16, 'gO3YK', NULL),
(10, '<p>Blabla</p>', 39, '2023-04-01 15:40:00', NULL, NULL, 11, 8, 1, 6, NULL, 1, 18, 9, '2023-11-16 18:14:20', '2023-11-16 18:14:20', 16, 'u3lBG', NULL),
(11, '<p>Blabla</p>', 37, '2023-11-16 18:30:00', NULL, NULL, 12, 7, 1, 40, NULL, 3, 13, 10, '2023-11-16 18:24:30', '2023-11-16 18:24:30', 16, '6MNSx', NULL),
(12, '<p>azaz</p>', 38, '2023-05-09 10:00:00', NULL, NULL, 13, 7, 1, 16, NULL, 3, 19, 11, '2023-11-16 19:20:02', '2023-11-16 19:20:02', 16, '929Fe', NULL),
(13, '<p>azaz</p>', 38, '2023-11-16 19:42:53', NULL, NULL, 14, 14, 1, 53, NULL, 3, 20, 12, '2023-11-16 19:42:53', '2023-11-16 19:42:53', 16, 'aiMzm', NULL),
(14, '<p>azazaz</p>', 38, '2023-11-16 10:00:00', '2023-11-16 15:00:00', NULL, 16, 7, 6, 5, NULL, 7, 22, 13, '2023-11-16 22:31:06', '2023-11-16 22:31:06', 16, 'JP2Oz', NULL),
(15, NULL, 40, '2023-01-16 22:42:38', NULL, '[null]', 17, 7, 5, 37, NULL, 6, 23, 14, '2023-11-16 22:42:38', '2023-11-16 22:43:21', 16, 'Sq05t', NULL),
(16, '<p>azaz</p>', 39, '2023-01-16 23:02:23', NULL, '[null]', 7, 7, 5, 35, NULL, 6, 24, 15, '2023-11-16 23:02:23', '2023-11-16 23:03:31', 16, 'md6RH', NULL),
(17, '<p>azazaz</p>', 38, '2023-11-17 12:38:00', NULL, NULL, 9, 10, 1, 28, NULL, 2, 25, 16, '2023-11-17 12:48:28', '2023-11-17 12:48:28', 16, 'bdQxM', NULL),
(18, '<p>LE patient se porte beaucoup mieux</p>', 38, '2023-11-18 12:22:00', NULL, '01GNBhHrcnVRU7CVxmTgSKjIn1omxO9WWoF8Qke3.jpg;8SxuV9efMlnR6cERfvA7i1wFtdnLTEOU8EvqmeDD.jpg', 18, 19, 1, 30, NULL, 2, 26, 17, '2023-11-18 15:30:34', '2023-11-18 15:30:34', 16, 'Vg9V3', NULL),
(19, '<p>zererterterterterterte</p>', 38, '2024-07-14 17:20:04', NULL, '3dUlJgXeh7cDHgY6DuG37oyychR7QIovf5RnzyNO.jpg', 21, 64, 9, 40, NULL, 3, 31, 21, '2024-07-14 17:20:04', '2024-07-14 17:20:04', 54, 'AmUWJ', NULL),
(20, '<p>esfsdf</p>', 38, '2024-09-29 15:20:25', NULL, '[null]', 23, 71, 1, 37, NULL, 3, 32, NULL, '2024-09-29 15:20:25', '2024-09-29 15:20:52', 61, 'dCAZu', NULL),
(21, '<p>azezaeazezea</p>', 39, '2024-09-30 13:35:39', NULL, '[null]', 23, 71, 1, 37, NULL, 3, 32, NULL, '2024-09-30 13:35:39', '2024-09-30 14:03:06', 61, '2lXIb', NULL),
(22, '<p>j\'ai fini mon c&oelig;ur de rienl\'&Eacute;ternel est mon berger je ne manquerai de rienc\'&eacute;tait l\'heure au berger de m\'appeler rien je ne manquerai de rien donc tu &eacute;coutes tout ce que je dis actuellement ah ouais c\'est int&eacute;ressant et tr&egrave;s dou&eacute; alors ok ok &ccedil;a va pas que tu &eacute;tais dou&eacute; c\'est bien</p>', 39, '2024-09-30 14:00:15', NULL, '[null]', 23, 71, 1, 37, NULL, 1, 32, 24, '2024-09-30 14:00:15', '2024-10-06 08:20:18', 61, 'iyjsr', NULL),
(23, '<p>maux de tete important</p>', 39, '2024-11-06 15:00:00', '2024-11-15 10:00:00', '[null]', 28, 82, 1, 37, NULL, 3, 34, 25, '2024-11-06 18:25:50', '2025-03-06 16:07:50', 66, 'P55Bf', NULL),
(24, '<p>blablabla</p>', 37, '2025-03-15 15:50:00', NULL, NULL, 27, 82, 1, 37, NULL, 3, 34, 26, '2025-03-15 16:41:51', '2025-03-15 16:41:51', 66, '7Ktnu', NULL),
(25, '<p>azerty</p>', 38, '2025-03-17 19:25:23', NULL, NULL, 27, 82, 1, 37, NULL, 4, 34, NULL, '2025-03-17 19:25:23', '2025-03-17 19:25:23', 66, '7EGU2', NULL),
(26, '<p>azerty</p>', 38, '2025-03-17 19:27:58', NULL, NULL, 27, 82, 1, 37, NULL, 3, 34, 27, '2025-03-17 19:27:58', '2025-03-17 19:27:58', 66, 'bLvH8', NULL),
(27, '<p>blablabla</p>', 38, '2025-03-01 15:00:00', '2025-03-19 20:00:00', NULL, 27, 82, 1, 37, NULL, 2, 35, 28, '2025-03-19 15:12:46', '2025-03-19 15:12:46', 66, 'ftk8Z', NULL),
(31, '<p>r</p>', 38, '2025-03-21 10:00:00', NULL, NULL, 27, 82, 1, 37, NULL, 3, 34, 29, '2025-03-21 19:42:59', '2025-03-21 19:42:59', 66, 'JzLGj', 13.00);

-- --------------------------------------------------------

--
-- Structure de la table `invoices`
--

CREATE TABLE `invoices` (
  `id` bigint(20) UNSIGNED NOT NULL,
  `total` double NOT NULL,
  `amount` double NOT NULL,
  `tva_amount` double NOT NULL,
  `rest_to_pay` double NOT NULL,
  `payed` double NOT NULL,
  `date` datetime NOT NULL,
  `user_id` int(11) NOT NULL,
  `patient_id` int(11) DEFAULT NULL,
  `intervention_id` int(11) DEFAULT NULL,
  `consultation_id` int(11) DEFAULT NULL,
  `sale_id` int(11) DEFAULT NULL,
  `created_at` timestamp NULL DEFAULT NULL,
  `updated_at` timestamp NULL DEFAULT NULL,
  `company_id` bigint(20) UNSIGNED DEFAULT NULL,
  `custom_id` varchar(255) DEFAULT NULL,
  `teleconsultation_id` int(11) DEFAULT NULL,
  `discount` double(8,2) DEFAULT NULL
) ENGINE=InnoDB DEFAULT CHARSET=utf8mb4 COLLATE=utf8mb4_unicode_ci;

--
-- Déchargement des données de la table `invoices`
--

INSERT INTO `invoices` (`id`, `total`, `amount`, `tva_amount`, `rest_to_pay`, `payed`, `date`, `user_id`, `patient_id`, `intervention_id`, `consultation_id`, `sale_id`, `created_at`, `updated_at`, `company_id`, `custom_id`, `teleconsultation_id`, `discount`) VALUES
(1, 23500, 18500, 3330, 23500, 0, '2023-11-06 19:59:23', 1, 1, 1, NULL, NULL, '2023-11-06 19:59:23', '2023-11-06 19:59:23', 11, 'kYHW6', NULL, NULL),
(2, 6136, 5200, 936, 6136, 0, '2023-11-06 21:15:18', 1, 1, NULL, 1, NULL, '2023-11-06 21:15:18', '2023-11-06 21:15:18', 11, 'gsSBr', NULL, NULL),
(3, 33040, 28000, 5040, 33040, 0, '2023-11-07 11:05:17', 4, 0, NULL, NULL, 2, '2023-11-07 11:05:17', '2023-11-07 11:05:17', 14, 'fEuYP', NULL, NULL),
(4, 21240, 18000, 3240, 21240, 0, '2023-11-07 13:02:34', 4, 0, NULL, NULL, 3, '2023-11-07 13:02:34', '2023-11-07 13:02:34', 14, 'SsHKK', NULL, NULL),
(5, 19000, 16000, 2880, 19000, 0, '2023-11-08 01:26:40', 1, 2, 2, NULL, NULL, '2023-11-08 01:26:40', '2023-11-08 01:26:40', 11, '7yt3q', NULL, NULL),
(6, 11500, 7000, 1260, 11500, 0, '2023-11-08 01:36:53', 1, 3, 3, NULL, NULL, '2023-11-08 01:36:53', '2023-11-08 01:36:53', 11, 'AUdPK', NULL, NULL),
(7, 8500, 7500, 1350, 8500, 0, '2023-11-09 14:35:23', 7, 5, 5, NULL, 5, '2023-11-09 14:35:23', '2023-11-09 14:35:23', 16, 'pUlQw', NULL, NULL),
(8, 6136, 5200, 936, 6136, 0, '2023-11-09 21:04:12', 7, 6, NULL, 2, NULL, '2023-11-09 21:04:12', '2023-11-09 21:04:12', 16, '2kTHh', NULL, NULL),
(9, 1400, 400, 72, 1400, 0, '2023-11-10 11:49:06', 7, 6, 6, NULL, NULL, '2023-11-10 11:49:06', '2023-11-10 11:49:06', 16, 't7uGH', NULL, NULL),
(10, 5310, 4500, 810, 5310, 0, '2023-11-13 17:55:31', 7, 9, NULL, 3, NULL, '2023-11-13 17:55:31', '2023-11-13 17:55:31', 16, 'RVNHK', NULL, NULL),
(11, 15900, 10900, 1962, 15900, 0, '2023-11-13 18:19:45', 7, 9, 7, NULL, 6, '2023-11-13 18:19:45', '2023-11-13 18:19:45', 16, 'X3NJP', NULL, NULL),
(12, 5000, 5000, 900, 5000, 0, '2023-11-16 16:50:33', 7, 8, 8, NULL, 7, '2023-11-16 16:50:33', '2023-11-16 16:50:33', 16, 'mmMaI', NULL, NULL),
(13, 28000, 24500, 4410, 28000, 0, '2023-11-16 17:45:34', 7, 10, 9, NULL, 8, '2023-11-16 17:45:34', '2023-11-16 17:45:34', 16, 'h3UUJ', NULL, NULL),
(14, 47000, 41000, 7380, 47000, 0, '2023-11-16 18:14:20', 7, 11, 10, NULL, 9, '2023-11-16 18:14:20', '2023-11-16 18:14:20', 16, 'GjsZz', NULL, NULL),
(15, 45000, 44000, 7920, 45000, 0, '2023-11-16 18:24:30', 7, 12, 11, NULL, 10, '2023-11-16 18:24:30', '2023-11-16 18:24:30', 16, 'glvcV', NULL, NULL),
(16, 25500, 18500, 3330, 25500, 0, '2023-11-16 19:20:02', 7, 13, 12, NULL, 11, '2023-11-16 19:20:02', '2023-11-16 19:20:02', 16, 'jbEcD', NULL, NULL),
(17, 21000, 13000, 2340, 21000, 0, '2023-11-16 19:42:53', 7, 14, 13, NULL, 12, '2023-11-16 19:42:53', '2023-11-16 19:42:53', 16, 'aglm0', NULL, NULL),
(18, 46500, 46500, 8370, 46500, 0, '2023-11-16 22:31:06', 7, 16, 14, NULL, 13, '2023-11-16 22:31:06', '2023-11-16 22:31:06', 16, 'E2DoM', NULL, NULL),
(19, 33000, 22000, 3960, 33000, 0, '2023-11-16 22:42:38', 7, 17, 15, NULL, 14, '2023-11-16 22:42:38', '2023-11-16 22:42:38', 16, 'oZdqN', NULL, NULL),
(20, 162000, 150000, 27000, 162000, 0, '2023-11-16 23:02:23', 7, 7, 16, NULL, 15, '2023-11-16 23:02:23', '2023-11-16 23:02:23', 16, 'IFsYO', NULL, NULL),
(21, 35420, 19000, 3420, 35420, 0, '2023-11-17 12:48:28', 7, 9, 17, NULL, 16, '2023-11-17 12:48:28', '2023-11-17 12:48:28', 16, 'fktTX', NULL, NULL),
(22, 5900, 5000, 900, 5900, 0, '2023-11-18 15:25:23', 7, 18, NULL, 4, NULL, '2023-11-18 15:25:23', '2023-11-18 15:25:23', 16, 'xcAaY', NULL, NULL),
(23, 65180, 51000, 9180, 65180, 0, '2023-11-18 15:30:34', 7, 18, 18, NULL, 17, '2023-11-18 15:30:34', '2023-11-18 15:30:34', 16, 'k5rOq', NULL, NULL),
(24, 30680, 26000, 4680, 30680, 0, '2023-11-18 15:37:09', 7, 0, NULL, NULL, 18, '2023-11-18 15:37:09', '2023-11-18 15:37:09', 16, 'RBVtz', NULL, NULL),
(25, 590, 500, 90, 590, 0, '2023-12-05 15:33:17', 7, 0, NULL, NULL, 19, '2023-12-05 15:33:17', '2023-12-05 15:33:17', 16, 'f820Z', NULL, NULL),
(26, 34416, 26200, 4716, 34416, 0, '2023-12-19 13:29:04', 5, 4, 4, NULL, 20, '2023-12-19 13:29:04', '2023-12-19 13:29:04', 15, 'GEyv2', NULL, NULL),
(27, 4130, 3500, 630, 4130, 0, '2024-05-02 09:25:01', 26, 20, NULL, 5, NULL, '2024-05-02 09:25:01', '2024-05-02 09:25:01', 22, 'aH24X', NULL, NULL),
(28, 8220, 4000, 720, 8220, 0, '2024-07-14 17:20:04', 64, 21, 19, NULL, 21, '2024-07-14 17:20:04', '2024-07-14 17:20:04', 54, 'jkkN5', NULL, NULL),
(29, 29.5, 25, 4.5, 29.5, 0, '2024-08-15 19:59:56', 42, 22, NULL, 6, NULL, '2024-08-15 19:59:56', '2024-08-15 19:59:56', 36, 'KbrOm', NULL, NULL),
(30, 6136, 5200, 936, 6136, 0, '2024-09-28 14:11:26', 71, 23, NULL, 7, NULL, '2024-09-28 14:11:26', '2024-09-28 14:11:26', 61, 'TQila', NULL, NULL),
(31, 4130, 3500, 630, 4130, 0, '2024-09-29 14:28:46', 71, 23, NULL, 8, NULL, '2024-09-29 14:28:46', '2024-09-29 14:28:46', 61, 'J1fFb', NULL, NULL),
(32, 3500, 0, 0, 3500, 0, '2024-09-29 15:20:25', 71, 23, 20, NULL, NULL, '2024-09-29 15:20:25', '2024-09-29 15:20:25', 61, 'Z5dZX', NULL, NULL),
(33, 4720, 4000, 720, 4720, 0, '2024-09-29 22:54:30', 71, 0, NULL, NULL, 22, '2024-09-29 22:54:30', '2024-09-29 22:54:30', 61, 'P9x7G', NULL, NULL),
(34, 7573436, 6415200, 1154736, 7573436, 0, '2024-09-30 14:00:15', 71, 23, 22, NULL, 24, '2024-09-30 14:00:15', '2024-09-30 14:00:15', 61, 'lLodY', NULL, NULL),
(35, 9636, 5200, 936, 9636, 0, '2024-09-30 14:03:06', 71, 23, 21, NULL, NULL, '2024-09-30 14:03:06', '2024-09-30 14:03:06', 61, '0z9wi', NULL, NULL),
(36, 4130, 3500, 630, 4130, 0, '2024-10-02 16:19:30', 71, 23, NULL, 9, NULL, '2024-10-02 16:19:30', '2024-10-02 16:19:30', 61, '7RZaP', NULL, NULL),
(37, 5900, 5000, 900, 5900, 0, '2024-10-02 16:40:58', 71, 23, NULL, 10, NULL, '2024-10-02 16:40:58', '2024-10-02 16:40:58', 61, 'XwhQJ', NULL, NULL),
(38, 5900, 5000, 900, 5900, 0, '2024-10-03 16:52:38', 71, 23, NULL, 11, NULL, '2024-10-03 16:52:38', '2024-10-03 16:52:38', 61, 'nva30', NULL, NULL),
(39, 4130, 3500, 630, 4130, 0, '2024-10-04 09:02:36', 71, 24, NULL, 12, NULL, '2024-10-04 09:02:36', '2024-10-04 09:02:36', 61, 'cdf6Y', NULL, NULL),
(40, 4130, 3500, 630, 4130, 0, '2024-10-17 22:27:35', 71, 24, NULL, NULL, NULL, '2024-10-17 22:27:35', '2024-10-17 22:27:35', 61, 'yqAV2', 1, NULL),
(41, 10030, 8500, 1530, 10030, 0, '2024-10-18 18:50:55', 71, 24, NULL, NULL, NULL, '2024-10-18 18:50:55', '2024-10-18 18:50:55', 61, 'qa7sv', 2, NULL),
(42, 4130, 3500, 630, 4130, 0, '2024-10-19 12:39:09', 71, 23, NULL, NULL, NULL, '2024-10-19 12:39:09', '2024-10-19 12:39:09', 61, 'APHUV', 3, NULL),
(43, 4130, 3500, 630, 4130, 0, '2024-10-19 12:49:56', 71, 23, NULL, NULL, NULL, '2024-10-19 12:49:56', '2024-10-19 12:49:56', 61, 'bI7HA', 4, NULL),
(44, 4130, 3500, 630, 4130, 0, '2024-10-19 16:24:49', 71, 26, NULL, NULL, NULL, '2024-10-19 16:24:49', '2024-10-19 16:24:49', 61, '3U5E4', 5, NULL),
(45, 4130, 3500, 630, 4130, 0, '2024-10-19 16:25:29', 71, 26, NULL, NULL, NULL, '2024-10-19 16:25:29', '2024-10-19 16:25:29', 61, '9zF2g', 6, NULL),
(46, 4130, 3500, 630, 4130, 0, '2024-10-19 16:26:20', 71, 26, NULL, NULL, NULL, '2024-10-19 16:26:20', '2024-10-19 16:26:20', 61, 'an9GY', 7, NULL),
(47, 4130, 3500, 630, 4130, 0, '2024-10-19 16:26:42', 71, 26, NULL, NULL, NULL, '2024-10-19 16:26:42', '2024-10-19 16:26:42', 61, 'AC3JE', 8, NULL),
(48, 4130, 3500, 630, 4130, 0, '2024-10-19 16:44:48', 71, 24, NULL, NULL, NULL, '2024-10-19 16:44:48', '2024-10-19 16:44:48', 61, 'zcEOA', 9, NULL),
(49, 4130, 3500, 630, 4130, 0, '2024-10-19 17:36:44', 71, 24, NULL, NULL, NULL, '2024-10-19 17:36:44', '2024-10-19 17:36:44', 61, 'drFnO', 10, NULL),
(50, 5900, 5000, 900, 5900, 0, '2024-10-19 18:28:38', 71, 25, NULL, NULL, NULL, '2024-10-19 18:28:38', '2024-10-19 18:28:38', 61, 'KOVJd', 11, NULL),
(51, 2950, 2500, 450, 2950, 0, '2024-10-19 18:40:14', 71, 25, NULL, NULL, NULL, '2024-10-19 18:40:14', '2024-10-19 18:40:14', 61, 'BaWOF', 12, NULL),
(52, 2950, 2500, 450, 2950, 0, '2024-10-19 18:43:00', 71, 25, NULL, NULL, NULL, '2024-10-19 18:43:00', '2024-10-19 18:43:00', 61, 'TcgV2', 13, NULL),
(53, 2950, 2500, 450, 2950, 0, '2024-10-19 18:44:03', 71, 25, NULL, NULL, NULL, '2024-10-19 18:44:03', '2024-10-19 18:44:03', 61, 'hzKYy', 14, NULL),
(54, 2950, 2500, 450, 2950, 0, '2024-10-19 18:45:16', 71, 25, NULL, NULL, NULL, '2024-10-19 18:45:16', '2024-10-19 18:45:16', 61, 'ImJfJ', 15, NULL),
(55, 2950, 2500, 450, 2950, 0, '2024-10-19 18:45:51', 71, 25, NULL, NULL, NULL, '2024-10-19 18:45:51', '2024-10-19 18:45:51', 61, '4tFnn', 16, NULL),
(56, 2950, 2500, 450, 2950, 0, '2024-10-19 18:46:18', 71, 25, NULL, NULL, NULL, '2024-10-19 18:46:18', '2024-10-19 18:46:18', 61, 'yocyK', 17, NULL),
(57, 2950, 2500, 450, 2950, 0, '2024-10-19 18:50:19', 71, 25, NULL, NULL, NULL, '2024-10-19 18:50:19', '2024-10-19 18:50:19', 61, 'GFmfV', 18, NULL),
(58, 4130, 3500, 630, 4130, 0, '2024-10-19 21:13:07', 71, 26, NULL, NULL, NULL, '2024-10-19 21:13:07', '2024-10-19 21:13:07', 61, 'KoQWw', 19, NULL),
(59, 3776, 3200, 576, 3776, 0, '2024-10-19 21:19:16', 71, 23, NULL, NULL, NULL, '2024-10-19 21:19:16', '2024-10-19 21:19:16', 61, 'JAet3', 20, NULL),
(60, 3776, 3200, 576, 3776, 0, '2024-10-19 21:23:53', 71, 23, NULL, NULL, NULL, '2024-10-19 21:23:53', '2024-10-19 21:23:53', 61, '6W5Na', 21, NULL),
(61, 4130, 3500, 630, 4130, 0, '2024-10-21 14:14:17', 71, 25, NULL, NULL, NULL, '2024-10-21 14:14:17', '2024-10-21 14:14:17', 61, 'VD34H', 22, NULL),
(62, 4130, 3500, 630, 4130, 0, '2024-11-05 15:23:02', 82, 27, NULL, 13, NULL, '2024-11-05 15:23:02', '2024-11-05 15:23:02', 66, 'Jlx48', NULL, NULL),
(63, 5900, 5000, 900, 5900, 0, '2024-11-05 15:43:01', 82, 27, NULL, 14, NULL, '2024-11-05 15:43:01', '2024-11-05 15:43:01', 66, 'KD4hZ', NULL, NULL),
(64, 4130, 3500, 630, 4130, 0, '2024-11-05 16:19:38', 82, 27, NULL, NULL, NULL, '2024-11-05 16:19:38', '2024-11-05 16:19:38', 66, 'SWLwG', 23, NULL),
(65, 47700, 40000, 7200, 47700, 0, '2024-11-06 18:25:51', 82, 28, 23, NULL, 25, '2024-11-06 18:25:51', '2025-03-13 19:22:16', 66, 'UDTKl', NULL, 18000.00),
(66, 28820, 24000, 4320, 28820, 0, '2025-03-15 16:41:51', 82, 27, 24, NULL, 26, '2025-03-15 16:41:51', '2025-03-15 16:41:51', 66, 'pARbT', NULL, NULL),
(67, 130300, 110000, 19800, 130300, 0, '2025-03-17 19:27:58', 82, 27, 26, NULL, 27, '2025-03-17 19:27:58', '2025-03-17 19:30:42', 66, 'MWtqB', NULL, 50000.00),
(68, 232420, 194000, 34920, 232420, 0, '2025-03-19 15:12:46', 82, 27, 27, NULL, 28, '2025-03-19 15:12:46', '2025-03-19 15:13:28', 66, '9WPMR', NULL, 50000.00),
(69, 49092.4, 41180, 7412.4, 49092.4, 0, '2025-03-21 19:42:59', 82, 27, 31, NULL, 29, '2025-03-21 19:42:59', '2025-03-21 19:47:43', 66, 'mhDe5', NULL, 10000.00);

-- --------------------------------------------------------

--
-- Structure de la table `logs`
--

CREATE TABLE `logs` (
  `id` bigint(20) UNSIGNED NOT NULL,
  `datetime` datetime NOT NULL,
  `action` text NOT NULL,
  `user_id` int(11) NOT NULL,
  `created_at` timestamp NULL DEFAULT NULL,
  `updated_at` timestamp NULL DEFAULT NULL,
  `company_id` bigint(20) UNSIGNED DEFAULT NULL,
  `custom_id` varchar(255) DEFAULT NULL
) ENGINE=InnoDB DEFAULT CHARSET=utf8mb4 COLLATE=utf8mb4_unicode_ci;

-- --------------------------------------------------------

--
-- Structure de la table `migrations`
--

CREATE TABLE `migrations` (
  `id` int(10) UNSIGNED NOT NULL,
  `migration` varchar(255) NOT NULL,
  `batch` int(11) NOT NULL
) ENGINE=InnoDB DEFAULT CHARSET=utf8mb4 COLLATE=utf8mb4_unicode_ci;

--
-- Déchargement des données de la table `migrations`
--

INSERT INTO `migrations` (`id`, `migration`, `batch`) VALUES
(69, '2014_10_12_000000_create_users_table', 1),
(70, '2014_10_12_100000_create_password_resets_table', 1),
(71, '2019_08_19_000000_create_failed_jobs_table', 1),
(72, '2021_01_02_122104_create_patients_table', 1),
(73, '2021_01_02_122318_create_consultations_table', 1),
(74, '2021_01_02_122935_create_products_table', 1),
(75, '2021_01_02_123555_create_invoices_table', 1),
(76, '2021_01_02_124547_create_interventions_table', 1),
(77, '2021_01_02_124714_create_notifications_table', 1),
(78, '2021_01_02_124742_create_logs_table', 1),
(79, '2021_01_02_124959_create_rdvs_table', 1),
(80, '2021_01_02_132809_create_groups_table', 1),
(81, '2021_01_02_133144_create_specialties_table', 1),
(82, '2021_01_02_145030_create_typeconsultations_table', 1),
(83, '2021_01_02_153056_create_verdicts_table', 1),
(84, '2021_01_02_154911_create_status_table', 1),
(85, '2021_01_02_162726_create_commands_table', 1),
(86, '2021_01_02_163135_create_sales_table', 1),
(87, '2021_01_02_170655_create_troubles_table', 1),
(88, '2021_01_03_115332_create_cares_table', 1),
(89, '2021_01_05_074858_create_rooms_table', 1),
(90, '2021_01_05_075954_create_departments_table', 1),
(91, '2021_01_07_112136_create_typeinterventions_table', 1),
(92, '2021_01_13_112430_create_interventioncares_table', 2),
(93, '2021_04_09_162036_create_company_table', 3),
(94, '2023_02_14_175012_add_doctor_to_users_table', 4),
(95, '2023_06_01_055647_update_renew_tables_table', 5),
(96, '2023_10_01_132932_update_tables_with_company_table', 6),
(97, '2023_10_05_145932_fill_subscriptions_table', 7),
(98, '2023_10_11_115732_create_subscription_invoices_table', 8),
(99, '2023_10_14_173817_set_department_id_nullable_to_rooms_table', 9),
(101, '2023_10_17_152712_create_custom_id_for_all_tables', 10),
(102, '2023_10_22_094909_add_signature_to_companies_table', 11),
(103, '2023_11_02_130353_fill_settings_data', 12),
(104, '2023_11_03_131351_fill_settings_data_tables', 13),
(105, '2023_11_06_103022_add_column_trial_to_subscription_table', 14),
(106, '2023_11_17_121219_add_column_tva_to_companies_table', 15),
(107, '2023_12_05_142523_add_geo_columns_to_companies_table', 16),
(108, '2024_06_24_162210_add_mode_to_subscription_invoices_table', 17),
(109, '2024_07_02_055348_edit_column_value_from_subscriptions_table', 18),
(110, '2024_07_07_000012_add_payment_columns_to_companies_table', 19),
(111, '2024_07_11_151040_add_type_to_subscription_invoices_table', 20),
(112, '2024_07_13_211546_add_subscriber_id_to_companies_table', 21),
(113, '2024_07_14_223059_add_currencies_and_tva_values_to_companies_table', 22),
(114, '2024_09_28_152449_add_columns_to_consultations_table', 23),
(115, '2024_09_30_133946_change_length_double', 24),
(116, '2024_10_03_122628_add_antecedent_to_patients_table', 25),
(117, '2024_10_09_115159_add_ai_credits_to_companies_table', 26),
(118, '2024_10_10_135056_add_subscription_ids_to_subscription_invoices_table', 27),
(119, '2024_10_10_140602_add_paygate_id_to_subscription_invoices_table', 28),
(120, '2024_10_11_115547_change_subscription_ids_to_subscription_invoices_table', 29),
(121, '2024_10_17_111002_create_teleconsultations_table', 30),
(122, '2024_10_17_122319_add_email_to_patients_table', 31),
(123, '2024_10_17_221649_add_teleconsultation_id_to_invoices_table', 32),
(124, '2024_10_21_122215_add_type_to_rdvs_table', 33),
(125, '2024_10_24_185240_add_columns_to_subscriptions_table', 34),
(126, '2024_10_25_154425_add_assured_amount_to_companies_table', 35),
(127, '2025_03_04_182724_add_discount_to_invoices_table', 36),
(128, '2025_03_17_154206_add_price_to_interventioncares_table', 37),
(129, '2025_03_19_184758_add_columns_to_interventioncares_table', 38),
(130, '2025_03_20_183856_create_analyses_table', 39),
(131, '2025_03_20_185618_create_interventionanalyses_table', 39),
(132, '2025_03_20_191615_add_columns_to_analyses_table', 40);

-- --------------------------------------------------------

--
-- Structure de la table `notifications`
--

CREATE TABLE `notifications` (
  `id` bigint(20) UNSIGNED NOT NULL,
  `text` text NOT NULL,
  `datetime` datetime NOT NULL,
  `viewed` tinyint(1) NOT NULL,
  `users_id` text NOT NULL,
  `created_at` timestamp NULL DEFAULT NULL,
  `updated_at` timestamp NULL DEFAULT NULL,
  `company_id` bigint(20) UNSIGNED DEFAULT NULL,
  `custom_id` varchar(255) DEFAULT NULL
) ENGINE=InnoDB DEFAULT CHARSET=utf8mb4 COLLATE=utf8mb4_unicode_ci;

-- --------------------------------------------------------

--
-- Structure de la table `patients`
--

CREATE TABLE `patients` (
  `id` bigint(20) UNSIGNED NOT NULL,
  `name` varchar(255) NOT NULL,
  `sex` varchar(255) NOT NULL,
  `tel` varchar(255) DEFAULT NULL,
  `address` varchar(255) DEFAULT NULL,
  `pathology` varchar(255) DEFAULT NULL,
  `birth` date DEFAULT NULL,
  `job` varchar(191) DEFAULT NULL,
  `stay` tinyint(4) DEFAULT NULL,
  `size` int(11) DEFAULT NULL,
  `weight` int(11) DEFAULT NULL,
  `archive` tinyint(4) NOT NULL,
  `assured` tinyint(4) NOT NULL,
  `group_id` int(11) NOT NULL,
  `created_at` timestamp NULL DEFAULT NULL,
  `updated_at` timestamp NULL DEFAULT NULL,
  `company_id` bigint(20) UNSIGNED DEFAULT NULL,
  `custom_id` varchar(255) DEFAULT NULL,
  `antecedent` varchar(255) DEFAULT NULL,
  `email` varchar(255) DEFAULT NULL,
  `assured_social_percent` double(8,2) DEFAULT NULL,
  `assured_completed_percent` double(8,2) DEFAULT NULL
) ENGINE=InnoDB DEFAULT CHARSET=utf8mb4 COLLATE=utf8mb4_unicode_ci;

--
-- Déchargement des données de la table `patients`
--

INSERT INTO `patients` (`id`, `name`, `sex`, `tel`, `address`, `pathology`, `birth`, `job`, `stay`, `size`, `weight`, `archive`, `assured`, `group_id`, `created_at`, `updated_at`, `company_id`, `custom_id`, `antecedent`, `email`, `assured_social_percent`, `assured_completed_percent`) VALUES
(1, 'DOSSEH Koffi', 'M', '92929292', NULL, 'Prostatite', '2023-11-06', NULL, 0, 180, 85, 0, 1, 1, '2023-11-06 19:50:01', '2023-11-06 19:50:01', 11, '8Xjj0', NULL, NULL, NULL, NULL),
(2, 'BIDI Faugan', 'Homme', '95959595', '<p>Adidogom&eacute;</p>', NULL, '2023-11-01', NULL, 0, 150, 85, 0, 1, 5, '2023-11-08 01:21:50', '2023-11-08 01:21:50', 11, 'GflkP', NULL, NULL, NULL, NULL),
(3, 'LALLE Manu', 'Homme', '95989595', '<p>Amandahome</p>', NULL, '2023-11-01', NULL, 0, 180, 95, 0, 0, 1, '2023-11-08 01:34:38', '2023-11-08 01:34:38', 11, 'UnLPE', NULL, NULL, NULL, NULL),
(4, 'ALAWOE Bonito', 'Homme', '91929192', '<p>Adidogom&eacute;\'lapampa</p>', 'Prostatite', '1996-11-08', NULL, 0, 168, 75, 0, 1, 7, '2023-11-08 13:27:47', '2023-11-08 13:27:47', 15, 'hvyhi', NULL, NULL, NULL, NULL),
(5, 'KOSSI Franck', 'Homme', '97989798', '<p>Avedji</p>', NULL, '2009-10-27', NULL, 0, 168, 70, 0, 1, 7, '2023-11-09 14:25:22', '2023-11-09 14:25:22', 16, '2jbCV', NULL, NULL, NULL, NULL),
(6, 'KOMI Léo', 'Homme', '97979797', '<p>S&eacute;gb&eacute;</p>', NULL, '1994-11-01', NULL, 0, 185, 85, 0, 0, 1, '2023-11-09 21:02:34', '2023-11-09 21:02:34', 16, 'Y4JWV', NULL, NULL, NULL, NULL),
(7, 'KOUDJO Christophe', 'Homme', '97989598', NULL, NULL, '2006-11-01', NULL, 0, 175, 70, 0, 0, 2, '2023-11-11 12:36:27', '2023-11-11 12:36:27', 16, '12VCk', NULL, NULL, NULL, NULL),
(8, 'EZA Noelle', 'Femme', '97979797', NULL, 'Diabète Type 1', '1997-11-10', NULL, 0, 165, 85, 0, 0, 7, '2023-11-11 12:41:44', '2023-11-11 12:41:44', 16, 'JhYYj', NULL, NULL, NULL, NULL),
(9, 'MEZA Rodrigue', 'Homme', '97979898', '<p>Wonwom&eacute;</p>', NULL, '1999-11-15', NULL, 0, 170, 70, 0, 0, 7, '2023-11-13 17:48:03', '2023-11-13 18:04:58', 16, 'LJPgR', NULL, NULL, NULL, NULL),
(10, 'KLUTSE Franck', 'Homme', '91919191', NULL, NULL, '2023-02-01', NULL, 0, 185, 95, 0, 0, 7, '2023-11-16 17:39:06', '2023-11-16 17:39:06', 16, 'fU566', NULL, NULL, NULL, NULL),
(11, 'NAZALI Victor', 'Homme', '95959595', NULL, 'Prostatite', '1992-11-10', NULL, 0, 175, 75, 0, 0, 7, '2023-11-16 17:53:42', '2023-11-16 17:53:42', 16, 'qz0cA', NULL, NULL, NULL, NULL),
(12, 'LALLE Komla', 'Homme', '97979797', NULL, NULL, '1997-11-15', NULL, 0, 180, 78, 0, 0, 5, '2023-11-16 18:20:07', '2023-11-16 18:20:07', 16, '1KazI', NULL, NULL, NULL, NULL),
(13, 'NAGA Samira', 'Femme', '94979497', NULL, NULL, '2000-11-09', NULL, 0, 175, 75, 0, 0, 7, '2023-11-16 19:14:55', '2023-11-16 19:14:55', 16, '2EuoF', NULL, NULL, NULL, NULL),
(14, 'TSOGBE Linda', 'Femme', '97979897', NULL, NULL, '2009-11-02', NULL, 0, 170, 70, 0, 1, 7, '2023-11-16 19:29:31', '2023-11-16 19:29:31', 16, 'iAD63', NULL, NULL, NULL, NULL),
(16, 'LUANDA Paul', 'Homme', '91929497', NULL, 'Diabète Type 2', '1941-11-07', NULL, 0, 168, 88, 0, 0, 6, '2023-11-16 22:29:08', '2023-11-18 15:20:27', 16, 'Lnbjv', NULL, NULL, NULL, NULL),
(17, 'ETSE Ida', 'Femme', '95939297', NULL, 'Tension', '1986-11-14', NULL, 0, 185, 95, 0, 0, 8, '2023-11-16 22:37:35', '2023-11-16 22:37:35', 16, 'I79Ri', NULL, NULL, NULL, NULL),
(18, 'DOSSEH Koffi', 'Homme', '98979897', '<p>Adidogom&eacute; S&eacute;gb&eacute; vers la fronti&egrave;re Ghana</p>', 'Diabète type 1', '1995-11-02', NULL, 0, 185, 85, 0, 1, 5, '2023-11-18 15:22:37', '2023-11-18 15:22:37', 16, 'zHuVh', NULL, NULL, NULL, NULL),
(19, 'TEST Test', 'Homme', '9595', '<p>aazazz</p>', NULL, '2007-12-05', NULL, 0, 165, 65, 0, 0, 7, '2023-12-05 15:02:37', '2023-12-05 15:02:37', 18, 'M1UK8', NULL, NULL, NULL, NULL),
(20, 'A A', 'Homme', '95989591', '<p>Adresse</p>', 'Diabete', '2022-05-01', NULL, 0, 175, 75, 0, 1, 7, '2024-05-02 09:23:48', '2024-05-02 09:23:48', 22, 'jVxqp', NULL, NULL, NULL, NULL),
(21, 'DOSSEH Koffi', 'Homme', '92919291', NULL, NULL, '1990-10-10', NULL, 0, 175, 90, 0, 1, 7, '2024-07-14 17:01:37', '2024-07-14 17:01:37', 54, '0pJ9C', NULL, NULL, NULL, NULL),
(22, 'DOS Dos', 'Homme', '95949594', '<p>azazazaz</p>', 'Diabète', '1994-05-10', NULL, 0, 185, 65, 0, 1, 4, '2024-08-15 15:23:23', '2024-08-15 15:23:23', 36, 'A5ucz', NULL, NULL, NULL, NULL),
(23, 'Koffi DOS', 'Homme', '94999595', NULL, 'Diabète', '1982-09-28', NULL, 0, 180, 85, 0, 1, 7, '2024-09-28 12:48:08', '2024-10-21 14:13:09', 61, 'y5v8N', NULL, 'doskoffi@gmail.com', NULL, NULL),
(24, 'Catherine AYELE', 'Femme', '91929192', NULL, 'Fausse couche', '1975-10-04', NULL, 0, 165, 70, 0, 1, 7, '2024-10-04 09:00:51', '2024-10-21 14:12:59', 61, 'iiLgA', NULL, 'ayelecatherine@gmail.com', NULL, NULL),
(25, 'Ornella amatre KLUTSE', 'Femme', '84848484', NULL, NULL, '2007-09-28', NULL, 0, 170, 65, 0, 1, 7, '2024-10-18 18:06:37', '2024-10-21 14:12:40', 61, 'GlnhR', 'Rien', 'amatre@gmail.com', NULL, NULL),
(26, 'KLUTSE Godson', 'Homme', '84848484', NULL, NULL, '1975-10-04', 'Gamer', 0, 170, 65, 0, 0, 7, '2024-10-18 18:15:58', '2024-10-20 18:23:57', 61, 'YlXIV', 'Fracture avant-bras', 'godson@gmail.com', NULL, NULL),
(27, 'Abalo KOFFI', 'Homme', '91929591', '<p><br></p>', NULL, '2000-08-10', NULL, 0, 175, 75, 0, 1, 7, '2024-10-25 19:50:52', '2024-10-25 20:01:41', 66, 'aYMeJ', NULL, 'abalokoffi@gmail.com', 70.00, 80.00),
(28, 'Jefferson TEKO', 'Homme', '95929592', NULL, NULL, '1994-11-10', 'Comptable', 0, 178, 78, 0, 1, 7, '2024-11-06 18:19:01', '2024-11-06 18:19:01', 66, 'a74RT', NULL, 'jeff@gmail.com', 75.00, 80.00);

-- --------------------------------------------------------

--
-- Structure de la table `products`
--

CREATE TABLE `products` (
  `id` bigint(20) UNSIGNED NOT NULL,
  `name` varchar(255) NOT NULL,
  `buying_price` double NOT NULL,
  `selling_price` double NOT NULL,
  `qte` int(11) NOT NULL,
  `created_at` timestamp NULL DEFAULT NULL,
  `updated_at` timestamp NULL DEFAULT NULL,
  `company_id` bigint(20) UNSIGNED DEFAULT NULL,
  `custom_id` varchar(255) DEFAULT NULL
) ENGINE=InnoDB DEFAULT CHARSET=utf8mb4 COLLATE=utf8mb4_unicode_ci;

--
-- Déchargement des données de la table `products`
--

INSERT INTO `products` (`id`, `name`, `buying_price`, `selling_price`, `qte`, `created_at`, `updated_at`, `company_id`, `custom_id`) VALUES
(1, 'Paracétamol', 35000, 4000, 8, '2023-11-07 10:36:33', '2024-09-29 22:54:30', 14, '9lmK0'),
(2, 'Nivaquine', 85000, 4500, 3, '2023-11-07 11:04:22', '2023-11-18 15:37:09', 14, 'Fz5GQ'),
(3, 'Chloroquine', 100000, 5000, 17, '2023-11-07 11:05:13', '2023-11-07 11:05:17', 14, 'wDypj'),
(4, 'Quinine', 80000, 5000, 70, '2023-11-08 13:45:34', '2023-12-19 13:29:04', 15, 'hCfCN'),
(5, 'Quinine', 35000, 2500, 34, '2023-11-09 14:35:14', '2023-11-16 23:02:23', 16, 'I6BEz'),
(6, 'Paracétamol', 35000, 4000, 13, '2023-11-10 17:45:17', '2023-11-17 12:48:28', 16, 'HmRC9'),
(7, 'Ciprofloxacine', 150000, 5000, 49, '2023-11-17 15:17:40', '2023-11-18 15:37:09', 16, '2IJgi'),
(8, 'Azithromycine', 145000, 4500, 98, '2023-11-17 15:20:02', '2023-11-18 15:30:34', 16, 'eD8dw'),
(9, 'Ibuprofène', 250000, 2500, 99, '2023-11-17 15:20:51', '2023-11-18 15:30:34', 16, '4dhSg'),
(10, 'Morphine', 75000, 7500, 50, '2023-11-17 15:25:08', '2023-11-17 15:25:08', 16, 'gPmSd'),
(11, 'Warfarine', 105000, 6800, 40, '2023-11-17 15:26:43', '2023-11-17 15:26:43', 16, 'I012N'),
(12, 'Rivaroxaban', 95000, 9500, 95, '2023-11-17 15:27:14', '2023-11-17 15:27:14', 16, '2z6Xy'),
(13, 'Apixaban', 55000, 5500, 50, '2023-11-17 15:28:08', '2023-11-17 15:28:08', 16, 'q3GPl'),
(14, 'Oseltamivir', 25000, 2500, 30, '2023-11-17 15:31:16', '2023-11-17 15:31:16', 16, '7CdFm'),
(15, 'Amoxicilline', 150000, 5000, 100, '2023-11-18 15:35:38', '2023-11-18 15:35:38', 16, '6DZ2w'),
(16, 'Bactrine', 55000, 5500, 17, '2023-11-18 15:36:59', '2023-11-18 15:37:09', 16, 'AdZ4E'),
(17, 'Mixagrip', 52000, 500, 49, '2023-12-05 15:33:03', '2023-12-05 15:33:17', 16, 'yez7n'),
(18, 'Quinine', 100000, 5000, 50, '2024-05-02 11:09:11', '2024-05-02 11:09:11', 23, 'XWUzi'),
(19, 'Paracetamol', 50000, 2000, 30, '2024-05-02 11:09:44', '2024-05-02 11:09:44', 23, 'XWIPj'),
(20, 'Paracetamol', 35000, 4000, 9, '2024-07-14 17:19:57', '2024-07-14 17:20:04', 54, 'LsEwN'),
(21, 'Paracetamol', 35000, 4000, -2990, '2024-09-29 22:52:00', '2024-09-30 14:00:15', 61, 'jA7Hj'),
(22, 'Chloroquine', 35000, 4000, 20, '2024-09-30 13:31:06', '2024-09-30 14:00:15', 61, 'G7gZT'),
(23, 'Quinine', 35000, 5000, 42, '2024-09-30 13:32:24', '2024-09-30 14:00:15', 61, 'fENRl'),
(24, 'Ceftriazole', 35000, 10000, 30, '2024-09-30 13:33:28', '2024-09-30 14:00:15', 61, 'BCW1y'),
(25, 'Bactrine', 35000, 10000, 30, '2024-09-30 13:34:19', '2024-09-30 14:00:15', 61, '6Jf12'),
(26, 'Aspirine', 35000, 10000, 30, '2024-09-30 13:35:06', '2024-09-30 14:00:15', 61, '19mQd'),
(27, 'Abendazole', 35000, 10000, 48, '2024-09-30 13:35:24', '2024-09-30 14:00:15', 61, 'nEuBQ'),
(28, 'Mébendazole', 35000, 10000, 20, '2024-09-30 13:35:34', '2024-10-20 23:28:33', 61, 'eYsLF'),
(29, 'Paracetamol', 35000, 4000, -13, '2024-11-06 18:25:40', '2025-03-21 19:42:59', 66, 'LNycy'),
(30, 'Quinine', 35000, 4000, -2, '2025-03-15 16:36:20', '2025-03-19 15:12:46', 66, '7Owj6'),
(31, 'Nivaquine', 35000, 4000, 45, '2025-03-19 15:12:28', '2025-03-21 19:42:59', 66, '5QsOR');

-- --------------------------------------------------------

--
-- Structure de la table `rdvs`
--

CREATE TABLE `rdvs` (
  `id` bigint(20) UNSIGNED NOT NULL,
  `title` varchar(255) NOT NULL,
  `reason` text DEFAULT NULL,
  `datetime` datetime NOT NULL,
  `done` tinyint(1) NOT NULL,
  `user_id` int(11) NOT NULL,
  `patient_id` int(11) NOT NULL,
  `created_at` timestamp NULL DEFAULT NULL,
  `updated_at` timestamp NULL DEFAULT NULL,
  `company_id` bigint(20) UNSIGNED DEFAULT NULL,
  `custom_id` varchar(255) DEFAULT NULL,
  `type` varchar(255) DEFAULT NULL
) ENGINE=InnoDB DEFAULT CHARSET=utf8mb4 COLLATE=utf8mb4_unicode_ci;

--
-- Déchargement des données de la table `rdvs`
--

INSERT INTO `rdvs` (`id`, `title`, `reason`, `datetime`, `done`, `user_id`, `patient_id`, `created_at`, `updated_at`, `company_id`, `custom_id`, `type`) VALUES
(1, 'Test Hépatite', NULL, '2023-11-15 15:52:00', 0, 1, 1, '2023-11-06 21:42:49', '2023-11-06 21:42:49', 11, 'KiwdX', NULL),
(2, 'Test Covid', NULL, '2023-12-10 15:20:00', 0, 7, 5, '2023-11-10 18:47:11', '2023-11-10 18:47:11', 16, 'ePvev', NULL),
(3, 'Test Tuberculose', '<p>Juste des tests et examens</p>', '2023-11-25 12:00:00', 0, 7, 18, '2023-11-18 15:39:23', '2023-11-18 15:39:23', 16, 'mhWwY', NULL),
(4, 'zerezr', '<p>zerezr</p>', '2024-09-29 15:55:00', 1, 71, 23, '2024-09-29 17:51:54', '2024-10-21 13:10:51', 61, 'TuqlG', 'Hospitalisation'),
(5, 'Bilan général', NULL, '2024-10-21 15:00:00', 0, 71, 26, '2024-10-21 11:09:08', '2024-10-21 13:24:14', 61, 'OzgnC', 'Consultation'),
(6, 'Analyse de labo', NULL, '2024-10-24 15:00:00', 0, 71, 23, '2024-10-21 15:37:57', '2024-10-21 15:45:20', 61, 'DMqiW', 'Hospitalisation'),
(7, 'Analyse', '<p>Aucun</p>', '2024-11-06 15:00:00', 0, 82, 28, '2024-11-06 18:39:44', '2024-11-06 18:39:44', 66, 'RUwCo', 'Consultation');

-- --------------------------------------------------------

--
-- Structure de la table `rooms`
--

CREATE TABLE `rooms` (
  `id` bigint(20) UNSIGNED NOT NULL,
  `name` varchar(255) NOT NULL,
  `price` double DEFAULT NULL,
  `department_id` int(11) DEFAULT NULL,
  `created_at` timestamp NULL DEFAULT NULL,
  `updated_at` timestamp NULL DEFAULT NULL,
  `company_id` bigint(20) UNSIGNED DEFAULT NULL,
  `custom_id` varchar(255) DEFAULT NULL
) ENGINE=InnoDB DEFAULT CHARSET=utf8mb4 COLLATE=utf8mb4_unicode_ci;

--
-- Déchargement des données de la table `rooms`
--

INSERT INTO `rooms` (`id`, `name`, `price`, `department_id`, `created_at`, `updated_at`, `company_id`, `custom_id`) VALUES
(2, '1', 3500, 2, '2021-01-09 15:26:18', '2021-04-09 15:57:12', NULL, 'EvFC5'),
(3, '2', 3000, 1, '2021-01-09 15:33:27', '2021-04-14 22:16:08', NULL, 'sApvm'),
(4, '3', 4000, 1, '2021-01-09 15:33:36', '2021-04-14 22:16:22', NULL, 'HPveu'),
(5, '4', 4500, 1, '2021-01-09 15:33:43', '2021-04-14 22:16:33', NULL, 'NUfk8'),
(6, '5', 2500, 1, '2021-01-09 15:38:13', '2021-04-14 22:16:43', NULL, 'QZoRy'),
(8, '107', 3500, 3, '2023-10-16 17:29:01', '2023-10-17 10:34:08', 6, 'htIvc'),
(9, '2', 5000, 11, '2023-11-04 21:20:37', '2023-11-06 23:09:46', 11, '6AoEW'),
(10, '3', 3000, NULL, '2023-11-04 21:41:59', '2023-11-04 21:41:59', 11, 'Fsvm4'),
(11, '4', 4500, NULL, '2023-11-08 01:35:03', '2023-11-08 01:35:03', 11, 'K5jvP'),
(12, '1', 3500, NULL, '2023-11-08 13:30:01', '2023-11-08 13:30:01', 15, 'qO1au'),
(13, '1', 1000, NULL, '2023-11-09 14:33:02', '2023-11-09 14:33:02', 16, 'voi5j'),
(14, '2', 2000, NULL, '2023-11-09 21:05:41', '2023-11-09 21:05:41', 16, 'Bjkfb'),
(15, '3', 5000, NULL, '2023-11-13 18:17:15', '2023-11-13 18:17:15', 16, 'mnFRH'),
(16, '4', NULL, NULL, '2023-11-16 16:32:37', '2023-11-16 16:32:37', 16, 'FUhvu'),
(17, '5', 3500, NULL, '2023-11-16 17:39:28', '2023-11-16 17:39:28', 16, 'ygCEl'),
(18, '6', 6000, NULL, '2023-11-16 17:54:00', '2023-11-16 17:54:00', 16, '1M2D8'),
(19, '7', 7000, NULL, '2023-11-16 19:02:42', '2023-11-16 19:02:42', 16, '3dZdJ'),
(20, '8', 8000, NULL, '2023-11-16 19:35:17', '2023-11-16 19:35:17', 16, 's5XoM'),
(21, '9', 9000, NULL, '2023-11-16 19:51:03', '2023-11-16 19:51:03', 16, 'F6n9K'),
(22, '10', NULL, NULL, '2023-11-16 22:29:34', '2023-11-16 22:29:34', 16, 'OjXIK'),
(23, '11', 11000, NULL, '2023-11-16 22:38:20', '2023-11-16 22:38:20', 16, 'RUAaz'),
(24, '12', 12000, NULL, '2023-11-16 22:59:17', '2023-11-16 22:59:17', 16, 'B3vJa'),
(25, '13', 13000, NULL, '2023-11-17 12:37:33', '2023-11-17 12:37:33', 16, 'Sd3F3'),
(26, '14', 5000, NULL, '2023-11-18 15:26:38', '2023-11-18 15:26:38', 16, 'll95h'),
(27, '20', 10000, 12, '2023-11-18 15:34:49', '2023-11-18 15:34:49', 16, 'DWVZy'),
(28, '100', 3000, 15, '2024-05-02 09:27:29', '2024-05-02 09:27:29', 22, 'SNgB1'),
(29, '101', 3500, 16, '2024-05-02 09:27:50', '2024-05-02 09:27:50', 22, 'wzlg1'),
(30, '100', 5000, 17, '2024-05-02 11:06:58', '2024-05-02 11:06:58', 23, 'B6W18'),
(31, '100', 3500, NULL, '2024-07-14 17:14:39', '2024-07-14 17:14:39', 54, 'WFlnS'),
(32, '100', 3500, 18, '2024-09-29 14:49:10', '2024-10-03 14:53:29', 61, 'O7KRO'),
(33, '104', 3500, 19, '2024-10-07 13:29:20', '2024-10-07 13:29:20', 61, 'cVCay'),
(34, '100', 500, NULL, '2024-11-06 18:19:46', '2024-11-06 18:19:46', 66, 'UdKM0'),
(35, '101', 3500, NULL, '2025-03-19 15:06:20', '2025-03-19 15:06:20', 66, 'cEC36');

-- --------------------------------------------------------

--
-- Structure de la table `sales`
--

CREATE TABLE `sales` (
  `id` bigint(20) UNSIGNED NOT NULL,
  `total` double NOT NULL,
  `datetime` datetime NOT NULL,
  `user_id` int(11) NOT NULL,
  `created_at` timestamp NULL DEFAULT NULL,
  `updated_at` timestamp NULL DEFAULT NULL,
  `company_id` bigint(20) UNSIGNED DEFAULT NULL,
  `custom_id` varchar(255) DEFAULT NULL
) ENGINE=InnoDB DEFAULT CHARSET=utf8mb4 COLLATE=utf8mb4_unicode_ci;

--
-- Déchargement des données de la table `sales`
--

INSERT INTO `sales` (`id`, `total`, `datetime`, `user_id`, `created_at`, `updated_at`, `company_id`, `custom_id`) VALUES
(1, 0, '2023-11-06 23:14:44', 1, '2023-11-06 23:14:44', '2023-11-06 23:14:44', 11, 'njKMJ'),
(2, 28000, '2023-11-07 11:05:17', 4, '2023-11-07 11:05:17', '2023-11-07 11:05:17', 14, 'fEuYP'),
(3, 18000, '2023-11-07 13:02:34', 4, '2023-11-07 13:02:34', '2023-11-07 13:02:34', 14, 'SsHKK'),
(5, 7500, '2023-11-09 14:35:23', 7, '2023-11-09 14:35:23', '2023-11-09 14:35:23', 16, 'DUuJK'),
(6, 10500, '2023-11-13 18:19:45', 7, '2023-11-13 18:19:45', '2023-11-13 18:19:45', 16, 'Hb5IZ'),
(7, 4000, '2023-11-16 16:50:33', 7, '2023-11-16 16:50:33', '2023-11-16 16:50:33', 16, 'q6wY8'),
(8, 16000, '2023-11-16 17:45:34', 7, '2023-11-16 17:45:34', '2023-11-16 17:45:34', 16, 'Ix3jA'),
(9, 12000, '2023-11-16 18:14:20', 7, '2023-11-16 18:14:20', '2023-11-16 18:14:20', 16, 'GEGj7'),
(10, 32000, '2023-11-16 18:24:30', 7, '2023-11-16 18:24:30', '2023-11-16 18:24:30', 16, 'XO4W9'),
(11, 7500, '2023-11-16 19:20:02', 7, '2023-11-16 19:20:02', '2023-11-16 19:20:02', 16, '4hPPa'),
(12, 5000, '2023-11-16 19:42:53', 7, '2023-11-16 19:42:53', '2023-11-16 19:42:53', 16, 'b4bKB'),
(13, 31500, '2023-11-16 22:31:06', 7, '2023-11-16 22:31:06', '2023-11-16 22:31:06', 16, 'TDWCv'),
(14, 8000, '2023-11-16 22:42:38', 7, '2023-11-16 22:42:38', '2023-11-16 22:42:38', 16, '0YzlD'),
(15, 42000, '2023-11-16 23:02:23', 7, '2023-11-16 23:02:23', '2023-11-16 23:02:23', 16, '4B0BE'),
(16, 12000, '2023-11-17 12:48:28', 7, '2023-11-17 12:48:28', '2023-11-17 12:48:28', 16, 'NEDco'),
(17, 11500, '2023-11-18 15:30:34', 7, '2023-11-18 15:30:34', '2023-11-18 15:30:34', 16, 'ZzRMt'),
(18, 26000, '2023-11-18 15:37:09', 7, '2023-11-18 15:37:09', '2023-11-18 15:37:09', 16, 'RBVtz'),
(19, 500, '2023-12-05 15:33:17', 7, '2023-12-05 15:33:17', '2023-12-05 15:33:17', 16, 'f820Z'),
(20, 25000, '2023-12-19 13:29:04', 5, '2023-12-19 13:29:04', '2023-12-19 13:29:04', 15, 'sX8tb'),
(21, 4000, '2024-07-14 17:20:04', 64, '2024-07-14 17:20:04', '2024-07-14 17:20:04', 54, '12osf'),
(22, 4000, '2024-09-29 22:54:30', 71, '2024-09-29 22:54:30', '2024-09-29 22:54:30', 61, 'P9x7G'),
(23, 0, '2024-09-30 13:35:39', 71, '2024-09-30 13:35:39', '2024-09-30 13:35:39', 61, 'DrNdX'),
(24, 6410000, '2024-09-30 14:00:15', 71, '2024-09-30 14:00:15', '2024-09-30 14:00:15', 61, 'kWmoH'),
(25, 40000, '2024-11-06 18:25:51', 82, '2024-11-06 18:25:51', '2024-11-06 18:25:51', 66, 'CkTy7'),
(26, 24000, '2025-03-15 16:41:51', 82, '2025-03-15 16:41:51', '2025-03-15 16:41:51', 66, 'wNexR'),
(27, 28000, '2025-03-17 19:27:58', 82, '2025-03-17 19:27:58', '2025-03-17 19:27:58', 66, 'QdwcI'),
(28, 60000, '2025-03-19 15:12:46', 82, '2025-03-19 15:12:46', '2025-03-19 15:12:46', 66, 'm9EQw'),
(29, 8000, '2025-03-21 19:42:59', 82, '2025-03-21 19:42:59', '2025-03-21 19:42:59', 66, '8UvbO');

-- --------------------------------------------------------

--
-- Structure de la table `specialties`
--

CREATE TABLE `specialties` (
  `id` bigint(20) UNSIGNED NOT NULL,
  `name` varchar(255) NOT NULL,
  `created_at` timestamp NULL DEFAULT NULL,
  `updated_at` timestamp NULL DEFAULT NULL,
  `company_id` bigint(20) UNSIGNED DEFAULT NULL,
  `custom_id` varchar(255) DEFAULT NULL
) ENGINE=InnoDB DEFAULT CHARSET=utf8mb4 COLLATE=utf8mb4_unicode_ci;

--
-- Déchargement des données de la table `specialties`
--

INSERT INTO `specialties` (`id`, `name`, `created_at`, `updated_at`, `company_id`, `custom_id`) VALUES
(1, 'Cardiologie', '2023-11-03 18:42:19', '2023-11-03 18:42:19', NULL, 'eN6PX'),
(2, 'Chirurgie générale', '2023-11-03 18:42:19', '2023-11-03 18:42:19', NULL, 'nqCXT'),
(3, 'Gynécologie', '2023-11-03 18:42:19', '2023-11-03 18:42:19', NULL, '974R0'),
(4, 'Obstétrique', '2023-11-03 18:42:19', '2023-11-03 18:42:19', NULL, 'KjDS1'),
(5, 'Neurologie', '2023-11-03 18:42:19', '2023-11-03 18:42:19', NULL, '7Wuwo'),
(6, 'Pédiatrie', '2023-11-03 18:42:19', '2023-11-03 18:42:19', NULL, 'haw9G'),
(7, 'Psychiatrie', '2023-11-03 18:42:19', '2023-11-03 18:42:19', NULL, 'A95dU'),
(8, 'Radiologie', '2023-11-03 18:42:19', '2023-11-03 18:42:19', NULL, 'JE4fN'),
(9, 'Oncologie', '2023-11-03 18:42:19', '2023-11-03 18:42:19', NULL, 'dS1Hw'),
(10, 'Ophtalmologie', '2023-11-03 18:42:19', '2023-11-03 18:42:19', NULL, '3fGb2'),
(11, 'Oto-rhino-laryngologie (ORL)', '2023-11-03 18:42:19', '2023-11-03 18:42:19', NULL, 'qPuwA'),
(12, 'Endocrinologie', '2023-11-03 18:42:19', '2023-11-03 18:42:19', NULL, 'O5TAU'),
(13, 'Dermatologie', '2023-11-03 18:42:19', '2023-11-03 18:42:19', NULL, '5axP4'),
(14, 'Gastro-entérologie', '2023-11-03 18:42:19', '2023-11-03 18:42:19', NULL, 'UDLR9'),
(15, 'Néphrologie', '2023-11-03 18:42:19', '2023-11-03 18:42:19', NULL, 't1eng'),
(16, 'Néphrologie', '2023-11-03 18:42:19', '2023-11-03 18:42:19', NULL, 'tXHfz'),
(17, 'Rhumatologie', '2023-11-03 18:42:19', '2023-11-03 18:42:19', NULL, 'iD0OQ'),
(18, 'Médecine d\'urgence', '2023-11-03 18:42:19', '2023-11-03 18:42:19', NULL, 'XCnGZ'),
(19, 'Médecine interne', '2023-11-03 18:42:19', '2023-11-03 18:42:19', NULL, 'n5XKK'),
(20, 'Chirurgie orthopédique', '2023-11-03 18:42:19', '2023-11-03 18:42:19', NULL, 'm9bjH'),
(21, 'Infectiologie', '2023-11-03 18:42:19', '2023-11-03 18:42:19', NULL, 'p6Dl1'),
(22, 'Médecine physique et de réadaptation', '2023-11-03 18:42:19', '2023-11-03 18:42:19', NULL, 'GiUud'),
(23, 'Hématologie', '2023-11-03 18:42:19', '2023-11-03 18:42:19', NULL, 'JTbl4'),
(24, 'Allergologie', '2023-11-03 18:42:19', '2023-11-03 18:42:19', NULL, 'aHZMU'),
(25, 'Pédiatrie néonatale', '2023-11-03 18:42:19', '2023-11-03 18:42:19', NULL, 'BQ41R'),
(26, 'Immunologie', '2023-11-03 18:42:19', '2023-11-03 18:42:19', NULL, 'qglVI'),
(27, 'Médecine du travail', '2023-11-03 18:42:19', '2023-11-03 18:42:19', NULL, 'KpYJE'),
(28, 'Médecine nucléaire', '2023-11-03 18:42:19', '2023-11-03 18:42:19', NULL, 'ra7cc'),
(29, 'Urologie', '2023-11-03 18:42:19', '2023-11-03 18:42:19', NULL, 'Nz4JR'),
(30, 'Médecine de famille (Médecine générale)', '2023-11-03 18:42:19', '2023-11-03 18:42:19', NULL, 'iddQb'),
(31, 'Pharmacie', '2023-11-10 16:26:11', '2023-11-10 16:26:11', NULL, 'xcXcC'),
(32, 'Chirurgie BBL', '2024-10-07 14:06:20', '2024-10-07 14:06:20', NULL, 'fBQyJ'),
(33, 'Chirurgie BBL', '2024-10-07 14:09:54', '2024-10-07 14:09:54', NULL, 'BoANq'),
(34, 'Chirurgie BBL', '2024-10-07 14:16:19', '2024-10-07 14:16:19', NULL, 'F1gSR');

-- --------------------------------------------------------

--
-- Structure de la table `status`
--

CREATE TABLE `status` (
  `id` bigint(20) UNSIGNED NOT NULL,
  `name` varchar(255) NOT NULL,
  `created_at` timestamp NULL DEFAULT NULL,
  `updated_at` timestamp NULL DEFAULT NULL,
  `company_id` bigint(20) UNSIGNED DEFAULT NULL,
  `custom_id` varchar(255) DEFAULT NULL
) ENGINE=InnoDB DEFAULT CHARSET=utf8mb4 COLLATE=utf8mb4_unicode_ci;

--
-- Déchargement des données de la table `status`
--

INSERT INTO `status` (`id`, `name`, `created_at`, `updated_at`, `company_id`, `custom_id`) VALUES
(1, 'Guéri / Rémission', '2023-11-03 18:42:19', '2023-11-03 18:42:19', NULL, 'iJhaq'),
(2, 'Amélioration', '2023-11-03 18:42:19', '2023-11-03 18:42:19', NULL, 'XONlu'),
(3, 'Stable', '2023-11-03 18:42:19', '2023-11-03 18:42:19', NULL, '3PlCV'),
(4, 'Convalescence', '2023-11-03 18:42:19', '2023-11-03 18:42:19', NULL, 'ofne2'),
(5, 'Etat critique', '2023-11-03 18:42:19', '2023-11-03 18:42:19', NULL, 'TEUjz'),
(6, 'Coma', '2023-11-03 18:42:19', '2023-11-03 18:42:19', NULL, 'Tm88c'),
(7, 'Décédé', '2023-11-03 18:42:19', '2023-11-03 18:42:19', NULL, 'd0snX'),
(8, 'Transféré', '2023-11-03 18:42:19', '2023-11-03 18:42:19', NULL, '6vhdD');

-- --------------------------------------------------------

--
-- Structure de la table `subscriptions`
--

CREATE TABLE `subscriptions` (
  `id` bigint(20) UNSIGNED NOT NULL,
  `name` varchar(255) NOT NULL,
  `value` double NOT NULL,
  `currency` varchar(255) NOT NULL,
  `created_at` timestamp NULL DEFAULT NULL,
  `updated_at` timestamp NULL DEFAULT NULL,
  `custom_id` varchar(255) DEFAULT NULL,
  `trial_value` double(8,2) DEFAULT NULL,
  `annual_monthly_value` double(8,2) DEFAULT NULL,
  `annual_total_value` double(8,2) DEFAULT NULL,
  `annual_discount` double(8,2) DEFAULT NULL
) ENGINE=InnoDB DEFAULT CHARSET=utf8mb4 COLLATE=utf8mb4_unicode_ci;

--
-- Déchargement des données de la table `subscriptions`
--

INSERT INTO `subscriptions` (`id`, `name`, `value`, `currency`, `created_at`, `updated_at`, `custom_id`, `trial_value`, `annual_monthly_value`, `annual_total_value`, `annual_discount`) VALUES
(1, 'basic', 249.99, 'EUR', '2023-10-05 15:10:49', '2023-10-05 15:10:49', 'umWV6', 0.00, 212.99, 2555.88, 15.00),
(2, 'standard', 499.99, 'EUR', '2023-10-05 15:10:49', '2023-10-05 15:10:49', 'ZK9si', 0.00, 409.99, 4919.88, 18.00),
(3, 'gold', 1499.99, 'EUR', '2023-10-05 15:10:49', '2023-10-05 15:10:49', 'UoTuU', 0.00, 1199.99, 14399.88, 20.00);

-- --------------------------------------------------------

--
-- Structure de la table `subscription_invoices`
--

CREATE TABLE `subscription_invoices` (
  `id` bigint(20) UNSIGNED NOT NULL,
  `name` varchar(255) DEFAULT NULL,
  `amount_paid` double(8,2) NOT NULL,
  `currency` varchar(255) NOT NULL,
  `company_id` bigint(20) UNSIGNED NOT NULL,
  `subscription_id` bigint(20) UNSIGNED NOT NULL,
  `created_at` timestamp NULL DEFAULT NULL,
  `updated_at` timestamp NULL DEFAULT NULL,
  `custom_id` varchar(255) DEFAULT NULL,
  `mode` varchar(255) DEFAULT NULL,
  `card_name` varchar(255) DEFAULT NULL,
  `card_email` varchar(255) DEFAULT NULL,
  `tel` varchar(255) DEFAULT NULL,
  `type` varchar(255) DEFAULT NULL,
  `stripe_id` varchar(255) DEFAULT NULL,
  `paypal_id` varchar(255) DEFAULT NULL,
  `paygate_id` varchar(255) DEFAULT NULL,
  `annual` tinyint(1) DEFAULT NULL
) ENGINE=InnoDB DEFAULT CHARSET=utf8mb4 COLLATE=utf8mb4_unicode_ci;

--
-- Déchargement des données de la table `subscription_invoices`
--

INSERT INTO `subscription_invoices` (`id`, `name`, `amount_paid`, `currency`, `company_id`, `subscription_id`, `created_at`, `updated_at`, `custom_id`, `mode`, `card_name`, `card_email`, `tel`, `type`, `stripe_id`, `paypal_id`, `paygate_id`, `annual`) VALUES
(1, 'KONDY - Abonnement gold - Golfe', 79999.00, 'XOF', 6, 3, '2023-10-11 12:51:07', '2023-10-11 12:51:07', 'rduQo', NULL, NULL, NULL, NULL, NULL, NULL, NULL, NULL, NULL),
(2, 'KONDY - Abonnement gold - Golfe', 79999.00, 'XOF', 6, 3, '2023-10-11 12:52:34', '2023-10-11 12:52:34', 'loq1v', NULL, NULL, NULL, NULL, NULL, NULL, NULL, NULL, NULL),
(3, 'KONDY - Abonnement standard - COFFEE & TEA - BARBER TATTOO SHOP', 59999.00, 'XOF', 1, 2, '2023-10-11 13:35:24', '2023-10-11 13:35:24', 'vydJi', NULL, NULL, NULL, NULL, NULL, NULL, NULL, NULL, NULL),
(4, 'KONDY - Abonnement gold - Golfe', 79999.00, 'XOF', 6, 3, '2023-10-11 17:07:33', '2023-10-11 17:07:33', 'OUuGr', NULL, NULL, NULL, NULL, NULL, NULL, NULL, NULL, NULL),
(5, 'KONDY - Abonnement gold - Golfe', 79999.00, 'XOF', 6, 3, '2023-10-11 17:07:37', '2023-10-11 17:07:37', 'JO2PP', NULL, NULL, NULL, NULL, NULL, NULL, NULL, NULL, NULL),
(6, 'KONDY - Abonnement basic - Golfe', 39999.00, 'XOF', 6, 1, '2023-10-11 17:08:18', '2023-10-11 17:08:18', 'chNmR', NULL, NULL, NULL, NULL, NULL, NULL, NULL, NULL, NULL),
(7, 'KONDY - Abonnement gold - Golfe', 79999.00, 'XOF', 6, 3, '2023-10-11 17:09:07', '2023-10-11 17:09:07', 'MeATI', NULL, NULL, NULL, NULL, NULL, NULL, NULL, NULL, NULL),
(8, 'KONDY - Abonnement gold - Golfe', 99999.00, 'XOF', 6, 3, '2023-10-22 09:45:15', '2023-10-22 09:45:15', 'QUpOC', NULL, NULL, NULL, NULL, NULL, NULL, NULL, NULL, NULL),
(9, 'KONDY - Abonnement basic - FUT', 59999.00, 'XOF', 12, 1, '2023-11-06 12:24:07', '2023-11-06 12:24:07', 'tVUKK', NULL, NULL, NULL, NULL, NULL, NULL, NULL, NULL, NULL),
(10, 'KONDY - Abonnement gold - AMPA', 139999.00, 'XOF', 14, 3, '2023-11-06 13:28:30', '2023-11-06 13:28:30', 'azS8H', NULL, NULL, NULL, NULL, NULL, NULL, NULL, NULL, NULL),
(11, 'KONDY - Abonnement standard - APPLE', 99999.00, 'XOF', 15, 2, '2023-11-08 13:16:07', '2023-11-08 13:16:07', 'Vs8t7', NULL, NULL, NULL, NULL, NULL, NULL, NULL, NULL, NULL),
(12, 'KONDY - Abonnement gold - Clinique SANTE-PLUS', 139999.00, 'XOF', 16, 3, '2023-11-09 12:56:31', '2023-11-09 12:56:31', 'iR3EH', NULL, NULL, NULL, NULL, NULL, NULL, NULL, NULL, NULL),
(13, 'KONDY - Abonnement basic - KOUNAMI', 59999.00, 'XOF', 17, 1, '2023-11-15 00:56:14', '2023-11-15 00:56:14', 'szMFJ', NULL, NULL, NULL, NULL, NULL, NULL, NULL, NULL, NULL),
(14, 'KONDY - Abonnement basic - VillePays', 59999.00, 'XOF', 18, 1, '2023-12-05 14:52:24', '2023-12-05 14:52:24', 'pK8s8', NULL, NULL, NULL, NULL, NULL, NULL, NULL, NULL, NULL),
(15, 'KONDY - Abonnement gold - Clinique SANTE-PLUS', 139999.00, 'XOF', 16, 3, '2023-12-10 17:24:44', '2023-12-10 17:24:44', 'sMCxQ', NULL, NULL, NULL, NULL, NULL, NULL, NULL, NULL, NULL),
(16, 'KONDY - Abonnement standard - APPLE', 99999.00, 'XOF', 15, 2, '2023-12-19 12:53:43', '2023-12-19 12:53:43', '8ySCK', NULL, NULL, NULL, NULL, NULL, NULL, NULL, NULL, NULL),
(17, 'KONDY - Abonnement gold - bob clinik', 139999.00, 'XOF', 20, 3, '2024-03-29 16:39:08', '2024-03-29 16:39:08', 'WB9rN', NULL, NULL, NULL, NULL, NULL, NULL, NULL, NULL, NULL),
(18, 'KONDY - Abonnement gold - gratuité', 139999.00, 'XOF', 21, 3, '2024-04-03 10:55:16', '2024-04-03 10:55:16', '6tdtm', NULL, NULL, NULL, NULL, NULL, NULL, NULL, NULL, NULL),
(19, 'KONDY - Abonnement gold - Clinique Akato', 139999.00, 'XOF', 22, 3, '2024-05-02 09:11:18', '2024-05-02 09:11:18', 'AALbr', NULL, NULL, NULL, NULL, NULL, NULL, NULL, NULL, NULL),
(20, 'KONDY - Abonnement gold - Saint AUGUSTIN', 139999.00, 'XOF', 23, 3, '2024-05-02 11:00:58', '2024-05-02 11:00:58', 'HwhGf', NULL, NULL, NULL, NULL, NULL, NULL, NULL, NULL, NULL),
(21, 'KONDY - Abonnement gold - xxxxxx', 1499.99, 'EUR', 30, 3, '2024-07-03 14:25:24', '2024-07-03 14:25:24', 'pIBVi', 'stripe', NULL, NULL, NULL, NULL, NULL, NULL, NULL, NULL),
(22, 'KONDY - Abonnement standard - wwwwww', 499.99, 'EUR', 31, 2, '2024-07-03 14:54:35', '2024-07-03 14:54:35', 'NdPaH', 'stripe', NULL, NULL, NULL, NULL, NULL, NULL, NULL, NULL),
(23, 'KONDY - Abonnement basic - gggggg', 249.99, 'EUR', 32, 1, '2024-07-03 16:24:28', '2024-07-03 16:24:28', 'zvpry', 'stripe', NULL, NULL, NULL, NULL, NULL, NULL, NULL, NULL),
(24, 'KONDY - Abonnement basic - yyy', 249.99, 'EUR', 33, 1, '2024-07-03 16:31:58', '2024-07-03 16:31:58', 'VBZE7', 'stripe', NULL, NULL, NULL, NULL, NULL, NULL, NULL, NULL),
(25, 'KONDY - Abonnement standard - qqq', 499.99, 'EUR', 34, 2, '2024-07-03 16:36:24', '2024-07-03 16:36:24', 'QYE6j', 'stripe', NULL, NULL, NULL, NULL, NULL, NULL, NULL, NULL),
(26, 'KONDY - Abonnement standard - ppp', 499.99, 'EUR', 35, 2, '2024-07-03 16:49:18', '2024-07-03 16:49:18', '9vw20', 'stripe', NULL, NULL, NULL, NULL, NULL, NULL, NULL, NULL),
(27, 'KONDY - Abonnement standard - jjj', 499.99, 'EUR', 36, 2, '2024-07-04 12:00:43', '2024-07-04 12:00:43', 'jOaQ1', 'tmoney', NULL, NULL, '92929292', NULL, NULL, NULL, NULL, NULL),
(28, 'KONDY - Abonnement standard - jjj', 499.99, 'EUR', 36, 2, '2024-07-11 14:43:26', '2024-07-11 14:43:26', 'F49Bc', 'stripe', NULL, NULL, NULL, NULL, NULL, NULL, NULL, NULL),
(29, 'KONDY - Abonnement basic - jjj', 249.99, 'EUR', 36, 1, '2024-07-11 15:08:13', '2024-07-11 15:08:13', 'Xw0Qq', 'tmoney', NULL, NULL, NULL, NULL, NULL, NULL, NULL, NULL),
(30, 'KONDY - Abonnement standard - gdfgdfg', 499.99, 'EUR', 51, 2, '2024-07-12 13:47:29', '2024-07-12 13:47:29', 'vJWgW', 'stripe', 'gdfgdfg', 'dfgdfg@gffh.com', 'dfgdfgdfg', NULL, NULL, NULL, NULL, NULL),
(31, 'KONDY - Abonnement standard - jjj', 499.99, 'EUR', 36, 2, '2024-07-13 22:52:18', '2024-07-13 22:52:18', 'MTLUO', 'tmoney', '', '', '92926060', NULL, NULL, NULL, NULL, NULL),
(32, 'KONDY - Abonnement gold - jjj', 1499.99, 'EUR', 36, 3, '2024-07-14 00:41:36', '2024-07-14 00:41:36', 'n1s4h', 'stripe', 'jjj', '', '', NULL, NULL, NULL, NULL, NULL),
(33, 'KONDY - Abonnement standard - jjj', 499.99, 'EUR', 36, 2, '2024-07-14 01:15:16', '2024-07-14 01:15:16', 'hi4Pp', 'stripe', 'jjj', 'jjj@gmail.com', '92603091', NULL, NULL, NULL, NULL, NULL),
(34, 'KONDY - Abonnement gold - Clinique Djobok', 1499.99, 'EUR', 54, 3, '2024-07-14 15:48:55', '2024-07-14 15:48:55', 'lmwuC', 'stripe', 'Prado+Djobok', 'pradodjobok3@gmail.com', '', NULL, NULL, NULL, NULL, NULL),
(35, 'KONDY - Abonnement standard - sd', 499.99, 'EUR', 55, 2, '2024-08-05 19:56:45', '2024-08-05 19:56:45', 'fkb0R', 'stripe', 'sd', 'sd@gmail.com', '', NULL, NULL, NULL, NULL, NULL),
(36, 'KONDY - Abonnement basic - Mart', 249.99, 'EUR', 61, 1, '2024-09-26 19:31:59', '2024-09-26 19:31:59', 'Mh1JZ', 'paypal', NULL, NULL, NULL, NULL, NULL, 'I-PE7JWXKGVN0R', NULL, NULL),
(37, 'KONDY - Abonnement standard - Mart', 499.99, 'EUR', 61, 2, '2024-10-11 20:46:22', '2024-10-11 20:46:22', 'djRrA', 'paypal', 'mamama', 'mamama@gmail.com', '', NULL, NULL, 'I-2PW5APK6TBNE', NULL, NULL),
(38, 'KONDY - Abonnement standard - Mart', 499.99, 'EUR', 61, 2, '2024-10-11 21:37:44', '2024-10-11 21:37:44', 'CICwh', 'stripe', 'mamama', 'mamama@gmail.com', '', NULL, NULL, NULL, NULL, NULL),
(39, 'KONDY - Abonnement standard - Mart', 499.99, 'EUR', 61, 2, '2024-10-12 14:14:19', '2024-10-12 14:14:19', 'uOSp7', 'stripe', 'mamama', 'mamama@gmail.com', '', NULL, 'sub_1Q965GGKHfaav9hRfkX17hiC', NULL, NULL, NULL),
(40, 'KONDY - Abonnement basic - Test Mail', 249.99, 'EUR', 62, 1, '2024-10-13 00:23:25', '2024-10-13 00:23:25', 'OnweS', 'stripe', 'Test mail', 'testmail@gmail.com', '', NULL, 'sub_1Q9FagGKHfaav9hRcM40Xkem', NULL, NULL, NULL),
(41, 'KONDY - Abonnement basic - an', 249.99, 'EUR', 64, 1, '2024-10-25 11:32:47', '2024-10-25 11:32:47', 'ngRMK', 'stripe', 'an', 'an@gmail.com', '', NULL, 'sub_1QDll2GKHfaav9hRkUzRVofJ', NULL, NULL, 1),
(42, 'KONDY - Abonnement basic - an', 249.99, 'EUR', 64, 1, '2024-10-25 11:34:28', '2024-10-25 11:34:28', '6YB0m', 'stripe', 'an', 'an@gmail.com', '', NULL, 'sub_1QDll2GKHfaav9hRkUzRVofJ', NULL, NULL, 1),
(43, 'KONDY - Abonnement gold - Gold', 1499.99, 'EUR', 65, 3, '2024-10-25 15:20:39', '2024-10-25 15:20:39', 'rtt3V', 'stripe', NULL, NULL, NULL, NULL, NULL, NULL, NULL, 0),
(44, 'KONDY - Abonnement gold - New Gold Clinik', 1499.99, 'EUR', 66, 3, '2024-10-25 15:30:33', '2024-10-25 15:30:33', 'DJOwl', 'paypal', 'New Gold', 'newgold@gmail.com', '', NULL, NULL, 'I-V36JEXME7VYA', NULL, 0),
(45, 'KONDY - Abonnement standard - New Gold Clinik', 499.99, 'EUR', 66, 3, '2024-10-26 18:29:29', '2024-10-26 18:29:29', 'LCgQY', 'paypal', 'New Gold', 'newgold@gmail.com', '', NULL, NULL, 'I-EXVJP4DPXPTS', NULL, 0),
(46, 'KONDY - Abonnement gold - aea', 14399.88, 'EUR', 67, 3, '2024-10-26 22:11:45', '2024-10-26 22:11:45', 'TW69V', 'paypal', 'aea', 'aea@gmail.com', '', NULL, NULL, 'I-H669S7AL1HS2', NULL, 1),
(47, 'KONDY - Abonnement basic - aea', 249.99, 'EUR', 67, 1, '2024-10-26 23:22:05', '2024-10-26 23:22:05', 'vwo5S', 'paypal', 'aea', 'aea@gmail.com', '', NULL, NULL, 'I-NK0PFWVW9CDT', NULL, 0);

-- --------------------------------------------------------

--
-- Structure de la table `teleconsultations`
--

CREATE TABLE `teleconsultations` (
  `id` bigint(20) UNSIGNED NOT NULL,
  `description` text DEFAULT NULL,
  `ai_description` text DEFAULT NULL,
  `prescription` text DEFAULT NULL,
  `duration` int(11) NOT NULL,
  `temperature` varchar(255) DEFAULT NULL,
  `amount` double(8,2) NOT NULL,
  `typeconsultation_id` int(11) DEFAULT NULL,
  `patient_id` int(11) NOT NULL,
  `user_id` int(11) NOT NULL,
  `company_id` int(11) NOT NULL,
  `custom_id` varchar(255) NOT NULL,
  `created_at` timestamp NULL DEFAULT NULL,
  `updated_at` timestamp NULL DEFAULT NULL
) ENGINE=InnoDB DEFAULT CHARSET=utf8mb4 COLLATE=utf8mb4_unicode_ci;

--
-- Déchargement des données de la table `teleconsultations`
--

INSERT INTO `teleconsultations` (`id`, `description`, `ai_description`, `prescription`, `duration`, `temperature`, `amount`, `typeconsultation_id`, `patient_id`, `user_id`, `company_id`, `custom_id`, `created_at`, `updated_at`) VALUES
(1, '<p>Colon irritable</p>', NULL, '<p><strong>Diagnostic:</strong> Colon irritable</p>\r\n<p><strong>M&eacute;dicaments &amp; Posologies:</strong></p>\r\n<ul>\r\n<li><strong>Antispasmodiques:</strong> Pour soulager les douleurs abdominales et les spasmes intestinaux, 1 g&eacute;lule par jour.</li>\r\n<li><strong>Laxatifs (en cas de constipation):</strong> Des laxatifs de lest ou des laxatifs osmotiques, 1 dose par jour.</li>\r\n<li><strong>Activateurs du canal chlorure:</strong> Pour traiter la constipation, 1 dose par jour.</li>\r\n<li><strong>Antid&eacute;presseurs (en cas de sympt&ocirc;mes graves):</strong> 1 g&eacute;lule par jour, sous prescription m&eacute;dicale.</li>\r\n</ul>\r\n<p><strong>Conseils:</strong></p>\r\n<ul>\r\n<li><strong>Adaptation des habitudes alimentaires:</strong> &Eacute;viter les aliments qui d&eacute;clenchent les sympt&ocirc;mes, tels que les l&eacute;gumes secs, les choux, les crudit&eacute;s, et les aliments riches en mati&egrave;res grasses.</li>\r\n<li><strong>Techniques de relaxation:</strong> Pratiquer des s&eacute;ances de relaxation ou de psychoth&eacute;rapie pour g&eacute;rer le stress.</li>\r\n<li><strong>Hygi&egrave;ne alimentaire:</strong> Tenir un journal de son alimentation pour identifier les aliments responsables des sympt&ocirc;mes. Limiter la consommation de fibres, de produits d&eacute;riv&eacute;s du lait, et de boissons contenant de la caf&eacute;ine en cas de diarrh&eacute;e.</li>\r\n</ul>', 250, '38', 3500.00, NULL, 24, 71, 61, 'v4xnJ', '2024-10-17 22:27:35', '2024-10-17 22:27:35'),
(2, '<p>Colon irritable</p>', NULL, '<p><strong>Diagnostic:</strong> Colon irritable</p>\r\n<p><strong>M&eacute;dicaments &amp; Posologies:</strong></p>\r\n<ul>\r\n<li><strong>Lubiprostone:</strong> 24 mcg, 2 fois par jour, pour soulager la constipation.</li>\r\n<li><strong>Linaclotide:</strong> 290 mcg, 1 fois par jour, pour am&eacute;liorer la constipation et les douleurs abdominales.</li>\r\n<li><strong>T&eacute;napanor:</strong> 58 mg, 3 fois par jour, pour soulager la constipation.</li>\r\n<li><strong>Antispasmodiques (Phloroglucinol):</strong> 10 mg, 3 fois par jour, pour r&eacute;duire les spasmes abdominaux.</li>\r\n<li><strong>Antid&eacute;presseurs (Tricycliques):</strong> 10 mg, 1 fois par jour, pour soulager les douleurs abdominales et am&eacute;liorer l\'humeur.</li>\r\n</ul>\r\n<p><strong>Conseils:</strong></p>\r\n<ul>\r\n<li>Suivre une alimentation riche en fibres pour &eacute;viter la constipation.</li>\r\n<li>&Eacute;viter les aliments qui causent des flatulences et des diarrh&eacute;es.</li>\r\n<li>Pratiquer une activit&eacute; physique r&eacute;guli&egrave;re pour am&eacute;liorer le fonctionnement intestinal.</li>\r\n<li>Commencer par une dose faible de suppl&eacute;ments de fibres et augmenter progressivement la dose jusqu\'&agrave; la dose recommand&eacute;e.</li>\r\n<li>Rester en contact avec votre m&eacute;decin pendant toute la dur&eacute;e du traitement et informer de tout effet secondaire.</li>\r\n</ul>', 250, '52', 8500.00, NULL, 24, 71, 61, 'PGDuL', '2024-10-18 18:50:55', '2024-10-18 18:50:55'),
(3, '<p>Colon irritable</p>', NULL, NULL, 250, '38', 3500.00, NULL, 23, 71, 61, 'qRM2t', '2024-10-19 12:39:09', '2024-10-19 12:39:09'),
(4, '<p>Colon irritable</p>', NULL, NULL, 250, '38', 3500.00, NULL, 23, 71, 61, 'TIK6T', '2024-10-19 12:49:56', '2024-10-19 12:49:56'),
(5, '<p>Colon irritable</p>', NULL, '<p><strong>Diagnostic:</strong> Colon irritable</p>\r\n<p><strong>M&eacute;dicaments &amp; Posologies:</strong></p>\r\n<ul>\r\n<li><strong>Linaclotide:</strong> 290 &micro;g/jour, par comprim&eacute;, pendant 12 semaines suivies de 4 semaines d\'arr&ecirc;t.</li>\r\n<li><strong>Laxatifs osmotiques:</strong> selon besoin, pour soulager la constipation.</li>\r\n<li><strong>Antispasmodiques:</strong> phloroglucinol ou citrate d\'alv&eacute;rine, en cas d\'exacerbation des douleurs abdominales.</li>\r\n<li><strong>Antid&eacute;presseurs:</strong> tricycliques ou inhibiteurs de la recapture de la s&eacute;rotonine, en cas de formes douloureuses.</li>\r\n<li><strong>Probiotiques:</strong> pour soulager les ballonnements.</li>\r\n</ul>\r\n<p><strong>Conseils:</strong></p>\r\n<ul>\r\n<li><strong>Alimentation:</strong> riche en fibres alimentaires pour les patients souffrant de constipation, mais &eacute;viter les fibres insolubles comme le son de bl&eacute;.</li>\r\n<li><strong>Hygi&egrave;ne de vie:</strong> bonne hygi&egrave;ne de vie et prise en charge psychologique, incluant relaxation et hypnose pour g&eacute;rer le stress.</li>\r\n<li><strong>Journal d\'alimentation:</strong> tenir un journal pour identifier les aliments d&eacute;clencheurs des sympt&ocirc;mes.</li>\r\n</ul>', 250, '37.5', 3500.00, NULL, 26, 71, 61, 'sHtxd', '2024-10-19 16:24:49', '2024-10-19 16:24:49'),
(6, '<p>Colon irritable</p>', NULL, '<p><strong>Diagnostic:</strong> Colon irritable</p>\r\n<p><strong>M&eacute;dicaments &amp; Posologies:</strong></p>\r\n<ul>\r\n<li><strong>Linaclotide:</strong> 290 &micro;g/jour, par comprim&eacute;, pendant 12 semaines suivies de 4 semaines d\'arr&ecirc;t.</li>\r\n<li><strong>Laxatifs osmotiques:</strong> selon besoin, pour soulager la constipation.</li>\r\n<li><strong>Antispasmodiques:</strong> phloroglucinol ou citrate d\'alv&eacute;rine, en cas d\'exacerbation des douleurs abdominales.</li>\r\n<li><strong>Antid&eacute;presseurs:</strong> tricycliques ou inhibiteurs de la recapture de la s&eacute;rotonine, en cas de formes douloureuses.</li>\r\n<li><strong>Probiotiques:</strong> pour soulager les ballonnements.</li>\r\n</ul>\r\n<p><strong>Conseils:</strong></p>\r\n<ul>\r\n<li><strong>Alimentation:</strong> riche en fibres alimentaires pour les patients souffrant de constipation, mais &eacute;viter les fibres insolubles comme le son de bl&eacute;.</li>\r\n<li><strong>Hygi&egrave;ne de vie:</strong> bonne hygi&egrave;ne de vie et prise en charge psychologique, incluant relaxation et hypnose pour g&eacute;rer le stress.</li>\r\n<li><strong>Journal d\'alimentation:</strong> tenir un journal pour identifier les aliments d&eacute;clencheurs des sympt&ocirc;mes.</li>\r\n</ul>', 250, '37.5', 3500.00, NULL, 26, 71, 61, 'a4odA', '2024-10-19 16:25:29', '2024-10-19 16:25:29'),
(7, '<p>Colon irritable</p>', NULL, '<p><strong>Diagnostic:</strong> Colon irritable</p>\r\n<p><strong>M&eacute;dicaments &amp; Posologies:</strong></p>\r\n<ul>\r\n<li><strong>Linaclotide:</strong> 290 &micro;g/jour, par comprim&eacute;, pendant 12 semaines suivies de 4 semaines d\'arr&ecirc;t.</li>\r\n<li><strong>Laxatifs osmotiques:</strong> selon besoin, pour soulager la constipation.</li>\r\n<li><strong>Antispasmodiques:</strong> phloroglucinol ou citrate d\'alv&eacute;rine, en cas d\'exacerbation des douleurs abdominales.</li>\r\n<li><strong>Antid&eacute;presseurs:</strong> tricycliques ou inhibiteurs de la recapture de la s&eacute;rotonine, en cas de formes douloureuses.</li>\r\n<li><strong>Probiotiques:</strong> pour soulager les ballonnements.</li>\r\n</ul>\r\n<p><strong>Conseils:</strong></p>\r\n<ul>\r\n<li><strong>Alimentation:</strong> riche en fibres alimentaires pour les patients souffrant de constipation, mais &eacute;viter les fibres insolubles comme le son de bl&eacute;.</li>\r\n<li><strong>Hygi&egrave;ne de vie:</strong> bonne hygi&egrave;ne de vie et prise en charge psychologique, incluant relaxation et hypnose pour g&eacute;rer le stress.</li>\r\n<li><strong>Journal d\'alimentation:</strong> tenir un journal pour identifier les aliments d&eacute;clencheurs des sympt&ocirc;mes.</li>\r\n</ul>', 250, '37.5', 3500.00, NULL, 26, 71, 61, 'nAoo9', '2024-10-19 16:26:20', '2024-10-19 16:26:20'),
(8, '<p>Colon irritable</p>', NULL, '<p><strong>Diagnostic:</strong> Colon irritable</p>\r\n<p><strong>M&eacute;dicaments &amp; Posologies:</strong></p>\r\n<ul>\r\n<li><strong>Linaclotide:</strong> 290 &micro;g/jour, par comprim&eacute;, pendant 12 semaines suivies de 4 semaines d\'arr&ecirc;t.</li>\r\n<li><strong>Laxatifs osmotiques:</strong> selon besoin, pour soulager la constipation.</li>\r\n<li><strong>Antispasmodiques:</strong> phloroglucinol ou citrate d\'alv&eacute;rine, en cas d\'exacerbation des douleurs abdominales.</li>\r\n<li><strong>Antid&eacute;presseurs:</strong> tricycliques ou inhibiteurs de la recapture de la s&eacute;rotonine, en cas de formes douloureuses.</li>\r\n<li><strong>Probiotiques:</strong> pour soulager les ballonnements.</li>\r\n</ul>\r\n<p><strong>Conseils:</strong></p>\r\n<ul>\r\n<li><strong>Alimentation:</strong> riche en fibres alimentaires pour les patients souffrant de constipation, mais &eacute;viter les fibres insolubles comme le son de bl&eacute;.</li>\r\n<li><strong>Hygi&egrave;ne de vie:</strong> bonne hygi&egrave;ne de vie et prise en charge psychologique, incluant relaxation et hypnose pour g&eacute;rer le stress.</li>\r\n<li><strong>Journal d\'alimentation:</strong> tenir un journal pour identifier les aliments d&eacute;clencheurs des sympt&ocirc;mes.</li>\r\n</ul>', 250, '37.5', 3500.00, NULL, 26, 71, 61, 'KQkO4', '2024-10-19 16:26:42', '2024-10-19 16:26:42'),
(9, '<p>Colon irritable</p>', NULL, '<p><strong>Diagnostic:</strong></p>\r\n<p>Colon irritable</p>\r\n<p><strong>M&eacute;dicaments &amp; Posologies:</strong></p>\r\n<ul>\r\n<li><strong>Laxatifs</strong> : Lubiprostone (24 &micro;g/jour), Linaclotide (290 &micro;g/jour), T&eacute;napanor (100 mg/jour)</li>\r\n<li><strong>Antispasmodiques</strong> : Phloroglucinol (20 mg/jour), Citrate d\'alv&eacute;rine (20 mg/jour)</li>\r\n<li><strong>Antidiarrh&eacute;iques</strong> : Lop&eacute;ramide (2 mg/kg/jour), Diph&eacute;noxylate (5 mg/jour)</li>\r\n<li><strong>Antibiotiques</strong> : Rifaximine (550 mg/jour)</li>\r\n</ul>\r\n<p><strong>Conseils:</strong></p>\r\n<ul>\r\n<li><strong>Alimentation</strong> : Riche en fibres alimentaires pour les patients souffrant de constipation, &eacute;viter les aliments qui causent des flatulences et des diarrh&eacute;es.</li>\r\n<li><strong>Hygi&egrave;ne de vie</strong> : Activit&eacute; physique r&eacute;guli&egrave;re pour maintenir le fonctionnement normal du tube digestif.</li>\r\n<li><strong>Psychoth&eacute;rapie</strong> : Relaxation, hypnose, psychoth&eacute;rapie pour apprendre &agrave; g&eacute;rer le stress et les difficult&eacute;s de la vie.</li>\r\n</ul>', 250, '37', 3500.00, NULL, 24, 71, 61, '8GU0m', '2024-10-19 16:44:48', '2024-10-19 16:44:48'),
(10, '<p>Colon irritable</p>', NULL, '<p><strong>Diagnostic:</strong></p>\r\n<p>Colon irritable</p>\r\n<p><strong>M&eacute;dicaments &amp; Posologies:</strong></p>\r\n<ul>\r\n<li><strong>Laxatifs</strong> : Lubiprostone (24 &micro;g/jour), Linaclotide (290 &micro;g/jour), T&eacute;napanor (100 mg/jour)</li>\r\n<li><strong>Antispasmodiques</strong> : Phloroglucinol (20 mg/jour), Citrate d\'alv&eacute;rine (20 mg/jour)</li>\r\n<li><strong>Antidiarrh&eacute;iques</strong> : Lop&eacute;ramide (2 mg/kg/jour), Diph&eacute;noxylate (5 mg/jour)</li>\r\n<li><strong>Antibiotiques</strong> : Rifaximine (550 mg/jour)</li>\r\n</ul>\r\n<p><strong>Conseils:</strong></p>\r\n<ul>\r\n<li><strong>Alimentation</strong> : Riche en fibres alimentaires pour les patients souffrant de constipation, &eacute;viter les aliments qui causent des flatulences et des diarrh&eacute;es.</li>\r\n<li><strong>Hygi&egrave;ne de vie</strong> : Activit&eacute; physique r&eacute;guli&egrave;re pour maintenir le fonctionnement normal du tube digestif.</li>\r\n<li><strong>Psychoth&eacute;rapie</strong> : Relaxation, hypnose, psychoth&eacute;rapie pour apprendre &agrave; g&eacute;rer le stress et les difficult&eacute;s de la vie.</li>\r\n</ul>', 250, '37', 3500.00, NULL, 24, 71, 61, '0SFyu', '2024-10-19 17:36:44', '2024-10-19 17:36:44'),
(11, '<p>Colon irritable</p>', NULL, '<p><strong>Diagnostic:</strong> Colon irritable</p>\r\n<p><strong>M&eacute;dicaments &amp; Posologies:</strong></p>\r\n<ul>\r\n<li><strong>Antispasmodiques:</strong> Phloroglucinol (&agrave; prendre selon les instructions du pharmacien)</li>\r\n<li><strong>Laxatifs:</strong> Poly&eacute;thyl&egrave;ne glycol (&agrave; prendre selon les instructions du pharmacien)</li>\r\n<li><strong>Lubiprostone:</strong> 24 mg par jour, deux fois par jour</li>\r\n<li><strong>Linaclotide:</strong> 290 &micro;g par jour, une fois par jour</li>\r\n</ul>\r\n<p><strong>Conseils:</strong></p>\r\n<ul>\r\n<li><strong>Alimentation:</strong> &Eacute;viter les aliments qui d&eacute;clenchent les sympt&ocirc;mes, tels que les l&eacute;gumes secs, les choux, les crudit&eacute;s, et les aliments riches en mati&egrave;res grasses.</li>\r\n<li><strong>Hygi&egrave;ne de vie:</strong> Augmenter l&rsquo;apport en fibres et en eau pour &eacute;viter la constipation. R&eacute;duire la consommation de fibres insolubles et de produits d&eacute;riv&eacute;s du lait en cas de ballonnements.</li>\r\n<li><strong>Activit&eacute; physique:</strong> Pratiquer une activit&eacute; physique r&eacute;guli&egrave;re pour r&eacute;guler l&rsquo;activit&eacute; intestinale et g&eacute;rer le stress.</li>\r\n<li><strong>Psychoth&eacute;rapie:</strong> Consid&eacute;rer des s&eacute;ances de relaxation ou de psychoth&eacute;rapie pour g&eacute;rer le stress et les sympt&ocirc;mes.</li>\r\n</ul>', 250, '38', 5000.00, NULL, 25, 71, 61, 'k74TX', '2024-10-19 18:28:38', '2024-10-19 18:28:38'),
(12, '<p>Colon irritable</p>', NULL, '<p><strong>Diagnostic:</strong> Colon irritable</p>\r\n<p><strong>M&eacute;dicaments &amp; Posologies:</strong></p>\r\n<ul>\r\n<li><strong>Laxatifs:</strong> Lubiprostone (24 mg/jour), Linaclotide (290 mcg/jour), Pl&eacute;canatide (3 mg/jour), T&eacute;napanor (50 mg/jour)</li>\r\n<li><strong>Antispasmodiques:</strong> Hyoscyamine (0,125 mg, 3 fois par jour)</li>\r\n<li><strong>Antidiarrh&eacute;iques:</strong> Lop&eacute;ramide (2 mg, 1 fois par jour)</li>\r\n<li><strong>Antibiotique:</strong> Rifaximine (550 mg, 3 fois par jour)</li>\r\n</ul>\r\n<p><strong>Conseils:</strong></p>\r\n<ul>\r\n<li>Tenir un journal de son alimentation pour identifier les aliments d&eacute;clencheurs.</li>\r\n<li>Limiter les aliments riches en fibres et en mati&egrave;res grasses.</li>\r\n<li>Augmenter l\'apport en eau pour &eacute;viter la constipation.</li>\r\n<li>R&eacute;duire les crudit&eacute;s et les aliments favorisant la production de gaz intestinaux.</li>\r\n<li>&Eacute;viter les sucreries contenant du sorbitol en p&eacute;riode de diarrh&eacute;e.</li>\r\n<li>Pratiquer une activit&eacute; physique r&eacute;guli&egrave;re pour maintenir le fonctionnement normal du tube digestif.</li>\r\n</ul>', 250, '37', 2500.00, NULL, 25, 71, 61, 'XORJM', '2024-10-19 18:40:14', '2024-10-19 18:40:14'),
(13, '<p>Colon irritable</p>', NULL, '<p><strong>Diagnostic:</strong> Colon irritable</p>\r\n<p><strong>M&eacute;dicaments &amp; Posologies:</strong></p>\r\n<ul>\r\n<li><strong>Laxatifs:</strong> Lubiprostone (24 mg/jour), Linaclotide (290 mcg/jour), Pl&eacute;canatide (3 mg/jour), T&eacute;napanor (50 mg/jour)</li>\r\n<li><strong>Antispasmodiques:</strong> Hyoscyamine (0,125 mg, 3 fois par jour)</li>\r\n<li><strong>Antidiarrh&eacute;iques:</strong> Lop&eacute;ramide (2 mg, 1 fois par jour)</li>\r\n<li><strong>Antibiotique:</strong> Rifaximine (550 mg, 3 fois par jour)</li>\r\n</ul>\r\n<p><strong>Conseils:</strong></p>\r\n<ul>\r\n<li>Tenir un journal de son alimentation pour identifier les aliments d&eacute;clencheurs.</li>\r\n<li>Limiter les aliments riches en fibres et en mati&egrave;res grasses.</li>\r\n<li>Augmenter l\'apport en eau pour &eacute;viter la constipation.</li>\r\n<li>R&eacute;duire les crudit&eacute;s et les aliments favorisant la production de gaz intestinaux.</li>\r\n<li>&Eacute;viter les sucreries contenant du sorbitol en p&eacute;riode de diarrh&eacute;e.</li>\r\n<li>Pratiquer une activit&eacute; physique r&eacute;guli&egrave;re pour maintenir le fonctionnement normal du tube digestif.</li>\r\n</ul>', 250, '37', 2500.00, NULL, 25, 71, 61, 'xbSSn', '2024-10-19 18:43:00', '2024-10-19 18:43:00'),
(14, '<p>Colon irritable</p>', NULL, '<p><strong>Diagnostic:</strong> Colon irritable</p>\r\n<p><strong>M&eacute;dicaments &amp; Posologies:</strong></p>\r\n<ul>\r\n<li><strong>Laxatifs:</strong> Lubiprostone (24 mg/jour), Linaclotide (290 mcg/jour), Pl&eacute;canatide (3 mg/jour), T&eacute;napanor (50 mg/jour)</li>\r\n<li><strong>Antispasmodiques:</strong> Hyoscyamine (0,125 mg, 3 fois par jour)</li>\r\n<li><strong>Antidiarrh&eacute;iques:</strong> Lop&eacute;ramide (2 mg, 1 fois par jour)</li>\r\n<li><strong>Antibiotique:</strong> Rifaximine (550 mg, 3 fois par jour)</li>\r\n</ul>\r\n<p><strong>Conseils:</strong></p>\r\n<ul>\r\n<li>Tenir un journal de son alimentation pour identifier les aliments d&eacute;clencheurs.</li>\r\n<li>Limiter les aliments riches en fibres et en mati&egrave;res grasses.</li>\r\n<li>Augmenter l\'apport en eau pour &eacute;viter la constipation.</li>\r\n<li>R&eacute;duire les crudit&eacute;s et les aliments favorisant la production de gaz intestinaux.</li>\r\n<li>&Eacute;viter les sucreries contenant du sorbitol en p&eacute;riode de diarrh&eacute;e.</li>\r\n<li>Pratiquer une activit&eacute; physique r&eacute;guli&egrave;re pour maintenir le fonctionnement normal du tube digestif.</li>\r\n</ul>', 250, '37', 2500.00, NULL, 25, 71, 61, 'NJ8H5', '2024-10-19 18:44:03', '2024-10-19 18:44:03'),
(15, '<p>Colon irritable</p>', NULL, '<p><strong>Diagnostic:</strong> Colon irritable</p>\r\n<p><strong>M&eacute;dicaments &amp; Posologies:</strong></p>\r\n<ul>\r\n<li><strong>Laxatifs:</strong> Lubiprostone (24 mg/jour), Linaclotide (290 mcg/jour), Pl&eacute;canatide (3 mg/jour), T&eacute;napanor (50 mg/jour)</li>\r\n<li><strong>Antispasmodiques:</strong> Hyoscyamine (0,125 mg, 3 fois par jour)</li>\r\n<li><strong>Antidiarrh&eacute;iques:</strong> Lop&eacute;ramide (2 mg, 1 fois par jour)</li>\r\n<li><strong>Antibiotique:</strong> Rifaximine (550 mg, 3 fois par jour)</li>\r\n</ul>\r\n<p><strong>Conseils:</strong></p>\r\n<ul>\r\n<li>Tenir un journal de son alimentation pour identifier les aliments d&eacute;clencheurs.</li>\r\n<li>Limiter les aliments riches en fibres et en mati&egrave;res grasses.</li>\r\n<li>Augmenter l\'apport en eau pour &eacute;viter la constipation.</li>\r\n<li>R&eacute;duire les crudit&eacute;s et les aliments favorisant la production de gaz intestinaux.</li>\r\n<li>&Eacute;viter les sucreries contenant du sorbitol en p&eacute;riode de diarrh&eacute;e.</li>\r\n<li>Pratiquer une activit&eacute; physique r&eacute;guli&egrave;re pour maintenir le fonctionnement normal du tube digestif.</li>\r\n</ul>', 250, '37', 2500.00, NULL, 25, 71, 61, 'wRnA8', '2024-10-19 18:45:16', '2024-10-19 18:45:16'),
(16, '<p>Colon irritable</p>', NULL, '<p><strong>Diagnostic:</strong> Colon irritable</p>\r\n<p><strong>M&eacute;dicaments &amp; Posologies:</strong></p>\r\n<ul>\r\n<li><strong>Laxatifs:</strong> Lubiprostone (24 mg/jour), Linaclotide (290 mcg/jour), Pl&eacute;canatide (3 mg/jour), T&eacute;napanor (50 mg/jour)</li>\r\n<li><strong>Antispasmodiques:</strong> Hyoscyamine (0,125 mg, 3 fois par jour)</li>\r\n<li><strong>Antidiarrh&eacute;iques:</strong> Lop&eacute;ramide (2 mg, 1 fois par jour)</li>\r\n<li><strong>Antibiotique:</strong> Rifaximine (550 mg, 3 fois par jour)</li>\r\n</ul>\r\n<p><strong>Conseils:</strong></p>\r\n<ul>\r\n<li>Tenir un journal de son alimentation pour identifier les aliments d&eacute;clencheurs.</li>\r\n<li>Limiter les aliments riches en fibres et en mati&egrave;res grasses.</li>\r\n<li>Augmenter l\'apport en eau pour &eacute;viter la constipation.</li>\r\n<li>R&eacute;duire les crudit&eacute;s et les aliments favorisant la production de gaz intestinaux.</li>\r\n<li>&Eacute;viter les sucreries contenant du sorbitol en p&eacute;riode de diarrh&eacute;e.</li>\r\n<li>Pratiquer une activit&eacute; physique r&eacute;guli&egrave;re pour maintenir le fonctionnement normal du tube digestif.</li>\r\n</ul>', 250, '37', 2500.00, NULL, 25, 71, 61, 'zujbG', '2024-10-19 18:45:51', '2024-10-19 18:45:51'),
(17, '<p>Colon irritable</p>', NULL, '<p><strong>Diagnostic:</strong> Colon irritable</p>\r\n<p><strong>M&eacute;dicaments &amp; Posologies:</strong></p>\r\n<ul>\r\n<li><strong>Laxatifs:</strong> Lubiprostone (24 mg/jour), Linaclotide (290 mcg/jour), Pl&eacute;canatide (3 mg/jour), T&eacute;napanor (50 mg/jour)</li>\r\n<li><strong>Antispasmodiques:</strong> Hyoscyamine (0,125 mg, 3 fois par jour)</li>\r\n<li><strong>Antidiarrh&eacute;iques:</strong> Lop&eacute;ramide (2 mg, 1 fois par jour)</li>\r\n<li><strong>Antibiotique:</strong> Rifaximine (550 mg, 3 fois par jour)</li>\r\n</ul>\r\n<p><strong>Conseils:</strong></p>\r\n<ul>\r\n<li>Tenir un journal de son alimentation pour identifier les aliments d&eacute;clencheurs.</li>\r\n<li>Limiter les aliments riches en fibres et en mati&egrave;res grasses.</li>\r\n<li>Augmenter l\'apport en eau pour &eacute;viter la constipation.</li>\r\n<li>R&eacute;duire les crudit&eacute;s et les aliments favorisant la production de gaz intestinaux.</li>\r\n<li>&Eacute;viter les sucreries contenant du sorbitol en p&eacute;riode de diarrh&eacute;e.</li>\r\n<li>Pratiquer une activit&eacute; physique r&eacute;guli&egrave;re pour maintenir le fonctionnement normal du tube digestif.</li>\r\n</ul>', 250, '37', 2500.00, NULL, 25, 71, 61, 'CYEGp', '2024-10-19 18:46:18', '2024-10-19 18:46:18'),
(18, '<p>Colon irritable</p>', NULL, '<p><strong>Diagnostic:</strong> Colon irritable</p>\r\n<p><strong>M&eacute;dicaments &amp; Posologies:</strong></p>\r\n<ul>\r\n<li><strong>Laxatifs:</strong> Lubiprostone (24 mg/jour), Linaclotide (290 mcg/jour), Pl&eacute;canatide (3 mg/jour), T&eacute;napanor (50 mg/jour)</li>\r\n<li><strong>Antispasmodiques:</strong> Hyoscyamine (0,125 mg, 3 fois par jour)</li>\r\n<li><strong>Antidiarrh&eacute;iques:</strong> Lop&eacute;ramide (2 mg, 1 fois par jour)</li>\r\n<li><strong>Antibiotique:</strong> Rifaximine (550 mg, 3 fois par jour)</li>\r\n</ul>\r\n<p><strong>Conseils:</strong></p>\r\n<ul>\r\n<li>Tenir un journal de son alimentation pour identifier les aliments d&eacute;clencheurs.</li>\r\n<li>Limiter les aliments riches en fibres et en mati&egrave;res grasses.</li>\r\n<li>Augmenter l\'apport en eau pour &eacute;viter la constipation.</li>\r\n<li>R&eacute;duire les crudit&eacute;s et les aliments favorisant la production de gaz intestinaux.</li>\r\n<li>&Eacute;viter les sucreries contenant du sorbitol en p&eacute;riode de diarrh&eacute;e.</li>\r\n<li>Pratiquer une activit&eacute; physique r&eacute;guli&egrave;re pour maintenir le fonctionnement normal du tube digestif.</li>\r\n</ul>', 250, '37', 2500.00, NULL, 25, 71, 61, 'CAIat', '2024-10-19 18:50:19', '2024-10-19 18:50:19'),
(22, '<p>Colon irritable</p>', NULL, '<p><strong>Diagnostic:</strong> Colon irritable</p>\r\n<p><strong>M&eacute;dicaments &amp; Posologies:</strong></p>\r\n<ul>\r\n<li><strong>Antispasmodiques:</strong> Pour soulager les douleurs abdominales, 1 &agrave; 2 comprim&eacute;s par jour.</li>\r\n<li><strong>Laxatifs (selon besoin):</strong> Pour traiter la constipation, des laxatifs de lest ou osmotiques peuvent &ecirc;tre prescrits temporairement.</li>\r\n<li><strong>Activateurs du canal chlorure:</strong> Pour traiter la constipation, 1 comprim&eacute; par jour.</li>\r\n<li><strong>Antid&eacute;presseurs (si n&eacute;cessaire):</strong> Pour aider &agrave; g&eacute;rer les sympt&ocirc;mes li&eacute;s &agrave; l\'anxi&eacute;t&eacute;, 1 comprim&eacute; par jour.</li>\r\n</ul>\r\n<p><strong>Conseils:</strong></p>\r\n<ul>\r\n<li><strong>Adaptation des habitudes alimentaires:</strong> &Eacute;liminer les aliments qui d&eacute;clenchent ou aggravent les pouss&eacute;es (l&eacute;gumes secs, choux, crudit&eacute;s, etc.).</li>\r\n<li><strong>Journal d\'alimentation:</strong> Identifier les aliments qui contribuent &agrave; d&eacute;clencher les sympt&ocirc;mes.</li>\r\n<li><strong>R&eacute;gime alimentaire:</strong> Limiter la consommation de fibres et de produits d&eacute;riv&eacute;s du lait en cas de diarrh&eacute;e.</li>\r\n<li><strong>Activit&eacute; physique r&eacute;guli&egrave;re:</strong> Pour r&eacute;guler l\'activit&eacute; intestinale et g&eacute;rer le stress.</li>\r\n<li><strong>Techniques de relaxation:</strong> Utiliser la relaxation ou la psychoth&eacute;rapie pour g&eacute;rer le stress et espacer les pouss&eacute;es.</li>\r\n</ul>', 250, '38', 3500.00, NULL, 25, 71, 61, 'kmeZb', '2024-10-21 14:14:17', '2024-10-21 14:14:17'),
(23, '<p>Erection molle</p>', NULL, '<p><strong>Diagnostic:</strong> Erection molle</p>\r\n<p><strong>M&eacute;dicaments &amp; Posologies:</strong></p>\r\n<ul>\r\n<li><strong>Avanafil (SPREDA):</strong> 100 mg, prendre au plus tard entre 20 minutes et une heure avant le rapport sexuel.</li>\r\n<li><strong>Sild&eacute;nafil (VIAGRA et ses g&eacute;n&eacute;riques):</strong> 50 mg, prendre au plus tard entre 20 minutes et une heure avant le rapport sexuel.</li>\r\n<li><strong>Tadalafil (CIALIS et ses g&eacute;n&eacute;riques):</strong> 10 mg, prendre au plus tard entre 20 minutes et une heure avant le rapport sexuel.</li>\r\n<li><strong>Vard&eacute;nafil (LEVITRA et ses g&eacute;n&eacute;riques):</strong> 20 mg, prendre au plus tard entre 20 minutes et une heure avant le rapport sexuel.</li>\r\n</ul>\r\n<p><strong>Conseils:</strong></p>\r\n<ul>\r\n<li>Ces m&eacute;dicaments ne fonctionnent qu&rsquo;en pr&eacute;sence d&rsquo;excitation sexuelle.</li>\r\n<li>Ils ne sont pas rembours&eacute;s par l&rsquo;Assurance maladie.</li>\r\n<li>Utiliser des pr&eacute;servatifs pour pr&eacute;venir les irritations vaginales.</li>\r\n<li>Ne pas utiliser plus de 2 &agrave; 3 fois par semaine et pas plus d&rsquo;une fois par 24 heures pour les traitements en cr&egrave;me.</li>\r\n<li>Respecter la posologie prescrite par le m&eacute;decin pour &eacute;viter les effets ind&eacute;sirables.</li>\r\n</ul>', 250, '39', 3500.00, NULL, 27, 82, 66, '6GVD3', '2024-11-05 16:19:38', '2024-11-05 16:19:38');

-- --------------------------------------------------------

--
-- Structure de la table `troubles`
--

CREATE TABLE `troubles` (
  `id` bigint(20) UNSIGNED NOT NULL,
  `name` varchar(255) NOT NULL,
  `seriousness` varchar(255) DEFAULT NULL,
  `created_at` timestamp NULL DEFAULT NULL,
  `updated_at` timestamp NULL DEFAULT NULL,
  `company_id` bigint(20) UNSIGNED DEFAULT NULL,
  `custom_id` varchar(255) DEFAULT NULL
) ENGINE=InnoDB DEFAULT CHARSET=utf8mb4 COLLATE=utf8mb4_unicode_ci;

--
-- Déchargement des données de la table `troubles`
--

INSERT INTO `troubles` (`id`, `name`, `seriousness`, `created_at`, `updated_at`, `company_id`, `custom_id`) VALUES
(1, 'Paludisme', NULL, '2023-11-03 18:42:19', '2023-11-03 18:42:19', NULL, 'BArip'),
(2, 'Maladie coronarienne', NULL, '2023-11-03 18:42:19', '2023-11-03 18:42:19', NULL, 'Gcp4j'),
(3, 'Hypertension artérielle', NULL, '2023-11-03 18:42:19', '2023-11-03 18:42:19', NULL, 'QYytS'),
(4, 'Insuffisance cardiaque', NULL, '2023-11-03 18:42:19', '2023-11-03 18:42:19', NULL, 'G9EZb'),
(5, 'Arythmie cardiaque', NULL, '2023-11-03 18:42:19', '2023-11-03 18:42:19', NULL, 'dMQKw'),
(6, 'Asthme', NULL, '2023-11-03 18:42:19', '2023-11-03 18:42:19', NULL, 'DDMP6'),
(7, 'Bronchite chronique', NULL, '2023-11-03 18:42:19', '2023-11-03 18:42:19', NULL, '3OnFq'),
(8, 'Pneumonie', NULL, '2023-11-03 18:42:19', '2023-11-03 18:42:19', NULL, 'tExz7'),
(9, 'MPOC (Maladie pulmonaire obstructive chronique)', NULL, '2023-11-03 18:42:19', '2023-11-03 18:42:19', NULL, 'Q6RG7'),
(10, 'Grippe', NULL, '2023-11-03 18:42:19', '2023-11-03 18:42:19', NULL, '5Vxvz'),
(11, 'Rhume', NULL, '2023-11-03 18:42:19', '2023-11-03 18:42:19', NULL, 'qOlGK'),
(12, 'COVID-19', NULL, '2023-11-03 18:42:19', '2023-11-03 18:42:19', NULL, '2MKh2'),
(13, 'VIH/SIDA', NULL, '2023-11-03 18:42:19', '2023-11-03 18:42:19', NULL, 'tYX3R'),
(14, 'Tuberculose', NULL, '2023-11-03 18:42:19', '2023-11-03 18:42:19', NULL, 'NW3Bu'),
(15, 'Gonococcie', NULL, '2023-11-03 18:42:19', '2023-11-03 18:42:19', NULL, 'AEbmf'),
(16, 'Céphalée de tension', NULL, '2023-11-03 18:42:19', '2023-11-03 18:42:19', NULL, 'BdXqB'),
(17, 'Hépatite A', NULL, '2023-11-03 18:42:19', '2023-11-03 18:42:19', NULL, '6ibJe'),
(18, 'Hépatite B', NULL, '2023-11-03 18:42:19', '2023-11-03 18:42:19', NULL, 'COnfe'),
(19, 'Hépatite C', NULL, '2023-11-03 18:42:19', '2023-11-03 18:42:19', NULL, 'ebOTy'),
(20, 'Maladie d\'Alzheimer', NULL, '2023-11-03 18:42:19', '2023-11-03 18:42:19', NULL, 'VRlhC'),
(21, 'Maladie de Parkinson', NULL, '2023-11-03 18:42:19', '2023-11-03 18:42:19', NULL, 'gQqQ5'),
(22, 'AVC (Accident vasculaire cérébral)', NULL, '2023-11-03 18:42:19', '2023-11-03 18:42:19', NULL, 'TkXUw'),
(23, 'Épilepsie', NULL, '2023-11-03 18:42:19', '2023-11-03 18:42:19', NULL, 'rwK2q'),
(24, 'Sclérose en plaques', NULL, '2023-11-03 18:42:19', '2023-11-03 18:42:19', NULL, 'pg902'),
(25, 'Reflux gastro-œsophagien (RGO)', NULL, '2023-11-03 18:42:19', '2023-11-03 18:42:19', NULL, 'ZlxdE'),
(26, 'Colite ulcéreuse', NULL, '2023-11-03 18:42:19', '2023-11-03 18:42:19', NULL, 'faUbN'),
(27, 'Maladie de Crohn', NULL, '2023-11-03 18:42:19', '2023-11-03 18:42:19', NULL, '6OwZ2'),
(28, 'Pancréatite', NULL, '2023-11-03 18:42:19', '2023-11-03 18:42:19', NULL, '0k4oA'),
(29, 'Prostatite', NULL, '2023-11-03 18:42:19', '2023-11-03 18:42:19', NULL, 'panCA'),
(30, 'Diabète de type 1', NULL, '2023-11-03 18:42:19', '2023-11-03 18:42:19', NULL, '7xDKs'),
(31, 'Diabète de type 2', NULL, '2023-11-03 18:42:19', '2023-11-03 18:42:19', NULL, '9A7JW'),
(32, 'Hypothyroïdie', NULL, '2023-11-03 18:42:19', '2023-11-03 18:42:19', NULL, 'Mrprg'),
(33, 'Hyperthyroïdie', NULL, '2023-11-03 18:42:19', '2023-11-03 18:42:19', NULL, 'msfqn'),
(34, 'Syndrome métabolique', NULL, '2023-11-03 18:42:19', '2023-11-03 18:42:19', NULL, 'SoDBR'),
(35, 'Eczéma', NULL, '2023-11-03 18:42:19', '2023-11-03 18:42:19', NULL, 'NBhQe'),
(36, 'Psoriasis', NULL, '2023-11-03 18:42:19', '2023-11-03 18:42:19', NULL, 'dfCIz'),
(37, 'Acné', NULL, '2023-11-03 18:42:19', '2023-11-03 18:42:19', NULL, 'Q6f0m'),
(38, 'Dermatite', NULL, '2023-11-03 18:42:19', '2023-11-03 18:42:19', NULL, 'YPO9N'),
(39, 'Leucémie', NULL, '2023-11-03 18:42:19', '2023-11-03 18:42:19', NULL, '80yWx'),
(40, 'Anémie', NULL, '2023-11-03 18:42:19', '2023-11-03 18:42:19', NULL, 'nR8Ex'),
(41, 'Lymphome', NULL, '2023-11-03 18:42:19', '2023-11-03 18:42:19', NULL, '9pVQW'),
(42, 'Thrombose', NULL, '2023-11-03 18:42:19', '2023-11-03 18:42:19', NULL, 'd3YmU'),
(43, 'Syndrome de Down', NULL, '2023-11-03 18:42:19', '2023-11-03 18:42:19', NULL, 'PHMz5'),
(44, 'Fibrose kystique', NULL, '2023-11-03 18:42:19', '2023-11-03 18:42:19', NULL, 'IrMHx'),
(45, 'Hémophilie', NULL, '2023-11-03 18:42:19', '2023-11-03 18:42:19', NULL, 'iC4yM'),
(46, 'Dystrophie musculaire', NULL, '2023-11-03 18:42:19', '2023-11-03 18:42:19', NULL, '8fkeQ'),
(47, 'Drépanocytose', NULL, '2023-11-03 18:42:19', '2023-11-03 18:42:19', NULL, 'SDdTd'),
(48, 'Cancer du sein', NULL, '2023-11-03 18:42:19', '2023-11-03 18:42:19', NULL, 'uoMPX'),
(49, 'Cancer du poumon', NULL, '2023-11-03 18:42:19', '2023-11-03 18:42:19', NULL, 'omcFf'),
(50, 'Cancer de la prostate', NULL, '2023-11-03 18:42:19', '2023-11-03 18:42:19', NULL, 'NnxvV'),
(51, 'Cancer du côlon', NULL, '2023-11-03 18:42:19', '2023-11-03 18:42:19', NULL, 'HFnG0'),
(52, 'Cancer du pancréas', NULL, '2023-11-03 18:42:19', '2023-11-03 18:42:19', NULL, 'ARg7j'),
(53, 'Cancer du foie', NULL, '2023-11-03 18:42:19', '2023-11-03 18:42:19', NULL, 'LU2co'),
(54, 'Cancer de la bile', NULL, '2023-11-03 18:42:19', '2023-11-03 18:42:19', NULL, 'LOaWH');

-- --------------------------------------------------------

--
-- Structure de la table `typeconsultations`
--

CREATE TABLE `typeconsultations` (
  `id` bigint(20) UNSIGNED NOT NULL,
  `name` varchar(255) NOT NULL,
  `created_at` timestamp NULL DEFAULT NULL,
  `updated_at` timestamp NULL DEFAULT NULL,
  `company_id` bigint(20) UNSIGNED DEFAULT NULL,
  `custom_id` varchar(255) DEFAULT NULL
) ENGINE=InnoDB DEFAULT CHARSET=utf8mb4 COLLATE=utf8mb4_unicode_ci;

-- --------------------------------------------------------

--
-- Structure de la table `typeinterventions`
--

CREATE TABLE `typeinterventions` (
  `id` bigint(20) UNSIGNED NOT NULL,
  `name` varchar(255) NOT NULL,
  `created_at` timestamp NULL DEFAULT NULL,
  `updated_at` timestamp NULL DEFAULT NULL,
  `company_id` bigint(20) UNSIGNED DEFAULT NULL,
  `custom_id` varchar(255) DEFAULT NULL
) ENGINE=InnoDB DEFAULT CHARSET=utf8mb4 COLLATE=utf8mb4_unicode_ci;

--
-- Déchargement des données de la table `typeinterventions`
--

INSERT INTO `typeinterventions` (`id`, `name`, `created_at`, `updated_at`, `company_id`, `custom_id`) VALUES
(1, 'Hospitalisation médicale générale', '2023-11-03 18:42:19', '2023-11-03 18:42:19', NULL, 'Bfkak'),
(2, 'Hospitalisation chirurgicale', '2023-11-03 18:42:19', '2023-11-03 18:42:19', NULL, 'JqhUb'),
(3, 'Soins obstétricaux', '2023-11-03 18:42:19', '2023-11-03 18:42:19', NULL, 'pqQ02'),
(4, 'Soins pédiatriques', '2023-11-03 18:42:19', '2023-11-03 18:42:19', NULL, 'ETp6y'),
(5, 'Soins en oncologie', '2023-11-03 18:42:19', '2023-11-03 18:42:19', NULL, 'intyo'),
(6, 'Soins en cardiologie', '2023-11-03 18:42:19', '2023-11-03 18:42:19', NULL, 'WaN9k'),
(7, 'Soins en traumatologie', '2023-11-03 18:42:19', '2023-11-03 18:42:19', NULL, 'gfZa4'),
(8, 'Soins en soins intensifs', '2023-11-03 18:42:19', '2023-11-03 18:42:19', NULL, 'Lm1NG'),
(9, 'Soins en psychiatrie', '2023-11-03 18:42:19', '2023-11-03 18:42:19', NULL, 'vmqhb'),
(10, 'Soins en réadaptation', '2023-11-03 18:42:19', '2023-11-03 18:42:19', NULL, '9471I');

-- --------------------------------------------------------

--
-- Structure de la table `verdicts`
--

CREATE TABLE `verdicts` (
  `id` bigint(20) UNSIGNED NOT NULL,
  `name` varchar(255) NOT NULL,
  `created_at` timestamp NULL DEFAULT NULL,
  `updated_at` timestamp NULL DEFAULT NULL,
  `company_id` bigint(20) UNSIGNED DEFAULT NULL,
  `custom_id` varchar(255) DEFAULT NULL
) ENGINE=InnoDB DEFAULT CHARSET=utf8mb4 COLLATE=utf8mb4_unicode_ci;

--
-- Déchargement des données de la table `verdicts`
--

INSERT INTO `verdicts` (`id`, `name`, `created_at`, `updated_at`, `company_id`, `custom_id`) VALUES
(1, 'Guéri', '2021-01-09 15:47:58', '2021-01-09 15:47:58', NULL, 'XDclE'),
(2, 'Terminal', '2021-01-09 15:48:14', '2021-01-09 15:48:14', NULL, 'ziHyR'),
(3, 'Coma', '2021-01-09 15:48:48', '2021-01-09 15:48:48', NULL, 'I42zw'),
(4, 'Décédé', '2021-01-09 15:48:57', '2021-01-09 15:48:57', NULL, 'RVgWP'),
(5, 'Mauvais état', '2021-12-17 14:53:42', '2021-12-17 14:53:42', NULL, 'cGvRH'),
(6, 'Malade', '2021-12-17 14:53:52', '2021-12-17 14:53:52', NULL, 'uj2dj');

--
-- Index pour les tables déchargées
--

--
-- Index pour la table `analyses`
--
ALTER TABLE `analyses`
  ADD PRIMARY KEY (`id`);

--
-- Index pour la table `cares`
--
ALTER TABLE `cares`
  ADD PRIMARY KEY (`id`),
  ADD KEY `cares_company_id_foreign` (`company_id`);

--
-- Index pour la table `commands`
--
ALTER TABLE `commands`
  ADD PRIMARY KEY (`id`),
  ADD KEY `commands_company_id_foreign` (`company_id`);

--
-- Index pour la table `companies`
--
ALTER TABLE `companies`
  ADD PRIMARY KEY (`id`),
  ADD KEY `companies_subscriber_id_foreign` (`subscriber_id`);

--
-- Index pour la table `consultations`
--
ALTER TABLE `consultations`
  ADD PRIMARY KEY (`id`),
  ADD KEY `consultations_company_id_foreign` (`company_id`);

--
-- Index pour la table `departments`
--
ALTER TABLE `departments`
  ADD PRIMARY KEY (`id`),
  ADD KEY `departments_company_id_foreign` (`company_id`);

--
-- Index pour la table `failed_jobs`
--
ALTER TABLE `failed_jobs`
  ADD PRIMARY KEY (`id`),
  ADD UNIQUE KEY `failed_jobs_uuid_unique` (`uuid`);

--
-- Index pour la table `groups`
--
ALTER TABLE `groups`
  ADD PRIMARY KEY (`id`),
  ADD KEY `groups_company_id_foreign` (`company_id`);

--
-- Index pour la table `interventionanalyses`
--
ALTER TABLE `interventionanalyses`
  ADD PRIMARY KEY (`id`);

--
-- Index pour la table `interventioncares`
--
ALTER TABLE `interventioncares`
  ADD PRIMARY KEY (`id`),
  ADD KEY `interventioncares_company_id_foreign` (`company_id`);

--
-- Index pour la table `interventions`
--
ALTER TABLE `interventions`
  ADD PRIMARY KEY (`id`),
  ADD KEY `interventions_company_id_foreign` (`company_id`);

--
-- Index pour la table `invoices`
--
ALTER TABLE `invoices`
  ADD PRIMARY KEY (`id`),
  ADD KEY `invoices_company_id_foreign` (`company_id`);

--
-- Index pour la table `logs`
--
ALTER TABLE `logs`
  ADD PRIMARY KEY (`id`),
  ADD KEY `logs_company_id_foreign` (`company_id`);

--
-- Index pour la table `migrations`
--
ALTER TABLE `migrations`
  ADD PRIMARY KEY (`id`);

--
-- Index pour la table `notifications`
--
ALTER TABLE `notifications`
  ADD PRIMARY KEY (`id`),
  ADD KEY `notifications_company_id_foreign` (`company_id`);

--
-- Index pour la table `patients`
--
ALTER TABLE `patients`
  ADD PRIMARY KEY (`id`),
  ADD KEY `patients_company_id_foreign` (`company_id`);

--
-- Index pour la table `products`
--
ALTER TABLE `products`
  ADD PRIMARY KEY (`id`),
  ADD KEY `products_company_id_foreign` (`company_id`);

--
-- Index pour la table `rdvs`
--
ALTER TABLE `rdvs`
  ADD PRIMARY KEY (`id`),
  ADD KEY `rdvs_company_id_foreign` (`company_id`);

--
-- Index pour la table `rooms`
--
ALTER TABLE `rooms`
  ADD PRIMARY KEY (`id`),
  ADD KEY `rooms_company_id_foreign` (`company_id`);

--
-- Index pour la table `sales`
--
ALTER TABLE `sales`
  ADD PRIMARY KEY (`id`),
  ADD KEY `sales_company_id_foreign` (`company_id`);

--
-- Index pour la table `specialties`
--
ALTER TABLE `specialties`
  ADD PRIMARY KEY (`id`),
  ADD KEY `specialties_company_id_foreign` (`company_id`);

--
-- Index pour la table `status`
--
ALTER TABLE `status`
  ADD PRIMARY KEY (`id`),
  ADD KEY `status_company_id_foreign` (`company_id`);

--
-- Index pour la table `subscriptions`
--
ALTER TABLE `subscriptions`
  ADD PRIMARY KEY (`id`);

--
-- Index pour la table `subscription_invoices`
--
ALTER TABLE `subscription_invoices`
  ADD PRIMARY KEY (`id`),
  ADD KEY `subscription_invoices_company_id_foreign` (`company_id`),
  ADD KEY `subscription_invoices_subscription_id_foreign` (`subscription_id`);

--
-- Index pour la table `teleconsultations`
--
ALTER TABLE `teleconsultations`
  ADD PRIMARY KEY (`id`);

--
-- Index pour la table `troubles`
--
ALTER TABLE `troubles`
  ADD PRIMARY KEY (`id`),
  ADD KEY `troubles_company_id_foreign` (`company_id`);

--
-- Index pour la table `typeconsultations`
--
ALTER TABLE `typeconsultations`
  ADD PRIMARY KEY (`id`),
  ADD KEY `typeconsultations_company_id_foreign` (`company_id`);

--
-- Index pour la table `typeinterventions`
--
ALTER TABLE `typeinterventions`
  ADD PRIMARY KEY (`id`),
  ADD KEY `typeinterventions_company_id_foreign` (`company_id`);

--
-- Index pour la table `verdicts`
--
ALTER TABLE `verdicts`
  ADD PRIMARY KEY (`id`),
  ADD KEY `verdicts_company_id_foreign` (`company_id`);

--
-- AUTO_INCREMENT pour les tables déchargées
--

--
-- AUTO_INCREMENT pour la table `analyses`
--
ALTER TABLE `analyses`
  MODIFY `id` bigint(20) UNSIGNED NOT NULL AUTO_INCREMENT, AUTO_INCREMENT=36;

--
-- AUTO_INCREMENT pour la table `cares`
--
ALTER TABLE `cares`
  MODIFY `id` bigint(20) UNSIGNED NOT NULL AUTO_INCREMENT, AUTO_INCREMENT=1139;

--
-- AUTO_INCREMENT pour la table `commands`
--
ALTER TABLE `commands`
  MODIFY `id` bigint(20) UNSIGNED NOT NULL AUTO_INCREMENT, AUTO_INCREMENT=56;

--
-- AUTO_INCREMENT pour la table `companies`
--
ALTER TABLE `companies`
  MODIFY `id` bigint(20) UNSIGNED NOT NULL AUTO_INCREMENT, AUTO_INCREMENT=68;

--
-- AUTO_INCREMENT pour la table `consultations`
--
ALTER TABLE `consultations`
  MODIFY `id` bigint(20) UNSIGNED NOT NULL AUTO_INCREMENT, AUTO_INCREMENT=15;

--
-- AUTO_INCREMENT pour la table `departments`
--
ALTER TABLE `departments`
  MODIFY `id` bigint(20) UNSIGNED NOT NULL AUTO_INCREMENT, AUTO_INCREMENT=20;

--
-- AUTO_INCREMENT pour la table `failed_jobs`
--
ALTER TABLE `failed_jobs`
  MODIFY `id` bigint(20) UNSIGNED NOT NULL AUTO_INCREMENT;

--
-- AUTO_INCREMENT pour la table `groups`
--
ALTER TABLE `groups`
  MODIFY `id` bigint(20) UNSIGNED NOT NULL AUTO_INCREMENT, AUTO_INCREMENT=9;

--
-- AUTO_INCREMENT pour la table `interventionanalyses`
--
ALTER TABLE `interventionanalyses`
  MODIFY `id` bigint(20) UNSIGNED NOT NULL AUTO_INCREMENT, AUTO_INCREMENT=5;

--
-- AUTO_INCREMENT pour la table `interventioncares`
--
ALTER TABLE `interventioncares`
  MODIFY `id` bigint(20) UNSIGNED NOT NULL AUTO_INCREMENT, AUTO_INCREMENT=121;

--
-- AUTO_INCREMENT pour la table `interventions`
--
ALTER TABLE `interventions`
  MODIFY `id` bigint(20) UNSIGNED NOT NULL AUTO_INCREMENT, AUTO_INCREMENT=32;

--
-- AUTO_INCREMENT pour la table `invoices`
--
ALTER TABLE `invoices`
  MODIFY `id` bigint(20) UNSIGNED NOT NULL AUTO_INCREMENT, AUTO_INCREMENT=70;

--
-- AUTO_INCREMENT pour la table `logs`
--
ALTER TABLE `logs`
  MODIFY `id` bigint(20) UNSIGNED NOT NULL AUTO_INCREMENT;

--
-- AUTO_INCREMENT pour la table `migrations`
--
ALTER TABLE `migrations`
  MODIFY `id` int(10) UNSIGNED NOT NULL AUTO_INCREMENT, AUTO_INCREMENT=134;

--
-- AUTO_INCREMENT pour la table `notifications`
--
ALTER TABLE `notifications`
  MODIFY `id` bigint(20) UNSIGNED NOT NULL AUTO_INCREMENT;

--
-- AUTO_INCREMENT pour la table `patients`
--
ALTER TABLE `patients`
  MODIFY `id` bigint(20) UNSIGNED NOT NULL AUTO_INCREMENT, AUTO_INCREMENT=29;

--
-- AUTO_INCREMENT pour la table `products`
--
ALTER TABLE `products`
  MODIFY `id` bigint(20) UNSIGNED NOT NULL AUTO_INCREMENT, AUTO_INCREMENT=32;

--
-- AUTO_INCREMENT pour la table `rdvs`
--
ALTER TABLE `rdvs`
  MODIFY `id` bigint(20) UNSIGNED NOT NULL AUTO_INCREMENT, AUTO_INCREMENT=8;

--
-- AUTO_INCREMENT pour la table `rooms`
--
ALTER TABLE `rooms`
  MODIFY `id` bigint(20) UNSIGNED NOT NULL AUTO_INCREMENT, AUTO_INCREMENT=36;

--
-- AUTO_INCREMENT pour la table `sales`
--
ALTER TABLE `sales`
  MODIFY `id` bigint(20) UNSIGNED NOT NULL AUTO_INCREMENT, AUTO_INCREMENT=30;

--
-- AUTO_INCREMENT pour la table `specialties`
--
ALTER TABLE `specialties`
  MODIFY `id` bigint(20) UNSIGNED NOT NULL AUTO_INCREMENT, AUTO_INCREMENT=36;

--
-- AUTO_INCREMENT pour la table `status`
--
ALTER TABLE `status`
  MODIFY `id` bigint(20) UNSIGNED NOT NULL AUTO_INCREMENT, AUTO_INCREMENT=9;

--
-- AUTO_INCREMENT pour la table `subscriptions`
--
ALTER TABLE `subscriptions`
  MODIFY `id` bigint(20) UNSIGNED NOT NULL AUTO_INCREMENT, AUTO_INCREMENT=4;

--
-- AUTO_INCREMENT pour la table `subscription_invoices`
--
ALTER TABLE `subscription_invoices`
  MODIFY `id` bigint(20) UNSIGNED NOT NULL AUTO_INCREMENT, AUTO_INCREMENT=48;

--
-- AUTO_INCREMENT pour la table `teleconsultations`
--
ALTER TABLE `teleconsultations`
  MODIFY `id` bigint(20) UNSIGNED NOT NULL AUTO_INCREMENT, AUTO_INCREMENT=24;

--
-- AUTO_INCREMENT pour la table `troubles`
--
ALTER TABLE `troubles`
  MODIFY `id` bigint(20) UNSIGNED NOT NULL AUTO_INCREMENT, AUTO_INCREMENT=55;

--
-- AUTO_INCREMENT pour la table `typeconsultations`
--
ALTER TABLE `typeconsultations`
  MODIFY `id` bigint(20) UNSIGNED NOT NULL AUTO_INCREMENT;

--
-- AUTO_INCREMENT pour la table `typeinterventions`
--
ALTER TABLE `typeinterventions`
  MODIFY `id` bigint(20) UNSIGNED NOT NULL AUTO_INCREMENT, AUTO_INCREMENT=11;

--
-- AUTO_INCREMENT pour la table `verdicts`
--
ALTER TABLE `verdicts`
  MODIFY `id` bigint(20) UNSIGNED NOT NULL AUTO_INCREMENT, AUTO_INCREMENT=7;

--
-- Contraintes pour les tables déchargées
--

--
-- Contraintes pour la table `cares`
--
ALTER TABLE `cares`
  ADD CONSTRAINT `cares_company_id_foreign` FOREIGN KEY (`company_id`) REFERENCES `companies` (`id`) ON DELETE CASCADE;

--
-- Contraintes pour la table `commands`
--
ALTER TABLE `commands`
  ADD CONSTRAINT `commands_company_id_foreign` FOREIGN KEY (`company_id`) REFERENCES `companies` (`id`) ON DELETE CASCADE;

--
-- Contraintes pour la table `companies`
--
ALTER TABLE `companies`
  ADD CONSTRAINT `companies_subscriber_id_foreign` FOREIGN KEY (`subscriber_id`) REFERENCES `users` (`id`) ON DELETE CASCADE;

--
-- Contraintes pour la table `consultations`
--
ALTER TABLE `consultations`
  ADD CONSTRAINT `consultations_company_id_foreign` FOREIGN KEY (`company_id`) REFERENCES `companies` (`id`) ON DELETE CASCADE;

--
-- Contraintes pour la table `departments`
--
ALTER TABLE `departments`
  ADD CONSTRAINT `departments_company_id_foreign` FOREIGN KEY (`company_id`) REFERENCES `companies` (`id`) ON DELETE CASCADE;

--
-- Contraintes pour la table `groups`
--
ALTER TABLE `groups`
  ADD CONSTRAINT `groups_company_id_foreign` FOREIGN KEY (`company_id`) REFERENCES `companies` (`id`) ON DELETE CASCADE;

--
-- Contraintes pour la table `interventioncares`
--
ALTER TABLE `interventioncares`
  ADD CONSTRAINT `interventioncares_company_id_foreign` FOREIGN KEY (`company_id`) REFERENCES `companies` (`id`) ON DELETE CASCADE;

--
-- Contraintes pour la table `interventions`
--
ALTER TABLE `interventions`
  ADD CONSTRAINT `interventions_company_id_foreign` FOREIGN KEY (`company_id`) REFERENCES `companies` (`id`) ON DELETE CASCADE;

--
-- Contraintes pour la table `invoices`
--
ALTER TABLE `invoices`
  ADD CONSTRAINT `invoices_company_id_foreign` FOREIGN KEY (`company_id`) REFERENCES `companies` (`id`) ON DELETE CASCADE;

--
-- Contraintes pour la table `logs`
--
ALTER TABLE `logs`
  ADD CONSTRAINT `logs_company_id_foreign` FOREIGN KEY (`company_id`) REFERENCES `companies` (`id`) ON DELETE CASCADE;

--
-- Contraintes pour la table `notifications`
--
ALTER TABLE `notifications`
  ADD CONSTRAINT `notifications_company_id_foreign` FOREIGN KEY (`company_id`) REFERENCES `companies` (`id`) ON DELETE CASCADE;

--
-- Contraintes pour la table `patients`
--
ALTER TABLE `patients`
  ADD CONSTRAINT `patients_company_id_foreign` FOREIGN KEY (`company_id`) REFERENCES `companies` (`id`) ON DELETE CASCADE;

--
-- Contraintes pour la table `products`
--
ALTER TABLE `products`
  ADD CONSTRAINT `products_company_id_foreign` FOREIGN KEY (`company_id`) REFERENCES `companies` (`id`) ON DELETE CASCADE;

--
-- Contraintes pour la table `rdvs`
--
ALTER TABLE `rdvs`
  ADD CONSTRAINT `rdvs_company_id_foreign` FOREIGN KEY (`company_id`) REFERENCES `companies` (`id`) ON DELETE CASCADE;

--
-- Contraintes pour la table `rooms`
--
ALTER TABLE `rooms`
  ADD CONSTRAINT `rooms_company_id_foreign` FOREIGN KEY (`company_id`) REFERENCES `companies` (`id`) ON DELETE CASCADE;

--
-- Contraintes pour la table `sales`
--
ALTER TABLE `sales`
  ADD CONSTRAINT `sales_company_id_foreign` FOREIGN KEY (`company_id`) REFERENCES `companies` (`id`) ON DELETE CASCADE;

--
-- Contraintes pour la table `specialties`
--
ALTER TABLE `specialties`
  ADD CONSTRAINT `specialties_company_id_foreign` FOREIGN KEY (`company_id`) REFERENCES `companies` (`id`) ON DELETE CASCADE;

--
-- Contraintes pour la table `status`
--
ALTER TABLE `status`
  ADD CONSTRAINT `status_company_id_foreign` FOREIGN KEY (`company_id`) REFERENCES `companies` (`id`) ON DELETE CASCADE;

--
-- Contraintes pour la table `subscription_invoices`
--
ALTER TABLE `subscription_invoices`
  ADD CONSTRAINT `subscription_invoices_company_id_foreign` FOREIGN KEY (`company_id`) REFERENCES `companies` (`id`) ON DELETE CASCADE,
  ADD CONSTRAINT `subscription_invoices_subscription_id_foreign` FOREIGN KEY (`subscription_id`) REFERENCES `subscriptions` (`id`) ON DELETE CASCADE;

--
-- Contraintes pour la table `troubles`
--
ALTER TABLE `troubles`
  ADD CONSTRAINT `troubles_company_id_foreign` FOREIGN KEY (`company_id`) REFERENCES `companies` (`id`) ON DELETE CASCADE;

--
-- Contraintes pour la table `typeconsultations`
--
ALTER TABLE `typeconsultations`
  ADD CONSTRAINT `typeconsultations_company_id_foreign` FOREIGN KEY (`company_id`) REFERENCES `companies` (`id`) ON DELETE CASCADE;

--
-- Contraintes pour la table `typeinterventions`
--
ALTER TABLE `typeinterventions`
  ADD CONSTRAINT `typeinterventions_company_id_foreign` FOREIGN KEY (`company_id`) REFERENCES `companies` (`id`) ON DELETE CASCADE;

--
-- Contraintes pour la table `verdicts`
--
ALTER TABLE `verdicts`
  ADD CONSTRAINT `verdicts_company_id_foreign` FOREIGN KEY (`company_id`) REFERENCES `companies` (`id`) ON DELETE CASCADE;
COMMIT;

